	(1013,'App\\Models\\User',1,'updated','App\\Models\\User',1,'{\"last_login\":\"2023-04-12 08:26:28\"}','{\"last_login\":\"2023-04-13 08:37:12\"}','http://127.0.0.1:8000/login','127.0.0.1','Mozilla/5.0 (Macintosh; Intel Mac OS X 10_15_7) AppleWebKit/537.36 (KHTML, like Gecko) Chrome/112.0.0.0 Safari/537.36',NULL,'2023-04-13 08:37:12','2023-04-13 08:37:12'),
	(1014,NULL,1,'Logged In','Logged In',1,NULL,NULL,'http://127.0.0.1:8000/login','127.0.0.1','Mozilla/5.0 (Macintosh; Intel Mac OS X 10_15_7) AppleWebKit/537.36 (KHTML, like Gecko) Chrome/112.0.0.0 Safari/537.36',NULL,'2023-04-14 10:11:41','2023-04-14 10:11:41'),
	(1015,'App\\Models\\User',1,'updated','App\\Models\\User',1,'{\"password\":\"$2y$10$bMZzNYz5lPie1bk7HtAeJOajr04YL85depLmn2NWSoBH4S.yuUBL2\"}','{\"password\":\"$2y$10$uAh\\/3cOdplA1NYVAcHWTZ.pGx.UgtxjBgsh51lfwAiXlNTte1QkgW\"}','http://127.0.0.1:8000/login','127.0.0.1','Mozilla/5.0 (Macintosh; Intel Mac OS X 10_15_7) AppleWebKit/537.36 (KHTML, like Gecko) Chrome/112.0.0.0 Safari/537.36',NULL,'2023-04-14 10:11:41','2023-04-14 10:11:41'),
	(1016,'App\\Models\\User',1,'updated','App\\Models\\User',1,'{\"last_login\":\"2023-04-13 08:37:12\"}','{\"last_login\":\"2023-04-14 10:11:41\"}','http://127.0.0.1:8000/login','127.0.0.1','Mozilla/5.0 (Macintosh; Intel Mac OS X 10_15_7) AppleWebKit/537.36 (KHTML, like Gecko) Chrome/112.0.0.0 Safari/537.36',NULL,'2023-04-14 10:11:41','2023-04-14 10:11:41'),
	(1017,'App\\Models\\User',1,'created','App\\Models\\Applicant',18,'[]','{\"regID\":\"PALM-20050413-1-001\",\"added_by\":1,\"surnames\":\"Bowman\",\"first_names\":\"Elliott\",\"other_names\":\"Tobias Rojas\",\"dobs\":\"2005-04-13\",\"genders\":\"Male\",\"country_of_births\":\"Ghana\",\"place_of_births\":\"Bono East\",\"nationalities\":\"Ghanaian\",\"upload_passport_pic\":null,\"avatar\":null,\"type\":\"Household\",\"updated_by\":1,\"id\":18}','http://127.0.0.1:8000/beneficiary/beneficiary-registration','127.0.0.1','Mozilla/5.0 (Macintosh; Intel Mac OS X 10_15_7) AppleWebKit/537.36 (KHTML, like Gecko) Chrome/112.0.0.0 Safari/537.36',NULL,'2023-04-14 10:38:49','2023-04-14 10:38:49'),
	(1018,'App\\Models\\User',1,'created','App\\Models\\Applicant',19,'[]','{\"regID\":\"PALM-20050413-1-002\",\"added_by\":1,\"surnames\":\"Bowman\",\"first_names\":\"Elliott\",\"other_names\":\"Tobias Rojas\",\"dobs\":\"2005-04-13\",\"genders\":\"Male\",\"country_of_births\":\"Ghana\",\"place_of_births\":\"Bono East\",\"nationalities\":\"Ghanaian\",\"upload_passport_pic\":null,\"avatar\":null,\"type\":\"Household\",\"updated_by\":1,\"id\":19}','http://127.0.0.1:8000/beneficiary/beneficiary-registration','127.0.0.1','Mozilla/5.0 (Macintosh; Intel Mac OS X 10_15_7) AppleWebKit/537.36 (KHTML, like Gecko) Chrome/112.0.0.0 Safari/537.36',NULL,'2023-04-14 10:39:09','2023-04-14 10:39:09'),
	(1019,'App\\Models\\User',1,'created','App\\Models\\Applicant',20,'[]','{\"regID\":\"PALM-20050413-1-003\",\"added_by\":1,\"surnames\":\"Bowman\",\"first_names\":\"Elliott\",\"other_names\":\"Tobias Rojas\",\"dobs\":\"2005-04-13\",\"genders\":\"Male\",\"country_of_births\":\"Ghana\",\"place_of_births\":\"Bono East\",\"nationalities\":\"Ghanaian\",\"upload_passport_pic\":null,\"avatar\":null,\"type\":\"Household\",\"updated_by\":1,\"id\":20}','http://127.0.0.1:8000/beneficiary/beneficiary-registration','127.0.0.1','Mozilla/5.0 (Macintosh; Intel Mac OS X 10_15_7) AppleWebKit/537.36 (KHTML, like Gecko) Chrome/112.0.0.0 Safari/537.36',NULL,'2023-04-14 10:39:46','2023-04-14 10:39:46'),
	(1020,NULL,1,'Logged In','Logged In',1,NULL,NULL,'http://127.0.0.1:8000/login','127.0.0.1','Mozilla/5.0 (Macintosh; Intel Mac OS X 10_15_7) AppleWebKit/537.36 (KHTML, like Gecko) Chrome/112.0.0.0 Safari/537.36',NULL,'2023-04-15 10:38:06','2023-04-15 10:38:06'),
	(1021,'App\\Models\\User',1,'updated','App\\Models\\User',1,'{\"password\":\"$2y$10$uAh\\/3cOdplA1NYVAcHWTZ.pGx.UgtxjBgsh51lfwAiXlNTte1QkgW\"}','{\"password\":\"$2y$10$q1Ni37cxNKlpruN0on2XSethYqROZz0wC\\/RZo1vBdjlEkIrfTwmAm\"}','http://127.0.0.1:8000/login','127.0.0.1','Mozilla/5.0 (Macintosh; Intel Mac OS X 10_15_7) AppleWebKit/537.36 (KHTML, like Gecko) Chrome/112.0.0.0 Safari/537.36',NULL,'2023-04-15 10:38:06','2023-04-15 10:38:06'),
	(1022,'App\\Models\\User',1,'updated','App\\Models\\User',1,'{\"last_login\":\"2023-04-14 10:11:41\"}','{\"last_login\":\"2023-04-15 10:38:06\"}','http://127.0.0.1:8000/login','127.0.0.1','Mozilla/5.0 (Macintosh; Intel Mac OS X 10_15_7) AppleWebKit/537.36 (KHTML, like Gecko) Chrome/112.0.0.0 Safari/537.36',NULL,'2023-04-15 10:38:06','2023-04-15 10:38:06'),
	(1023,NULL,1,'Logged In','Logged In',1,NULL,NULL,'http://127.0.0.1:8000/login','127.0.0.1','Mozilla/5.0 (Macintosh; Intel Mac OS X 10_15_7) AppleWebKit/537.36 (KHTML, like Gecko) Chrome/112.0.0.0 Safari/537.36',NULL,'2023-04-17 10:09:10','2023-04-17 10:09:10'),
	(1024,'App\\Models\\User',1,'updated','App\\Models\\User',1,'{\"password\":\"$2y$10$q1Ni37cxNKlpruN0on2XSethYqROZz0wC\\/RZo1vBdjlEkIrfTwmAm\"}','{\"password\":\"$2y$10$S\\/fmXfV4nk337n3pg5L28.myWTqnjIdOHtXSmxExHpkXCdeFoRVd.\"}','http://127.0.0.1:8000/login','127.0.0.1','Mozilla/5.0 (Macintosh; Intel Mac OS X 10_15_7) AppleWebKit/537.36 (KHTML, like Gecko) Chrome/112.0.0.0 Safari/537.36',NULL,'2023-04-17 10:09:10','2023-04-17 10:09:10'),
	(1025,'App\\Models\\User',1,'updated','App\\Models\\User',1,'{\"last_login\":\"2023-04-15 10:38:06\"}','{\"last_login\":\"2023-04-17 10:09:10\"}','http://127.0.0.1:8000/login','127.0.0.1','Mozilla/5.0 (Macintosh; Intel Mac OS X 10_15_7) AppleWebKit/537.36 (KHTML, like Gecko) Chrome/112.0.0.0 Safari/537.36',NULL,'2023-04-17 10:09:10','2023-04-17 10:09:10');



# Dump of table bank_branches
# ------------------------------------------------------------

CREATE TABLE `bank_branches` (
  `id` int NOT NULL AUTO_INCREMENT,
  `bank_id` int DEFAULT NULL,
  `name` varchar(255) CHARACTER SET latin1 COLLATE latin1_swedish_ci DEFAULT NULL,
  `routing_number` varchar(150) CHARACTER SET latin1 COLLATE latin1_swedish_ci DEFAULT NULL,
  `services` text,
  `email` varchar(255) CHARACTER SET latin1 COLLATE latin1_swedish_ci DEFAULT NULL,
  `contact` varchar(255) DEFAULT NULL,
  `status` tinyint(1) DEFAULT '1',
  `location_id` bigint DEFAULT NULL,
  `address` text,
  `created_by` bigint DEFAULT NULL,
  `updated_by` bigint DEFAULT NULL,
  `created_at` datetime DEFAULT NULL,
  `updated_at` datetime DEFAULT NULL,
  PRIMARY KEY (`id`)
) ENGINE=InnoDB DEFAULT CHARSET=latin1;


INSERT INTO `bank_branches` (`id`, `bank_id`, `name`, `routing_number`, `services`, `email`, `contact`, `status`, `location_id`, `address`, `created_by`, `updated_by`, `created_at`, `updated_at`)
VALUES
	(1,2,'Dansoman Branch','E0904',NULL,'customer@accessbankghana.com','0509394885',1,19,'Manna Valley',1,1,'2022-10-11 14:32:28','2022-10-12 14:15:55'),
	(2,7,'AnC Mall Branch','3456',NULL,'hos@mail.com','0509394885',1,19,'AnC Mall, East-Legon, Accra',1,NULL,'2022-10-12 14:17:01','2022-10-12 14:17:01'),
	(3,2,'Central Market','234564',NULL,'centralMarket@accessbank.com','+23350000909',1,111,'House Number 12, Maabo Road, Ho',1,NULL,'2023-03-20 10:33:04','2023-03-20 10:35:58'),
	(4,2,'Makola','909891',NULL,'makolacenter@accessbank.com','+23389098987',1,114,'Accra Central Market',1,NULL,'2023-03-20 10:33:04','2023-03-20 10:35:58'),
	(11,7,'Central Market','234564',NULL,'centralMarket@accessbank.com','+23350000909',1,111,'House Number 12, Maabo Road, Ho',1,NULL,'2023-03-20 10:37:06','2023-03-20 10:37:06'),
	(12,7,'Makola','909891',NULL,'makolacenter@accessbank.com','+23389098987',1,114,'Accra Central Market',1,NULL,'2023-03-20 10:37:06','2023-03-20 10:37:06'),
	(15,51,'East Legon','32222',NULL,'eastlegonbr@melcomonline.com','0509394885',1,114,'East Legon- Shiashi. After GhanaLink',1,NULL,'2023-03-20 10:47:53','2023-03-20 10:47:53'),
	(16,52,'Deluxe Money Tranfer Limited','9808765','Money transfer, Airtime transfer and Cash out','dex@mail.com','0559090909',1,114,'Abokobi - Nii Kwei Street',1,1,'2023-03-20 12:35:48','2023-03-20 13:09:29');



# Dump of table banks
# ------------------------------------------------------------

CREATE TABLE `banks` (
  `id` int NOT NULL AUTO_INCREMENT,
  `type` varchar(255) CHARACTER SET latin1 COLLATE latin1_swedish_ci DEFAULT NULL,
  `name` varchar(150) CHARACTER SET latin1 COLLATE latin1_swedish_ci DEFAULT NULL,
  `shortname` varchar(255) CHARACTER SET latin1 COLLATE latin1_swedish_ci DEFAULT NULL,
  `swift_code` varchar(255) CHARACTER SET latin1 COLLATE latin1_swedish_ci DEFAULT NULL,
  `logo` text CHARACTER SET latin1 COLLATE latin1_swedish_ci,
  `contact` text CHARACTER SET latin1 COLLATE latin1_swedish_ci,
  `email` varchar(255) CHARACTER SET latin1 COLLATE latin1_swedish_ci DEFAULT NULL,
  `website` text CHARACTER SET latin1 COLLATE latin1_swedish_ci,
  `address` text CHARACTER SET latin1 COLLATE latin1_swedish_ci,
  `status` tinyint(1) DEFAULT '1',
  `created_by` bigint DEFAULT NULL,
  `updated_by` bigint DEFAULT NULL,
  `created_at` datetime DEFAULT NULL,
  `updated_at` datetime DEFAULT NULL,
  PRIMARY KEY (`id`)
) ENGINE=InnoDB DEFAULT CHARSET=latin1;


INSERT INTO `banks` (`id`, `type`, `name`, `shortname`, `swift_code`, `logo`, `contact`, `email`, `website`, `address`, `status`, `created_by`, `updated_by`, `created_at`, `updated_at`)
VALUES
	(1,'105','Absa Bank Ghana Limited','ABSA','ER090','app-uploads/banks/UoH0iEq4jPAHx9AFTY9g20xAPF2oXBZaKNvpFQig.png','233-302-429150','service.excellence@absa.africa','https://www.absa.com.gh','Absa House J.E. Atta-Mills High Street Accra P.O. Box GP2949, Accra',1,NULL,1,NULL,'2023-03-21 10:02:33'),
	(2,'105','Access Bank (Ghana) Plc','ACCESS',NULL,'app-uploads/banks/2/logo/JfugM4JhuvIm1oYG8XoL2JMehLNNRka7XZDPII9t.png.png','233-302-661769, 233-302-684858, 233-302-661613','info@ghana.accessbankplc.com','http://www.ghana.accessbankplc.com','Starlets’ 91 Road, Opposite Accra Sports Stadium, Osu P. O. Box GP 353, Accra, Ghana',1,NULL,1,NULL,'2022-10-11 13:37:39'),
	(3,'105','Agricultural Development Bank Plc',NULL,NULL,NULL,'233-302-770403, 233-302-762104, 233-302-783123,233-302-784394,233-28-9255880,233-28-9225881','customercare@agricbank.com','http://www.agricbank.com','Accra Financial Centre, 3rd Ambassadorial Development Area, Ridge-Accra, P.O. Box 4191, Accra-Ghana',1,NULL,NULL,NULL,NULL),
	(4,'105','Bank of Africa Ghana Limited',NULL,NULL,NULL,'233-302-249690,233-302-249679/83/98,233-302-249683,233-302-249683,233-302-249698','complaints@boaghana.com','http://www.boaghana.com','Head Office,1st Floor, Block A&B,The Octagon, Independence Avenue P.O. Box C1541 Cantonments, Accra – Ghana',1,NULL,NULL,NULL,NULL),
	(5,'105','CalBank PLC','CAL','000','app-uploads/banks/QZvbTcT4Fiy60cMx4isGItQS4XJURQUA6PgOrIdB.png','233-302-680061, 233-302-680069','customercare@calbank.net','http://www.calbank.net','Head Office 45 Independence Ave P.O. Box 14596 Accra – Ghana',1,NULL,1,NULL,'2022-12-13 09:52:03'),
	(6,'105','Consolidated Bank Ghana Limited',NULL,NULL,NULL,'233 302-634330, 233 302-634359, 233 302-216000','info@cbg.com.gh','http://www.cbg.com.gh','First Floor, Manet Tower 3, Airport City, Accra PMB CT363 ,Cantonments, Accra',1,NULL,NULL,NULL,NULL),
	(7,'105','Ecobank Ghana Plc','ECOBank','ER090','app-uploads/banks/7/logo/W1Ml6ItFOC4ziAkBfTca0FMI91quLdOeNSmLMmZW.png.png','233 302-681146/8, 233 302-213999','ecobankenquiries@ecobank.com','http://www.ecobank.com','2 Morocco Lane, Off Independence Avenue, P.O. Box: P.O. Box AN 16746, Accra North – Ghana',1,NULL,1,NULL,'2022-10-12 17:18:13'),
	(8,'105','FBNBank (Ghana) Limited',NULL,NULL,NULL,'233-302-236136/235684, 233-302-238510, 233-302-235684, 233-302-236136, 233-302-235819','fbn@fbnbankghana.com','http://www.fbnbankghana.com','Head Office,Plot No. 678, Liberation Road, Airport, Accra, PMB No. 16, Accra North, Ghana',1,NULL,NULL,NULL,NULL),
	(9,'105','Fidelity Bank Ghana Limited',NULL,NULL,NULL,'233-302-214490','wecare@myfidelitybank.net','http://www.fidelitybank.com.gh','Ridge Towers – Ridge, Accra. PMB 43, Cantonments, Accra, Ghana.',1,NULL,NULL,NULL,NULL),
	(10,'105','First Atlantic Bank Limited',NULL,NULL,NULL,'233 -302-68 2203, 233-302-68 0825','Info@firstatlanticbank.com.gh','http://www.firstatlanticbank.com.gh','233 -302-68 2203, 233-302-68 0825',1,NULL,NULL,NULL,NULL),
	(11,'105','First National Bank (Ghana) Limited',NULL,NULL,NULL,'233-302-242435050','info@firstnationalbank.com.gh','http://www.firstnationalbank.com.gh','Head Office, 6th Floor, Accra Financial Centre, Cnr. Independence Ave./Liberation Road, P.O. Box TU 23, Accra-Ghana',1,NULL,NULL,NULL,NULL),
	(12,'105','GCB Bank Plc',NULL,NULL,NULL,'233-302-672852, 233-302-664918, 233-302-663964, 233-302-672852-4, 233-302-672859, 233-302-672865, 233-302-663480, 233-302-664910','corporateaffairs@gcb.com.gh','http://www.gcbbank.com.gh','Head Office, High Street , 2 Thorpe Road, P.O. Box 134, Accra',1,NULL,NULL,NULL,NULL),
	(15,'105','OmniBSIC Bank Ghana Limited',NULL,NULL,NULL,'233-307-086000, 0800100790','info@omnibsicbank.com.gh','http://www.omnibsic.com.gh','Plot 16, Atlantic Tower, Airport City, Accra; P.O. Box KN 5569, Kaneshie, Accra. GPS Address: GL-126-3809',1,NULL,NULL,NULL,NULL),
	(16,'105','Prudential Bank Limited',NULL,NULL,NULL,'233-302-781200-7','headoffice@prudentialbank.com.gh','http://www.prudentialbank.com.gh','Head Office, Ring Road Central, PMB - General Post Office, Accra – Ghana',1,NULL,NULL,NULL,NULL),
	(17,'105','Republic Bank (Ghana) PLC',NULL,NULL,NULL,'233-302-242090-2, 233-302-242090-4','email@republicghana.com','http://www.republicghana.com','Head Office, Ebankese No. 35, Sixth Avenue, North Ridge, Accra – Ghana, P.O Box CT 4603, Cantonments,Accra – Ghana',1,NULL,NULL,NULL,NULL),
	(18,'105','Societe General Ghana Plc',NULL,NULL,NULL,'233-302-202001, 233-302-248920, 233-577606464','sgghana.info@socgen.com','http://www.societegenerale.com.gh','Head Office, P. O. Box 13119, Ring Road Central Accra, Accra - Ghana',1,NULL,NULL,NULL,NULL),
	(19,'105','Stanbic Bank Ghana Limited',NULL,NULL,NULL,'233-302-687670-8, 233-302-687671, 233-302-687672, 233-302-687673-9','customercare@stanbic.com.gh','http://www.stanbicbank.com.gh','Head Office, Stanbic Heights, 25 Liberation Link, Airport City, P.O. Box CT 2344, Cantonments, Accra-Ghana',1,NULL,NULL,NULL,NULL),
	(20,'105','Standard Chartered Bank Ghana Plc',NULL,NULL,NULL,'233-302-664591-8, 233-302-740100','feedback.ghana@sc.com','http://www.sc.com/gh','Head Office, No. 87 Independence Avenue, P.O. Box 768, Accra',1,NULL,NULL,NULL,NULL),
	(21,'105','United Bank for Africa (Ghana) Limited',NULL,NULL,NULL,'233-302- 674085, 233-302-674089, 233-302-674056',NULL,'http://www.ubagroup.com','PMB 29, Ministries, Heritage Towers, Ambassadorial Enclave, Off Liberia Road, Ridge, Accra-Ghana',1,NULL,NULL,NULL,NULL),
	(22,'105','Universal Merchant Bank Limited',NULL,NULL,NULL,'233-302- 666331/6','info@myumbbank.com','http://www.myumbbank.com','Airport City, SSNIT Emporium, P.O. Box 401, North Ridge, Accra-Ghana',1,NULL,NULL,NULL,NULL),
	(23,'105','Zenith Bank (Ghana) Limited',NULL,NULL,NULL,'233-302-660075, 233-302-611500, 233-302-660079, 233-302-660091, 233-302-660093, 233-302-660095','info@zenithbank.com.gh','http://www.zenithbank.com.gh','Head Office, Zenith Heights, No. 31 Independence Avenue, PMB CT 393, Cantonments, Accra',1,NULL,NULL,NULL,NULL),
	(24,'105','ARB Apex Bank Limited',NULL,NULL,NULL,'233-302-247633/250384/250387','info@arbapexbank.com','http://www.arbapexbank.com','Head Office, P.O. Box GP 20321, Accra – Ghana',1,NULL,NULL,NULL,NULL),
	(25,'106','ABii National Savings and Loans Ltd',NULL,NULL,NULL,'233-302-241050, 233-302-241050','info@abiinational.net','http://www.abiinational.net','Priority House, Avenor Junction (Near Joy FM), P. O. Box CT10067 , Cantonments , Accra',1,NULL,NULL,NULL,NULL),
	(26,'106','Adehyeman Savings and Loans Company Ltd.',NULL,NULL,NULL,'233-302-252071, 233 302-289670, 233-302-208142, 233-302-244075','info@adehyeman.com','http://www.adehyeman.com','No:C1/7, Faanofa Street, Kokomlemle, (Near Avenor Traffic Light), P.O. Box GP 13249, Accra-Ghana',1,NULL,NULL,NULL,NULL),
	(27,'106','Advans Ghana Savings and Loans Ltd.',NULL,NULL,NULL,'233-307 084522',NULL,'http://www.advansghana.com','Ground floor Oxford Cinema building (Accra New Town), P. O. Box AN 11426, Accra – North',1,NULL,NULL,NULL,NULL),
	(28,'106','Affinity Ghana Savings and Loans Limited (formerly Payflex Microfinance)',NULL,NULL,NULL,'233-302-773766; +233-501-504060','info@affinityghana.com','http://www.affinityghana.com','House No. 6, 6th Street, Ringway Estates, Osu; P. O. Box OS 2475, Osu; GPS Address: GL-031-0776',1,NULL,NULL,NULL,NULL),
	(29,'106','Asa Savings and Loans Company Limited',NULL,NULL,NULL,'233-302-328405, 233-545304767','info@asasavingsandloans.com','http://www.asasavingandloans.com','Odokor- Mallam Highway, P. O. Box MP 1834, Mamprobi Accra',1,NULL,NULL,NULL,NULL),
	(30,'106','Assurance Savings and Loans Ltd',NULL,NULL,NULL,'233-302 433931, 233-303977340, 233-208178048','info@assurancesavingsandloans.com','http://www.assurancesavingsandloans.com','1st Floor, Gina Villa, Achimota School, GIMPA Road, P.O. Box KIA 16192, Accra',1,NULL,NULL,NULL,NULL),
	(31,'106','Bayport Savings and Loans Plc',NULL,NULL,NULL,'233-302-745454, 233-302-910778, Toll free : +233-800-10016 (Vodafone only)',NULL,'http://www.bayportghana.com','71 Osu Badu Street, Airport West, Accra, PMB 248, Accra North',1,NULL,NULL,NULL,NULL),
	(32,'106','Best Point Savings and Loans Ltd',NULL,NULL,NULL,'233-303 932990 - 4','info@bestpointgh.com','http://www.bestpointgh.com','Old Peace FM Building, Mile 7, P. O. Box CT 10191, Cantonments, Accra',1,NULL,NULL,NULL,NULL),
	(33,'106','Bond Savings and Loans Ltd',NULL,NULL,NULL,'233-303-214444, 233-544314705, 233-303-304332','info@bond.com.gh','http://www.bond.com.gh','Bond House, Meridian Road, P.O Box CO PMB 95, Tema',1,NULL,NULL,NULL,NULL),
	(34,'106','Direct Savings and Loans Limited',NULL,NULL,NULL,'233-303-969550, 233-303-969555','info@directgh.com','http://www.directgh.com','No. 42A, Asofoanye A. Opeku Avenue, North Dzorwulu, off the Fiesta Royal Hotel and GIMPA Road, P.O. Box CT 8360, Cantonmnets, Accra',1,NULL,NULL,NULL,NULL),
	(35,'106','Equity Savings and Loans Ltd.',NULL,NULL,NULL,'233-302-541449, 233-302-541452, 233-302-544528',NULL,'http://www.equitygh.com','No. 16 Maseru Avenue, East Legon, P.O. Box CT 6382, Cantonments, Accra',1,NULL,NULL,NULL,NULL),
	(36,'106','Golden Link Savings & Loans Ltd',NULL,NULL,NULL,'233-302-223826, 233-302-223833, 233-302-223951','info@goldenlinkghana.com','http://www.goldenlinkghana.com','2 North Street, Tesano, P.O. Box 14117, Accra',1,NULL,NULL,NULL,NULL),
	(37,'106','Golden Pride Savings and Loans Ltd',NULL,NULL,NULL,'233-032 286050','info@goldenpride.com.gh','http://www.goldenpride.com.gh','House No. B3/131, Samora Machel Rd., Asylum Down, Accra, P.O. Box TU 66, Accra',1,NULL,NULL,NULL,NULL),
	(38,'106','Izwe Savings and Loans PLC',NULL,NULL,NULL,'233- 302 251042','info@izweghana.com','http://www.izweghana.com','Maestro Plaza, Kotobabi High Street, Private Mail Bag GP 158, Accra',1,NULL,NULL,NULL,NULL),
	(39,'106','Jins Savings and Loans Ltd.',NULL,NULL,NULL,'233-302 419422, 233-302 419424','info@jinssavingsandloans.com','http://www.jinssavingsandloans.com','53 Owoo Street, West Legon, Accra, P.O. Box 4566, Dome Kwabenya, Accra',1,NULL,NULL,NULL,NULL),
	(40,'106','Letshego Savings and Loans Plc',NULL,NULL,NULL,'233-302-208340, 233-302-208342, 233-302-208333','info@afb.com.gh','http://www.afb.com.gh','4th Floor Cocoshe House, Off Augusto Neto Road, Airport City, P.O. Box AN 7128, Adabraka , Accra',1,NULL,NULL,NULL,NULL),
	(41,'106','Multi Credit Savings & Loans Co. Ltd.',NULL,NULL,NULL,'233-322-37418, 233-322- 37419','info@mcslghana.com','http://www.mcslghana.com','Trust House, Bantama High Street, P.O. Box 1920, Kumasi – Ashanti',1,NULL,NULL,NULL,NULL),
	(42,'106','Opportunity International Savings and Loans Co. Ltd',NULL,NULL,NULL,'233-302 610000, 233-302 676661','info@opportunityghana.com','http://www.opportunityghana.com','No: D765/3, Kwame Nkrumah Avenue, P. O. Box JT 323, James Town, Accra',1,NULL,NULL,NULL,NULL),
	(43,'106','Pacific Savings & Loans Co. Ltd.',NULL,NULL,NULL,'233 -3220-41051, 233-3220-41050, 233-3220-41054',NULL,'http://www.pacificsavingsandloansgh.com','Plot Q.T.B, Adum, P.O. Box KS 1922, Kumasi - Ashanti',1,NULL,NULL,NULL,NULL),
	(44,'106','Pan - African Savings and Loans Company Limited',NULL,NULL,NULL,'233-302-782751/7','info@panafricansl.com','http://www.panafricansl.com','No. 19 Mayor Road, Ridge West, PMB CT 127, Cantonments, Accra',1,NULL,NULL,NULL,NULL),
	(45,'106','Progress Savings and Loans Limited',NULL,NULL,NULL,'233-302 514000, 233-302 509013, 233-501 523473','info@progessghana.com','http://www.progressghana.com','No. 7 Nii Yemoh Avenue OIC Road 3rd Floor Zion House , Shiashie, East Legon, Accra, P. O. Box ST 237, Accra',1,NULL,NULL,NULL,NULL),
	(46,'106','Services Integrity Savings and Loans Ltd.',NULL,NULL,NULL,'233-544-322102',NULL,NULL,'Block 1, Labadi VillasBusiness Centre, Giffard Road, Burma Camp, Accra, PMB Burma Camp Post Office, Accra',1,NULL,NULL,NULL,NULL),
	(47,'106','SIC Life Savings and Loans Ltd.',NULL,NULL,NULL,'233-577 737826, 233-556 590241','enquiries@siclifesl.com.gh','http://www.siclifesl.com.gh','Section 28, Block 15, Tudu, Accra,P. O. Box KN 4768 Kaneshie Accra, Adabraka - Accra',1,NULL,NULL,NULL,NULL),
	(48,'106','Sinapi Aba Savings and Loans Company Ltd',NULL,NULL,NULL,'233-302-2030112','infodesk@sinapiaba.com','http://www.sinapiaba.com','22A Ellis Avenue, P. O. Box 4911, Nhyiaso, Kumasi',1,NULL,NULL,NULL,NULL),
	(49,'106','The Seed Funds Savings and Loans Ltd',NULL,NULL,NULL,'233-561 111997, 233-561 111998','info@theseedfunds.com','http://www.theseedfunds.com','Seed Funds Savings and Loans Ltd, Plot 32, Sixth Circular Road, P.O. Box CT 11172, Cantonments - Accra',1,NULL,NULL,NULL,NULL),
	(50,'106','Utrak Savings and Loans Ltd',NULL,NULL,NULL,'233-302 255476','urak2000@yahoo.com',NULL,'Adum Kumasi, P. O. Box UP 1011, Kumasi',1,NULL,NULL,NULL,NULL),
	(51,'116','Melcom Ghana','Melcom','32222',NULL,'0509394885','market@melcomonline.com','https://melcomonline.com','Spintex',1,1,NULL,'2023-03-20 10:46:11','2023-03-20 10:46:11'),
	(52,'117','MTN Ghana','MTN','1212','app-uploads/banks/9IuZOhmvJFlZseEb6iJBWqyJfrRkK3sRFb38nSDj.png','0559090909','momo@mtnghana.com','http://mtnghana.com','Ridge',1,1,1,'2023-03-20 12:28:15','2023-03-20 12:39:02'),
	(53,'117','Vodafone Ghana','Vodafone','22222','app-uploads/banks/z6yuj440IQWHtRtlaDbDbCH4zGMf8MSvgHHPN0N8.png','0509394880','momo@vodafoneghana.com','https://vodafoneghana.com','Circle',1,1,1,'2023-03-20 12:29:13','2023-03-21 11:13:30'),
	(54,'117','Airtel Tigo Ghana','ATG','33333',NULL,'0579889898','momo@airteltigoghana.com','https://airteltigoghana.com','Adabraka',1,1,NULL,'2023-03-20 12:30:32','2023-03-20 12:30:32'),
	(55,'106','EZwich','EZwich','99999','app-uploads/banks/NrEPY5X3mHKQzcZnG7XlL1uwJbww6JKZktK4GC7a.jpg','0509394885','info@EZwich.com','https://ezwich.com','Accra Central',1,1,1,'2023-03-20 12:32:33','2023-03-21 11:14:18');



# Dump of table beneficiaries
# ------------------------------------------------------------

CREATE TABLE `beneficiaries` (
  `id` bigint unsigned NOT NULL AUTO_INCREMENT,
  `benefit_registration_id` int unsigned NOT NULL,
  `form_id` int unsigned NOT NULL,
  `archived` tinyint(1) NOT NULL DEFAULT '0',
  `status` tinyint(1) NOT NULL DEFAULT '1',
  `created_at` timestamp NULL DEFAULT NULL,
  `updated_at` timestamp NULL DEFAULT NULL,
  PRIMARY KEY (`id`)
) ENGINE=InnoDB DEFAULT CHARSET=utf8mb4 COLLATE=utf8mb4_unicode_ci;



# Dump of table beneficiaries_archived_logs
# ------------------------------------------------------------

CREATE TABLE `beneficiaries_archived_logs` (
  `id` bigint unsigned NOT NULL AUTO_INCREMENT,
  `application_id` int unsigned NOT NULL,
  `user_id` int unsigned NOT NULL,
  `archived_date` datetime DEFAULT NULL,
  `restored_date` datetime DEFAULT NULL,
  `created_at` timestamp NULL DEFAULT NULL,
  `updated_at` timestamp NULL DEFAULT NULL,
  PRIMARY KEY (`id`)
) ENGINE=InnoDB DEFAULT CHARSET=utf8mb4 COLLATE=utf8mb4_unicode_ci;



# Dump of table beneficiaries_details
# ------------------------------------------------------------

CREATE TABLE `beneficiaries_details` (
  `id` int unsigned NOT NULL AUTO_INCREMENT,
  `beneficiary_id` int unsigned DEFAULT NULL,
  `surnames` varchar(255) CHARACTER SET utf8mb4 COLLATE utf8mb4_unicode_ci DEFAULT NULL,
  `first_names` varchar(255) CHARACTER SET utf8mb4 COLLATE utf8mb4_unicode_ci DEFAULT NULL,
  `dobs` date DEFAULT NULL,
  `created_at` timestamp NULL DEFAULT NULL,
  `updated_at` timestamp NULL DEFAULT NULL,
  `genders` varchar(255) CHARACTER SET utf8mb4 COLLATE utf8mb4_unicode_ci DEFAULT NULL,
  `islands` text CHARACTER SET utf8mb4 COLLATE utf8mb4_unicode_ci,
  `bci_account_numbers` varchar(255) CHARACTER SET utf8mb4 COLLATE utf8mb4_unicode_ci DEFAULT NULL,
  `applicant_number` varchar(255) CHARACTER SET utf8mb4 COLLATE utf8mb4_unicode_ci DEFAULT NULL,
  `beneficiary_number` varchar(255) CHARACTER SET utf8mb4 COLLATE utf8mb4_unicode_ci DEFAULT NULL,
  PRIMARY KEY (`id`)
) ENGINE=MyISAM DEFAULT CHARSET=utf8mb4 COLLATE=utf8mb4_unicode_ci;



# Dump of table beneficiaries_form_mapping
# ------------------------------------------------------------

CREATE TABLE `beneficiaries_form_mapping` (
  `id` bigint unsigned NOT NULL AUTO_INCREMENT,
  `form_id` int unsigned NOT NULL,
  `form_fields` json NOT NULL,
  `show_fields_on_table` json NOT NULL,
  `added_by` int unsigned NOT NULL,
  `updated_by` int unsigned NOT NULL,
  `created_at` timestamp NULL DEFAULT NULL,
  `updated_at` timestamp NULL DEFAULT NULL,
  PRIMARY KEY (`id`)
) ENGINE=InnoDB DEFAULT CHARSET=utf8mb4 COLLATE=utf8mb4_unicode_ci;


INSERT INTO `beneficiaries_form_mapping` (`id`, `form_id`, `form_fields`, `show_fields_on_table`, `added_by`, `updated_by`, `created_at`, `updated_at`)
VALUES
	(1,10,'{\"dobs\": \"bef_dobs\", \"genders\": \"genders\", \"islands\": \"islands\", \"surnames\": \"surnames\", \"first_names\": \"first_names\", \"bci_account_numbers\": \"bci_account_numbers\"}','[\"96\", \"97\", \"99\", \"100\", \"101\", \"399\"]',8,1,'2021-12-21 17:12:38','2022-02-03 12:50:07'),
	(2,12,'{\"dobs\": \"dobs\", \"genders\": \"genders\", \"islands\": \"islands\", \"surnames\": \"surnames\", \"first_names\": \"first_names\", \"bci_account_numbers\": \"bci_account_numbers\"}','[\"96\", \"97\", \"99\", \"100\", \"101\", \"399\"]',8,1,'2021-12-22 09:53:15','2022-02-03 12:47:47'),
	(3,16,'{\"dobs\": \"app__dobs\", \"genders\": null, \"islands\": \"islands\", \"surnames\": \"surnames\", \"first_names\": \"first_names\", \"bci_account_numbers\": \"bci_account_numbers\"}','[\"96\", \"97\", \"99\", \"101\", \"399\"]',8,1,'2022-01-17 13:57:54','2022-02-03 12:48:26'),
	(4,15,'{\"dobs\": \"date_of_births\", \"genders\": \"g_e_n_d_e_rs\", \"islands\": \"i_s_l_a_n_ds\", \"surnames\": \"surnames\", \"first_names\": \"first_names\", \"bci_account_numbers\": \"bci_account_numbers\"}','[\"96\", \"97\", \"99\", \"100\", \"101\", \"399\"]',8,1,'2022-01-17 13:59:03','2022-02-03 12:48:48'),
	(5,19,'{\"dobs\": \"dobs\", \"genders\": \"genders\", \"islands\": \"islands\", \"surnames\": \"surnames\", \"first_names\": \"first_names\", \"bci_account_numbers\": \"bci_account_numbers\"}','[\"96\", \"97\", \"99\", \"100\", \"101\", \"399\"]',1,1,'2022-01-27 16:48:02','2022-02-03 12:49:05');



# Dump of table benefit_amounts
# ------------------------------------------------------------

CREATE TABLE `benefit_amounts` (
  `id` int unsigned NOT NULL AUTO_INCREMENT,
  `year` year DEFAULT NULL,
  `benefit_id` bigint unsigned NOT NULL,
  `min_value` double NOT NULL,
  `max_value` double DEFAULT NULL,
  `month` tinyint DEFAULT NULL,
  `created_by` bigint unsigned NOT NULL,
  `updated_by` bigint unsigned DEFAULT NULL,
  `created_at` timestamp NOT NULL,
  `updated_at` timestamp NOT NULL,
  PRIMARY KEY (`id`)
) ENGINE=InnoDB DEFAULT CHARSET=utf8mb4 COLLATE=utf8mb4_unicode_ci;


INSERT INTO `benefit_amounts` (`id`, `year`, `benefit_id`, `min_value`, `max_value`, `month`, `created_by`, `updated_by`, `created_at`, `updated_at`)
VALUES
	(2,'2022',21,1500,5000,9,1,1,'2022-10-10 13:39:01','2023-04-05 11:45:05'),
	(3,'2022',1,250,500,12,1,NULL,'2023-04-05 11:46:25','2023-04-05 11:46:25'),
	(4,'2023',21,230,4000,10,1,NULL,'2023-04-05 13:33:24','2023-04-05 13:33:24'),
	(5,'2023',21,3500,23000,1,1,NULL,'2023-04-05 13:34:28','2023-04-05 19:15:29'),
	(6,'2023',21,3500,25000,2,1,NULL,'2023-04-05 13:34:28','2023-04-05 19:13:40'),
	(7,'2023',21,3500,12000,3,1,NULL,'2023-04-05 13:34:28','2023-04-05 13:34:28'),
	(8,'2023',21,3500,12000,4,1,NULL,'2023-04-05 13:34:28','2023-04-05 13:34:28'),
	(9,'2023',1,3000,15000,4,1,NULL,'2023-04-05 13:34:28','2023-04-05 13:34:28'),
	(10,'2023',21,2300,4500,6,1,NULL,'2023-04-05 13:34:28','2023-04-05 19:24:45');



# Dump of table benefit_form_options
# ------------------------------------------------------------

CREATE TABLE `benefit_form_options` (
  `id` bigint unsigned NOT NULL AUTO_INCREMENT,
  `form_id` int unsigned NOT NULL,
  `benefit_id` int unsigned NOT NULL,
  `approval_process` int unsigned DEFAULT NULL,
  `require_processing` tinyint(1) NOT NULL DEFAULT '1',
  `created_at` timestamp NULL DEFAULT NULL,
  `updated_at` timestamp NULL DEFAULT NULL,
  PRIMARY KEY (`id`)
) ENGINE=InnoDB DEFAULT CHARSET=utf8mb4 COLLATE=utf8mb4_unicode_ci;


INSERT INTO `benefit_form_options` (`id`, `form_id`, `benefit_id`, `approval_process`, `require_processing`, `created_at`, `updated_at`)
VALUES
	(1,10,4,8,1,'2021-12-21 09:29:19','2021-12-21 09:29:19'),
	(2,12,5,8,1,'2021-12-22 09:47:37','2021-12-22 09:47:37'),
	(3,15,8,8,1,'2022-01-13 11:59:42','2022-01-13 11:59:42'),
	(4,16,7,8,1,'2022-01-13 12:34:51','2022-01-13 12:34:51');



# Dump of table benefit_program
# ------------------------------------------------------------

CREATE TABLE `benefit_program` (
  `program_id` bigint unsigned NOT NULL,
  `benefit_id` bigint unsigned NOT NULL,
  `created_at` timestamp NULL DEFAULT NULL,
  `updated_at` timestamp NULL DEFAULT NULL
) ENGINE=InnoDB DEFAULT CHARSET=utf8mb4 COLLATE=utf8mb4_unicode_ci;


INSERT INTO `benefit_program` (`program_id`, `benefit_id`, `created_at`, `updated_at`)
VALUES
	(2,1,NULL,NULL),
	(2,2,NULL,NULL),
	(2,10,NULL,NULL);



# Dump of table benefit_registrations
# ------------------------------------------------------------

CREATE TABLE `benefit_registrations` (
  `id` bigint unsigned NOT NULL AUTO_INCREMENT,
  `form_id` int unsigned NOT NULL,
  `application_id` int unsigned NOT NULL,
  `applicant_number` varchar(255) CHARACTER SET utf8mb4 COLLATE utf8mb4_unicode_ci DEFAULT NULL,
  `user_id` int unsigned NOT NULL,
  `modified_by` int unsigned NOT NULL,
  `responsible_role` tinytext CHARACTER SET utf8mb4 COLLATE utf8mb4_unicode_ci,
  `status` tinyint DEFAULT '0',
  `started_process` tinyint(1) DEFAULT '0',
  `rejected` tinyint(1) DEFAULT '0',
  `created_at` timestamp NULL DEFAULT NULL,
  `updated_at` timestamp NULL DEFAULT NULL,
  PRIMARY KEY (`id`)
) ENGINE=InnoDB DEFAULT CHARSET=utf8mb4 COLLATE=utf8mb4_unicode_ci;



# Dump of table benefit_types
# ------------------------------------------------------------

CREATE TABLE `benefit_types` (
  `id` bigint unsigned NOT NULL AUTO_INCREMENT,
  `name` varchar(255) CHARACTER SET utf8mb4 COLLATE utf8mb4_unicode_ci NOT NULL,
  `class` varchar(255) CHARACTER SET utf8mb4 COLLATE utf8mb4_unicode_ci NOT NULL,
  `description` varchar(255) CHARACTER SET utf8mb4 COLLATE utf8mb4_unicode_ci DEFAULT NULL,
  `status` tinyint(1) DEFAULT '1',
  `created_by` bigint unsigned NOT NULL,
  `updated_by` bigint unsigned DEFAULT NULL,
  `created_at` timestamp NULL DEFAULT NULL,
  `updated_at` timestamp NULL DEFAULT NULL,
  PRIMARY KEY (`id`),
  KEY `app_photos_user_id_foreign` (`created_by`),
  CONSTRAINT `benefit_types_ibfk_1` FOREIGN KEY (`created_by`) REFERENCES `users` (`id`)
) ENGINE=InnoDB DEFAULT CHARSET=utf8mb4 COLLATE=utf8mb4_unicode_ci;


INSERT INTO `benefit_types` (`id`, `name`, `class`, `description`, `status`, `created_by`, `updated_by`, `created_at`, `updated_at`)
VALUES
	(2,'Cash Transfers','101',NULL,1,1,NULL,'2022-10-07 11:22:04','2023-01-25 08:21:38'),
	(3,'Vouchers','101',NULL,1,1,NULL,'2022-10-07 11:22:40','2022-10-07 11:22:40'),
	(4,'Free Healthcare','101',NULL,1,1,NULL,'2022-10-07 11:24:18','2022-10-07 11:24:18'),
	(5,'Income Replacement','102',NULL,1,1,NULL,'2022-10-07 11:25:06','2022-10-07 11:25:06'),
	(6,'Income Supplement','102',NULL,1,1,NULL,'2022-10-07 11:25:44','2022-10-07 11:25:44'),
	(7,'Healthcare Refunds','102',NULL,1,1,NULL,'2022-10-07 11:25:57','2022-10-07 11:25:57'),
	(8,'Fee Waivers','102',NULL,1,1,NULL,'2022-10-07 11:27:14','2022-10-07 11:27:14');



# Dump of table benefit_verification_process_log
# ------------------------------------------------------------

CREATE TABLE `benefit_verification_process_log` (
  `id` bigint unsigned NOT NULL AUTO_INCREMENT,
  `benefit_registration_id` int unsigned NOT NULL,
  `user_id` int unsigned NOT NULL,
  `verification_process_id` int unsigned NOT NULL,
  `message` text CHARACTER SET utf8mb4 COLLATE utf8mb4_unicode_ci NOT NULL,
  `created_at` timestamp NULL DEFAULT NULL,
  `updated_at` timestamp NULL DEFAULT NULL,
  PRIMARY KEY (`id`)
) ENGINE=InnoDB DEFAULT CHARSET=utf8mb4 COLLATE=utf8mb4_unicode_ci;


INSERT INTO `benefit_verification_process_log` (`id`, `benefit_registration_id`, `user_id`, `verification_process_id`, `message`, `created_at`, `updated_at`)
VALUES
	(1,8,1,12,'Registration has been submitted for verification.','2022-02-22 09:34:20','2022-02-22 09:34:20'),
	(2,12,1,12,'Registration has been submitted for verification.','2022-02-22 09:37:53','2022-02-22 09:37:53'),
	(3,13,1,12,'Registration has been submitted for verification.','2022-02-22 09:38:47','2022-02-22 09:38:47');



# Dump of table benefits
# ------------------------------------------------------------

CREATE TABLE `benefits` (
  `id` int unsigned NOT NULL AUTO_INCREMENT,
  `titles` varchar(255) CHARACTER SET utf8mb4 COLLATE utf8mb4_unicode_ci NOT NULL DEFAULT '',
  `class` bigint DEFAULT NULL,
  `type` bigint DEFAULT NULL,
  `financial` varchar(255) CHARACTER SET utf8mb4 COLLATE utf8mb4_unicode_ci DEFAULT 'Financial',
  `description` text CHARACTER SET utf8mb4 COLLATE utf8mb4_unicode_ci,
  `cycle` varchar(255) CHARACTER SET utf8mb4 COLLATE utf8mb4_unicode_ci DEFAULT NULL,
  `begin_period` varchar(255) CHARACTER SET utf8mb4 COLLATE utf8mb4_unicode_ci DEFAULT NULL,
  `end_period` varchar(255) CHARACTER SET utf8mb4 COLLATE utf8mb4_unicode_ci DEFAULT NULL,
  `age_format` varchar(255) CHARACTER SET utf8mb4 COLLATE utf8mb4_unicode_ci DEFAULT NULL,
  `min_age` double DEFAULT NULL,
  `max_age` double DEFAULT NULL,
  `gender_criteria` text CHARACTER SET utf8mb4 COLLATE utf8mb4_unicode_ci,
  `nationalities` text CHARACTER SET utf8mb4 COLLATE utf8mb4_unicode_ci,
  `residence_criteria` text CHARACTER SET utf8mb4 COLLATE utf8mb4_unicode_ci,
  `concurrent_benefits` text CHARACTER SET utf8mb4 COLLATE utf8mb4_unicode_ci,
  `employment_criteria` text CHARACTER SET utf8mb4 COLLATE utf8mb4_unicode_ci,
  `employment_type_criteria` text CHARACTER SET utf8mb4 COLLATE utf8mb4_unicode_ci,
  `impairments` text CHARACTER SET utf8mb4 COLLATE utf8mb4_unicode_ci,
  `supporting_documents` text CHARACTER SET utf8mb4 COLLATE utf8mb4_unicode_ci,
  `form_id` int DEFAULT NULL,
  `department_unit` bigint DEFAULT NULL,
  `respondent` bigint DEFAULT NULL,
  `approver` bigint DEFAULT NULL,
  `process_duration` int DEFAULT NULL,
  `approval_process` int DEFAULT NULL,
  `require_processing` tinyint DEFAULT '1',
  `main_benefit` tinyint(1) DEFAULT '0',
  `benefit_criterias` text CHARACTER SET utf8mb4 COLLATE utf8mb4_unicode_ci,
  `archived` tinyint(1) DEFAULT '0',
  `archiveds` varchar(255) CHARACTER SET utf8mb4 COLLATE utf8mb4_unicode_ci DEFAULT NULL,
  `benefit_types` text CHARACTER SET utf8mb4 COLLATE utf8mb4_unicode_ci,
  `age_ranges` double DEFAULT NULL,
  `age_tos` double DEFAULT NULL,
  `created_by` bigint DEFAULT NULL,
  `updated_by` bigint DEFAULT NULL,
  `created_at` timestamp NULL DEFAULT NULL,
  `updated_at` timestamp NULL DEFAULT NULL,
  PRIMARY KEY (`id`)
) ENGINE=InnoDB DEFAULT CHARSET=utf8mb4 COLLATE=utf8mb4_unicode_ci;


INSERT INTO `benefits` (`id`, `titles`, `class`, `type`, `financial`, `description`, `cycle`, `begin_period`, `end_period`, `age_format`, `min_age`, `max_age`, `gender_criteria`, `nationalities`, `residence_criteria`, `concurrent_benefits`, `employment_criteria`, `employment_type_criteria`, `impairments`, `supporting_documents`, `form_id`, `department_unit`, `respondent`, `approver`, `process_duration`, `approval_process`, `require_processing`, `main_benefit`, `benefit_criterias`, `archived`, `archiveds`, `benefit_types`, `age_ranges`, `age_tos`, `created_by`, `updated_by`, `created_at`, `updated_at`)
VALUES
	(1,'Infirm Benefit',NULL,NULL,'Financial',NULL,NULL,NULL,NULL,NULL,NULL,NULL,NULL,NULL,NULL,NULL,NULL,NULL,NULL,NULL,1,NULL,NULL,NULL,NULL,NULL,1,1,NULL,0,NULL,NULL,NULL,NULL,NULL,NULL,'2021-12-15 08:37:35','2021-12-15 08:37:35'),
	(2,'Child Benefit',NULL,NULL,'Financial',NULL,NULL,NULL,NULL,NULL,NULL,NULL,NULL,NULL,NULL,NULL,NULL,NULL,NULL,NULL,1,NULL,NULL,NULL,NULL,NULL,1,1,NULL,0,NULL,NULL,NULL,NULL,NULL,NULL,'2021-12-15 08:37:54','2022-10-31 09:32:09'),
	(3,'Old Age Pension',NULL,NULL,'Financial',NULL,NULL,NULL,NULL,NULL,NULL,NULL,NULL,NULL,NULL,NULL,NULL,NULL,NULL,NULL,1,NULL,NULL,NULL,NULL,8,1,1,NULL,1,NULL,NULL,60,NULL,NULL,NULL,'2021-12-15 08:38:15','2022-01-27 16:40:23'),
	(4,'Newborn Allowance',NULL,NULL,'Non-Financial',NULL,NULL,NULL,NULL,NULL,NULL,NULL,NULL,NULL,NULL,NULL,NULL,NULL,NULL,NULL,1,NULL,NULL,NULL,NULL,8,1,0,NULL,1,'8','<p>Testing</p>',NULL,NULL,NULL,NULL,'2021-12-15 08:38:34','2022-01-26 22:40:05'),
	(5,'Caregiver Benefit',101,2,'Non-Financial','Another Description','Bi-Weekly','02/01/2023','02/28/2023','Between',NULL,NULL,'[\"Female\",\"Others\"]',NULL,NULL,NULL,'[\"Public\"]',NULL,'[\"Hearing\",\"Chronic Fatigue, Pain Or Seizure\"]','[\"Tax Identification (Rmd)\"]',1,100,2,2,1,8,1,1,'<ul><li>Caring for elderly or disabled who have high care needs</li><li>Not in full time employment</li></ul>',1,'8','<ul><li>Payment date is every 1st and 16th of the month</li><li>Amount : $100 per payment or $200 a month</li></ul>',NULL,NULL,NULL,1,'2021-12-15 08:38:55','2023-02-07 10:52:19'),
	(6,'Destitute Benefit',NULL,NULL,'Financial',NULL,NULL,NULL,NULL,NULL,NULL,NULL,NULL,NULL,NULL,NULL,NULL,NULL,NULL,NULL,1,NULL,NULL,NULL,NULL,NULL,1,1,NULL,1,NULL,NULL,NULL,NULL,NULL,NULL,'2021-12-16 18:21:46','2021-12-16 18:21:46'),
	(7,'Maternity Leave Pay',101,3,'Financial','In 2013, the Maternity Leave Scheme was established by virtue of the Employment Relations Act. This support was aimed towards financially supporting women in the Private sector taking leave from their jobs and recover from giving birth to a child. This was intended to mitigate the problem of private sector employees not receiving support from their employers while taking maternity leave.','Select Cycle','2022-01','2022-12','Between',18,60,'[\"Female\"]','[\"Cook Island\"]','[\"Aitutaki\",\"Atiu\",\"Mauke\",\"Mitiaro\"]',NULL,'[\"Public\"]','[\"Full-Time\",\"Part-Time\"]','[\"Visual\",\"Hearing\",\"Mobility\"]','[\"Residence\",\"Birth Certificate\",\"Tax Identification (Rmd)\",\"Superannuation Fund\",\"Bank Account\"]',1,100,4,2,1,NULL,1,0,'<p>To be eligible for the Government funded paid maternity leave, the employee must:</p><ul><li>be pregnant; and</li><li>be a Cook Islander or</li><li>hold permanent resident status, or</li><li>be the spouse or child of a Cook Islander or person who holds permanent resident status;</li><li>be a tax registered employee working in the Cook Islands as a full time or part time employee in the private sector at the time of birth</li></ul>',1,'8','<ul><li>Payment date: 2 weeks before due date</li><li>Amount: $1,920</li></ul>',16,60,NULL,1,'2022-01-11 14:12:57','2022-10-31 13:14:13'),
	(8,'Funeral Allowance',NULL,NULL,'Financial',NULL,NULL,NULL,NULL,NULL,NULL,NULL,NULL,NULL,NULL,NULL,NULL,NULL,NULL,'<ul><li>Passport of the deceased</li><li>&nbsp;Death Certificate</li><li>Invoices for funeral expenses – INTAFF pay what is owed by family directly to supplier</li><li>Receipts of funeral expenses – INTAFF reimburse family entitlement amount or remaining balance after Invoice cost is paid</li><li>Confirmation of bank account if INTAFF will be reimbursing family</li><li>Identification of applicant (passport or drivers license)</li></ul>',1,NULL,NULL,NULL,NULL,NULL,1,0,'<p>Deceased persons of the following benefit type:</p><ul><li>Cook Island or NZ Pensioner</li><li>CI Infirm and destitute</li><li>CI Child benefit</li></ul>',1,NULL,'<p><strong>One-off payment</strong></p><p><strong>Amount</strong>:&nbsp;</p><ul><li>Cook Islands Pensioner - $2,400</li><li>NZ Pensioner - $1,200</li><li>Destitute and Infirm recipient - $1,200</li><li>Child benefit recipient - $600</li></ul>',NULL,NULL,NULL,NULL,'2022-01-11 14:14:47','2022-01-13 12:18:02'),
	(9,'Special Assistance',NULL,NULL,'Non-Financial',NULL,NULL,NULL,NULL,NULL,NULL,NULL,NULL,NULL,NULL,NULL,NULL,NULL,NULL,NULL,1,NULL,NULL,NULL,NULL,NULL,1,0,NULL,1,'8',NULL,NULL,NULL,NULL,NULL,'2022-01-11 14:16:24','2022-01-11 14:16:24'),
	(10,'Christmas Bonus',101,2,'Financial','Christmas bonus Benefit is a bonus paid to all beneficiaries receiving the Old Age Pension, Child Benefit, and Infirm and Destitute payments from the Cook Islands Government at Christmas time. The government intends to provide assistance to families in this time of need so that the celebration around the birth of Christ is indeed a time of joy”.','Select Cycle','2022-10','2026-10','Between',10,200,'[\"Male\",\"Female\"]','[\"Andorran\",\"Afghan\",\"Coco Islanders\"]','[\"Mangaia\"]',NULL,'[\"Private\"]','[\"Full-Time\"]','[\"Hearing\",\"Mobility\"]','[\"Residence\",\"Passport\",\"Tax Identification (Rmd)\"]',1,100,4,2,10,NULL,1,0,'<ol><li>Registered beneficiaries on the Cook Islands welfare benefit;<ul><li>Old Age Pension,</li><li>Child Benefit,</li><li>Infirm,</li><li>Destitute</li><li>Caregiver</li></ul></li></ol>',0,'8','<ul><li>Payment date: every 21st of December (date may vary)</li><li>Amount: $50</li></ul>',NULL,NULL,NULL,1,'2022-01-11 14:26:27','2022-12-21 20:01:53'),
	(11,'Power Subsidy',NULL,NULL,'Financial',NULL,NULL,NULL,NULL,NULL,NULL,NULL,NULL,NULL,NULL,NULL,NULL,NULL,NULL,'<ul><li>Passport or drivers license</li><li>Electricity bill</li><li>Bank account details for Rarotonga residence</li></ul>',1,NULL,NULL,NULL,NULL,NULL,1,0,'<ul><li>Must be a recipient of the Cook Islands Old Age, destitute and infirm benefit</li><li>The house must have electricity and under the applicants name</li><li>Single beneficiary living alone and receiving a combined income of $700.00 or less per month</li><li>Two beneficiary living in the same house and have other sources of income with a combined total of $1,400.00 or less, per month or other persons living in the same household as the pensioner that has a combined income of less than $15,000 per annum</li></ul>',1,'8','<ul><li>Payment date: quarterly</li><li>Amount : $66 per payment</li></ul>',NULL,NULL,NULL,NULL,'2022-01-14 15:06:09','2022-01-14 15:23:13'),
	(21,'Scholarship',101,3,'Non-Financial','Full','Yearly','2022-01','2022-12','Between',10,30,'[\"Male\",\"Female\"]','[\"Antarctic\"]','[\"Aitutaki\",\"Mangaia\",\"Mauke\"]','[\"Infirm Benefit\"]','[\"Public\"]','[\"Full-Time\"]','[\"Chronic Fatigue, Pain Or Seizure\"]','[\"Residence\",\"Passport\",\"National Id\",\"Birth Certificate\"]',1,100,2,3,3,NULL,1,0,NULL,1,NULL,NULL,NULL,NULL,1,1,'2022-10-10 10:04:34','2022-10-10 10:46:53'),
	(22,'Consultation And Training',101,3,'Non-Financial','Gives pieces of training','Monthly','2023-01','2023-12','Between',NULL,NULL,NULL,NULL,NULL,NULL,NULL,NULL,NULL,NULL,1,100,4,3,30,NULL,1,0,NULL,0,NULL,NULL,NULL,NULL,1,1,'2023-02-09 11:24:04','2023-02-09 11:29:41');



# Dump of table black_box
# ------------------------------------------------------------

CREATE TABLE `black_box` (
  `id` bigint unsigned NOT NULL AUTO_INCREMENT,
  `user_type` varchar(255) CHARACTER SET utf8mb4 COLLATE utf8mb4_unicode_ci DEFAULT NULL,
  `user_id` bigint unsigned DEFAULT NULL,
  `event` varchar(255) CHARACTER SET utf8mb4 COLLATE utf8mb4_unicode_ci NOT NULL,
  `auditable_type` varchar(255) CHARACTER SET utf8mb4 COLLATE utf8mb4_unicode_ci NOT NULL,
  `auditable_id` bigint unsigned NOT NULL,
  `old_values` text CHARACTER SET utf8mb4 COLLATE utf8mb4_unicode_ci,
  `new_values` text CHARACTER SET utf8mb4 COLLATE utf8mb4_unicode_ci,
  `url` text CHARACTER SET utf8mb4 COLLATE utf8mb4_unicode_ci,
  `ip_address` varchar(45) CHARACTER SET utf8mb4 COLLATE utf8mb4_unicode_ci DEFAULT NULL,
  `user_agent` varchar(1023) CHARACTER SET utf8mb4 COLLATE utf8mb4_unicode_ci DEFAULT NULL,
  `tags` varchar(255) CHARACTER SET utf8mb4 COLLATE utf8mb4_unicode_ci DEFAULT NULL,
  `created_at` timestamp NULL DEFAULT NULL,
  `updated_at` timestamp NULL DEFAULT NULL,
  PRIMARY KEY (`id`),
  KEY `black_box_auditable_type_auditable_id_index` (`auditable_type`,`auditable_id`),
  KEY `black_box_user_id_user_type_index` (`user_id`,`user_type`)
) ENGINE=InnoDB DEFAULT CHARSET=utf8mb4 COLLATE=utf8mb4_unicode_ci;



# Dump of table caregivers_application_forms
# ------------------------------------------------------------

CREATE TABLE `caregivers_application_forms` (
  `id` int unsigned NOT NULL AUTO_INCREMENT,
  `application_types` varchar(255) CHARACTER SET utf8mb4 COLLATE utf8mb4_unicode_ci DEFAULT NULL,
  `assistance_types` varchar(255) CHARACTER SET utf8mb4 COLLATE utf8mb4_unicode_ci DEFAULT NULL,
  `birth_cert_refs` varchar(255) CHARACTER SET utf8mb4 COLLATE utf8mb4_unicode_ci DEFAULT NULL,
  `rmd_nos` double DEFAULT NULL,
  `passport_refs` varchar(255) CHARACTER SET utf8mb4 COLLATE utf8mb4_unicode_ci DEFAULT NULL,
  `passport_exps` date DEFAULT NULL,
  `bci_bank_card__accountnames` varchar(255) CHARACTER SET utf8mb4 COLLATE utf8mb4_unicode_ci DEFAULT NULL,
  `bci_account_numbers` double DEFAULT NULL,
  `cg_first_names` varchar(255) CHARACTER SET utf8mb4 COLLATE utf8mb4_unicode_ci DEFAULT NULL,
  `cg_surnames` varchar(255) CHARACTER SET utf8mb4 COLLATE utf8mb4_unicode_ci DEFAULT NULL,
  `bef_dobs` date DEFAULT NULL,
  `cg_genders` varchar(255) CHARACTER SET utf8mb4 COLLATE utf8mb4_unicode_ci DEFAULT NULL,
  `islands` text CHARACTER SET utf8mb4 COLLATE utf8mb4_unicode_ci,
  `villages` varchar(255) CHARACTER SET utf8mb4 COLLATE utf8mb4_unicode_ci DEFAULT NULL,
  `phones` varchar(20) CHARACTER SET utf8mb4 COLLATE utf8mb4_unicode_ci DEFAULT NULL,
  `mobiles` varchar(20) CHARACTER SET utf8mb4 COLLATE utf8mb4_unicode_ci DEFAULT NULL,
  `faxes` double DEFAULT NULL,
  `caregiver_bef_relations` varchar(255) CHARACTER SET utf8mb4 COLLATE utf8mb4_unicode_ci DEFAULT NULL,
  `surnames` varchar(255) CHARACTER SET utf8mb4 COLLATE utf8mb4_unicode_ci DEFAULT NULL,
  `dobs` date DEFAULT NULL,
  `genders` varchar(255) CHARACTER SET utf8mb4 COLLATE utf8mb4_unicode_ci DEFAULT NULL,
  `residencies` varchar(255) CHARACTER SET utf8mb4 COLLATE utf8mb4_unicode_ci DEFAULT NULL,
  `cook_islands_permanent_resident_dates` date DEFAULT NULL,
  `other_bef_residencies` varchar(255) CHARACTER SET utf8mb4 COLLATE utf8mb4_unicode_ci DEFAULT NULL,
  `ci_arrivals` date DEFAULT NULL,
  `respondent_fnames` varchar(255) CHARACTER SET utf8mb4 COLLATE utf8mb4_unicode_ci DEFAULT NULL,
  `respondent_surnames` varchar(255) CHARACTER SET utf8mb4 COLLATE utf8mb4_unicode_ci DEFAULT NULL,
  `relationships` varchar(255) CHARACTER SET utf8mb4 COLLATE utf8mb4_unicode_ci DEFAULT NULL,
  `respondent_phones` varchar(20) CHARACTER SET utf8mb4 COLLATE utf8mb4_unicode_ci DEFAULT NULL,
  `signatures` varchar(255) CHARACTER SET utf8mb4 COLLATE utf8mb4_unicode_ci DEFAULT NULL,
  `sign_dates` date DEFAULT NULL,
  `created_at` timestamp NULL DEFAULT NULL,
  `updated_at` timestamp NULL DEFAULT NULL,
  `upload_documents` text CHARACTER SET utf8mb4 COLLATE utf8mb4_unicode_ci,
  `applicant_home_directions` text CHARACTER SET utf8mb4 COLLATE utf8mb4_unicode_ci,
  `first_names` varchar(255) CHARACTER SET utf8mb4 COLLATE utf8mb4_unicode_ci DEFAULT NULL,
  `first_name_surnames` varchar(255) CHARACTER SET utf8mb4 COLLATE utf8mb4_unicode_ci DEFAULT NULL,
  `b_dobs` date DEFAULT NULL,
  `b_genders` varchar(255) CHARACTER SET utf8mb4 COLLATE utf8mb4_unicode_ci DEFAULT NULL,
  `office_use_onlies` text CHARACTER SET utf8mb4 COLLATE utf8mb4_unicode_ci,
  `officer__names` varchar(255) CHARACTER SET utf8mb4 COLLATE utf8mb4_unicode_ci DEFAULT NULL,
  `officer__signatures` varchar(255) CHARACTER SET utf8mb4 COLLATE utf8mb4_unicode_ci DEFAULT NULL,
  `officer__dates` date DEFAULT NULL,
  `officer__home__visiteds` varchar(255) CHARACTER SET utf8mb4 COLLATE utf8mb4_unicode_ci DEFAULT NULL,
  `add__infos` text CHARACTER SET utf8mb4 COLLATE utf8mb4_unicode_ci,
  `recommendations` text CHARACTER SET utf8mb4 COLLATE utf8mb4_unicode_ci,
  `app__received__names` varchar(255) CHARACTER SET utf8mb4 COLLATE utf8mb4_unicode_ci DEFAULT NULL,
  `date__app__receiveds` date DEFAULT NULL,
  `date__supp__docs` date DEFAULT NULL,
  `date__supple__docs` date DEFAULT NULL,
  `date__ref__mains` date DEFAULT NULL,
  `date__outer__islands` date DEFAULT NULL,
  `date__head__apps` date DEFAULT NULL,
  `name__app__receiveds` varchar(255) CHARACTER SET utf8mb4 COLLATE utf8mb4_unicode_ci DEFAULT NULL,
  `pay__period__dates` date DEFAULT NULL,
  `payment__amount__dates` date DEFAULT NULL,
  `other__payment__dates` date DEFAULT NULL,
  `payment__amounts` date DEFAULT NULL,
  `addition__voucher__nos` date DEFAULT NULL,
  `from__main__vches` date DEFAULT NULL,
  `commitee__decisions` text CHARACTER SET utf8mb4 COLLATE utf8mb4_unicode_ci,
  `meeting__helds` text CHARACTER SET utf8mb4 COLLATE utf8mb4_unicode_ci,
  `commitee__names` varchar(255) CHARACTER SET utf8mb4 COLLATE utf8mb4_unicode_ci DEFAULT NULL,
  `committee__signatures` varchar(255) CHARACTER SET utf8mb4 COLLATE utf8mb4_unicode_ci DEFAULT NULL,
  `committee__dates` date DEFAULT NULL,
  `client__names` varchar(255) CHARACTER SET utf8mb4 COLLATE utf8mb4_unicode_ci DEFAULT NULL,
  `client__signs` varchar(255) CHARACTER SET utf8mb4 COLLATE utf8mb4_unicode_ci DEFAULT NULL,
  `client__dates` date DEFAULT NULL,
  `client__witnesses` varchar(255) CHARACTER SET utf8mb4 COLLATE utf8mb4_unicode_ci DEFAULT NULL,
  `name__clients` varchar(255) CHARACTER SET utf8mb4 COLLATE utf8mb4_unicode_ci DEFAULT NULL,
  `date__clients` date DEFAULT NULL,
  `witness__clients` varchar(255) CHARACTER SET utf8mb4 COLLATE utf8mb4_unicode_ci DEFAULT NULL,
  PRIMARY KEY (`id`)
) ENGINE=MyISAM DEFAULT CHARSET=utf8mb4 COLLATE=utf8mb4_unicode_ci;



# Dump of table cases
# ------------------------------------------------------------

CREATE TABLE `cases` (
  `id` bigint unsigned NOT NULL AUTO_INCREMENT,
  `applicant_number` int unsigned DEFAULT NULL,
  `beneficiary_id` int unsigned DEFAULT NULL,
  `user_id` int unsigned NOT NULL,
  `title` varchar(255) CHARACTER SET utf8mb4 COLLATE utf8mb4_unicode_ci NOT NULL,
  `description` text CHARACTER SET utf8mb4 COLLATE utf8mb4_unicode_ci NOT NULL,
  `file_upload` text CHARACTER SET utf8mb4 COLLATE utf8mb4_unicode_ci,
  `severity` varchar(255) CHARACTER SET utf8mb4 COLLATE utf8mb4_unicode_ci NOT NULL,
  `user_ids` text CHARACTER SET utf8mb4 COLLATE utf8mb4_unicode_ci,
  `role_ids` text CHARACTER SET utf8mb4 COLLATE utf8mb4_unicode_ci,
  `stage` varchar(255) CHARACTER SET utf8mb4 COLLATE utf8mb4_unicode_ci NOT NULL,
  `status` tinyint(1) NOT NULL DEFAULT '0',
  `archived` tinyint(1) NOT NULL DEFAULT '0',
  `created_at` timestamp NULL DEFAULT NULL,
  `updated_at` timestamp NULL DEFAULT NULL,
  PRIMARY KEY (`id`)
) ENGINE=InnoDB DEFAULT CHARSET=utf8mb4 COLLATE=utf8mb4_unicode_ci;



# Dump of table cases_comments_stages
# ------------------------------------------------------------

CREATE TABLE `cases_comments_stages` (
  `id` bigint unsigned NOT NULL AUTO_INCREMENT,
  `case_id` int unsigned NOT NULL,
  `responder` int unsigned DEFAULT NULL,
  `stage` varchar(255) CHARACTER SET utf8mb4 COLLATE utf8mb4_unicode_ci DEFAULT NULL,
  `comment` text CHARACTER SET utf8mb4 COLLATE utf8mb4_unicode_ci,
  `created_at` timestamp NULL DEFAULT NULL,
  `updated_at` timestamp NULL DEFAULT NULL,
  PRIMARY KEY (`id`)
) ENGINE=InnoDB DEFAULT CHARSET=utf8mb4 COLLATE=utf8mb4_unicode_ci;



# Dump of table child_benefits
# ------------------------------------------------------------

CREATE TABLE `child_benefits` (
  `id` int unsigned NOT NULL AUTO_INCREMENT,
  `first__names` varchar(255) CHARACTER SET utf8mb4 COLLATE utf8mb4_unicode_ci DEFAULT NULL,
  `surnames` varchar(255) CHARACTER SET utf8mb4 COLLATE utf8mb4_unicode_ci DEFAULT NULL,
  `islands` text CHARACTER SET utf8mb4 COLLATE utf8mb4_unicode_ci,
  `created_at` timestamp NULL DEFAULT NULL,
  `updated_at` timestamp NULL DEFAULT NULL,
  `supports` text CHARACTER SET utf8mb4 COLLATE utf8mb4_unicode_ci,
  `bci_account_numbers` varchar(255) CHARACTER SET utf8mb4 COLLATE utf8mb4_unicode_ci DEFAULT NULL,
  PRIMARY KEY (`id`)
) ENGINE=MyISAM DEFAULT CHARSET=utf8mb4 COLLATE=utf8mb4_unicode_ci;



# Dump of table comments
# ------------------------------------------------------------

CREATE TABLE `comments` (
  `id` int NOT NULL AUTO_INCREMENT,
  `user_id` int DEFAULT NULL,
  `parent_id` int DEFAULT NULL,
  `comment` text,
  `commentable_id` int DEFAULT NULL,
  `commentable_type` varchar(150) DEFAULT NULL,
  `year` int DEFAULT NULL,
  `quarter` int DEFAULT NULL,
  `created_at` datetime DEFAULT NULL,
  `updated_at` datetime DEFAULT NULL,
  PRIMARY KEY (`id`)
) ENGINE=InnoDB DEFAULT CHARSET=utf8mb3;



# Dump of table complaints
# ------------------------------------------------------------

CREATE TABLE `complaints` (
  `id` int unsigned NOT NULL AUTO_INCREMENT,
  `user_id` int unsigned DEFAULT NULL,
  `categories` text CHARACTER SET utf8mb4 COLLATE utf8mb4_unicode_ci,
  `subjects` varchar(255) CHARACTER SET utf8mb4 COLLATE utf8mb4_unicode_ci DEFAULT NULL,
  `reasons` text CHARACTER SET utf8mb4 COLLATE utf8mb4_unicode_ci,
  `user_ids` text CHARACTER SET utf8mb4 COLLATE utf8mb4_unicode_ci,
  `role_ids` text CHARACTER SET utf8mb4 COLLATE utf8mb4_unicode_ci,
  `stage` varchar(255) CHARACTER SET utf8mb4 COLLATE utf8mb4_unicode_ci DEFAULT NULL,
  `stage_lookup_id` int DEFAULT '0',
  `status` tinyint(1) DEFAULT '1',
  `created_at` timestamp NULL DEFAULT NULL,
  `updated_at` timestamp NULL DEFAULT NULL,
  PRIMARY KEY (`id`)
) ENGINE=InnoDB DEFAULT CHARSET=utf8mb4 COLLATE=utf8mb4_unicode_ci;



# Dump of table complaints_feedback_stages
# ------------------------------------------------------------

CREATE TABLE `complaints_feedback_stages` (
  `id` bigint unsigned NOT NULL AUTO_INCREMENT,
  `complaint_id` int unsigned NOT NULL,
  `responder` int unsigned DEFAULT NULL,
  `stage` varchar(255) CHARACTER SET utf8mb4 COLLATE utf8mb4_unicode_ci DEFAULT NULL,
  `feedback` text CHARACTER SET utf8mb4 COLLATE utf8mb4_unicode_ci,
  `created_at` timestamp NULL DEFAULT NULL,
  `updated_at` timestamp NULL DEFAULT NULL,
  PRIMARY KEY (`id`)
) ENGINE=InnoDB DEFAULT CHARSET=utf8mb4 COLLATE=utf8mb4_unicode_ci;


INSERT INTO `complaints_feedback_stages` (`id`, `complaint_id`, `responder`, `stage`, `feedback`, `created_at`, `updated_at`)
VALUES
	(1,10,1,'Pending Review','<p>Testing in review</p>','2021-12-28 19:04:06','2021-12-28 19:04:06'),
	(2,10,1,'Resolved','<p>Complaint has been resolved</p>','2021-12-28 19:04:29','2021-12-28 19:04:29'),
	(3,10,1,'Close','<p>Confirmed. I can now close it</p>','2021-12-28 19:05:22','2021-12-28 19:05:22'),
	(4,12,8,'Resolved','<p>Payroll has been modified and sent to MFEM</p>','2022-01-19 08:39:37','2022-01-19 08:39:37'),
	(5,12,8,'Close','<p>Modification has been verified and the beneficiary has received payment</p>','2022-01-19 08:40:57','2022-01-19 08:40:57'),
	(6,11,8,'Opened','<p>Check if beneficiary is on payroll</p>','2022-01-20 17:50:26','2022-01-20 17:50:26'),
	(7,11,8,'Resolved',NULL,'2022-01-20 17:51:35','2022-01-20 17:51:35');



# Dump of table contact_details
# ------------------------------------------------------------

CREATE TABLE `contact_details` (
  `id` bigint unsigned NOT NULL AUTO_INCREMENT,
  `type_name` varchar(255) CHARACTER SET utf8mb4 COLLATE utf8mb4_unicode_ci DEFAULT NULL,
  `type` bigint DEFAULT NULL,
  `applicant_number` varchar(255) CHARACTER SET utf8mb4 COLLATE utf8mb4_unicode_ci NOT NULL,
  `mobile` varchar(255) CHARACTER SET utf8mb4 COLLATE utf8mb4_unicode_ci DEFAULT NULL,
  `telephone` varchar(255) CHARACTER SET utf8mb4 COLLATE utf8mb4_unicode_ci DEFAULT '',
  `email` varchar(255) CHARACTER SET utf8mb4 COLLATE utf8mb4_unicode_ci DEFAULT '',
  `code` char(4) CHARACTER SET utf8mb4 COLLATE utf8mb4_unicode_ci DEFAULT NULL,
  `household_number` char(20) CHARACTER SET utf8mb4 COLLATE utf8mb4_unicode_ci DEFAULT NULL,
  `is_household_head` tinyint(1) DEFAULT '0',
  `postal_address` text CHARACTER SET utf8mb4 COLLATE utf8mb4_unicode_ci,
  `upload_residency` text CHARACTER SET utf8mb4 COLLATE utf8mb4_unicode_ci,
  `address` text CHARACTER SET utf8mb4 COLLATE utf8mb4_unicode_ci,
  `village` varchar(255) CHARACTER SET utf8mb4 COLLATE utf8mb4_unicode_ci DEFAULT NULL,
  `island` varchar(255) CHARACTER SET utf8mb4 COLLATE utf8mb4_unicode_ci DEFAULT NULL,
  `status` char(50) CHARACTER SET utf8mb4 COLLATE utf8mb4_unicode_ci DEFAULT 'New',
  `default` tinyint(1) DEFAULT '0',
  `verified` tinyint(1) DEFAULT '0',
  `verified_by` bigint DEFAULT NULL,
  `verified_at` datetime DEFAULT NULL,
  `addedBy` varchar(255) CHARACTER SET utf8mb4 COLLATE utf8mb4_unicode_ci NOT NULL,
  `created_at` timestamp NULL DEFAULT NULL,
  `updated_at` timestamp NULL DEFAULT NULL,
  `deleted_at` timestamp NULL DEFAULT NULL,
  PRIMARY KEY (`id`)
) ENGINE=InnoDB DEFAULT CHARSET=utf8mb4 COLLATE=utf8mb4_unicode_ci;


INSERT INTO `contact_details` (`id`, `type_name`, `type`, `applicant_number`, `mobile`, `telephone`, `email`, `code`, `household_number`, `is_household_head`, `postal_address`, `upload_residency`, `address`, `village`, `island`, `status`, `default`, `verified`, `verified_by`, `verified_at`, `addedBy`, `created_at`, `updated_at`, `deleted_at`)
VALUES
	(1,NULL,NULL,'AITU-19930214-1-001','0501375124','','',NULL,NULL,0,NULL,NULL,NULL,NULL,NULL,'Verified',0,0,NULL,NULL,'1','2022-11-25 09:30:12','2022-11-25 14:55:39','2022-11-25 14:55:39'),
	(2,'Email',110,'AITU-19930214-1-001',NULL,'','asowa45@gmail.com',NULL,NULL,0,NULL,NULL,NULL,NULL,NULL,'Verified',0,0,NULL,NULL,'1','2022-11-25 10:11:26','2022-11-25 10:58:00',NULL),
	(3,NULL,NULL,'AITU-19930214-1-001',NULL,'','hos@mail.com','PPUO',NULL,0,NULL,NULL,NULL,NULL,NULL,'Verified',0,0,NULL,NULL,'1','2022-11-25 10:49:32','2022-11-25 13:01:10',NULL),
	(4,NULL,NULL,'AITU-19930214-1-001','0244237891','','','TCU2',NULL,0,NULL,NULL,NULL,NULL,NULL,'Verified',0,0,NULL,NULL,'1','2022-11-25 10:49:54','2022-11-25 13:02:03',NULL),
	(5,NULL,NULL,'AITU-19930214-1-001','0501375122','','','HQOJ',NULL,0,NULL,NULL,NULL,NULL,NULL,'New',0,0,NULL,NULL,'1','2022-11-25 11:12:39','2022-11-25 12:53:07',NULL),
	(6,'Mobile Number',109,'AITU-19930214-1-001','0557205684','','','ZMZY',NULL,0,NULL,NULL,NULL,NULL,NULL,'Verified',0,0,NULL,NULL,'1','2022-11-25 14:48:29','2022-11-25 14:48:29',NULL),
	(7,NULL,NULL,'AITU-19930214-1-001','0501375124','','',NULL,NULL,0,NULL,NULL,NULL,NULL,NULL,'New',0,0,NULL,NULL,'1','2022-11-25 15:26:45','2022-11-25 15:28:51',NULL),
	(8,'Mobile Number',109,'MANG-19900601-2-001','0501375124','','',NULL,NULL,0,NULL,NULL,NULL,NULL,NULL,'Verified',0,0,NULL,NULL,'2','2022-12-01 14:18:50','2022-12-01 14:19:18',NULL),
	(9,'Mobile Number',109,'MANG-19930616-1-007','0501375124','','',NULL,NULL,0,NULL,NULL,NULL,NULL,NULL,'Verified',1,0,NULL,NULL,'1','2022-12-06 14:42:13','2022-12-06 14:43:13',NULL),
	(10,'Email',110,'MANG-19930616-1-007',NULL,'','asowa45@gmail.com',NULL,NULL,0,NULL,NULL,NULL,NULL,NULL,'Verified',1,0,NULL,NULL,'1','2022-11-25 10:11:26','2022-11-25 10:58:00',NULL),
	(11,'Residential Address',107,'MANG-19930616-1-007',NULL,'','',NULL,NULL,0,NULL,'public/applicants/10/proof-residence/birth-cert.jpeg','Manna Valley','Asokwa','Atiu','Verified',1,0,NULL,NULL,'1','2022-12-06 15:08:17','2022-12-06 15:08:17',NULL),
	(14,'Household',137,'ALB-20100325-2-001',NULL,'','',NULL,'AA000005',1,NULL,NULL,NULL,NULL,NULL,'Verified',0,0,NULL,NULL,'1','2023-03-28 17:42:38','2023-03-28 17:42:38',NULL),
	(15,'Household',137,'MANG-19930616-1-007',NULL,'','',NULL,'AA000005',0,NULL,NULL,NULL,NULL,NULL,'Verified',0,0,NULL,NULL,'1','2023-04-12 22:22:02','2023-04-12 22:22:02',NULL),
	(16,'Household',137,'MANG-19900601-2-001',NULL,'','',NULL,'AA000005',0,NULL,NULL,NULL,NULL,NULL,'Verified',0,0,NULL,NULL,'1','2023-04-13 10:05:22','2023-04-13 10:05:22',NULL),
	(17,'Household',137,'PALM-20050413-1-003',NULL,'','',NULL,'AA000005',0,NULL,NULL,NULL,NULL,NULL,'Verified',0,0,NULL,NULL,'1','2023-04-14 10:39:46','2023-04-14 10:39:46',NULL);



# Dump of table content_config
# ------------------------------------------------------------

CREATE TABLE `content_config` (
  `id` bigint unsigned NOT NULL AUTO_INCREMENT,
  `instance_id` bigint unsigned NOT NULL,
  `key` varchar(255) CHARACTER SET utf8mb4 COLLATE utf8mb4_unicode_ci NOT NULL,
  `text` text CHARACTER SET utf8mb4 COLLATE utf8mb4_unicode_ci,
  `created_by` varchar(255) CHARACTER SET utf8mb4 COLLATE utf8mb4_unicode_ci DEFAULT NULL,
  `updated_by` varchar(255) CHARACTER SET utf8mb4 COLLATE utf8mb4_unicode_ci DEFAULT NULL,
  `created_at` timestamp NULL DEFAULT NULL,
  `updated_at` timestamp NULL DEFAULT NULL,
  PRIMARY KEY (`id`),
  KEY `content_config_instance_id_foreign` (`instance_id`),
  CONSTRAINT `content_config_instance_id_foreign` FOREIGN KEY (`instance_id`) REFERENCES `instances` (`id`)
) ENGINE=InnoDB DEFAULT CHARSET=utf8mb4 COLLATE=utf8mb4_unicode_ci;



# Dump of table counties
# ------------------------------------------------------------

CREATE TABLE `counties` (
  `id` bigint unsigned NOT NULL AUTO_INCREMENT,
  `country_id` bigint unsigned NOT NULL,
  `county` varchar(255) CHARACTER SET utf8mb4 COLLATE utf8mb4_unicode_ci NOT NULL,
  `state` varchar(255) CHARACTER SET utf8mb4 COLLATE utf8mb4_unicode_ci NOT NULL,
  `area` varchar(255) CHARACTER SET utf8mb4 COLLATE utf8mb4_unicode_ci NOT NULL,
  `capital` varchar(255) CHARACTER SET utf8mb4 COLLATE utf8mb4_unicode_ci NOT NULL,
  `status` tinyint(1) DEFAULT '0',
  `created_at` timestamp NULL DEFAULT NULL,
  `updated_at` timestamp NULL DEFAULT NULL,
  PRIMARY KEY (`id`)
) ENGINE=InnoDB DEFAULT CHARSET=utf8mb4 COLLATE=utf8mb4_unicode_ci;



# Dump of table countries
# ------------------------------------------------------------

CREATE TABLE `countries` (
  `id` bigint unsigned NOT NULL AUTO_INCREMENT,
  `country_code` varchar(255) CHARACTER SET utf8mb3 COLLATE utf8mb3_general_ci DEFAULT NULL,
  `country_name` varchar(255) CHARACTER SET utf8mb3 COLLATE utf8mb3_general_ci DEFAULT NULL,
  `capital` varchar(255) CHARACTER SET utf8mb3 COLLATE utf8mb3_general_ci DEFAULT NULL,
  `population` varchar(255) CHARACTER SET utf8mb3 COLLATE utf8mb3_general_ci DEFAULT NULL,
  `nationality` varchar(39) DEFAULT NULL,
  `currency_name` varchar(255) CHARACTER SET utf8mb3 COLLATE utf8mb3_general_ci DEFAULT NULL,
  `currency_code` varchar(255) CHARACTER SET utf8mb3 COLLATE utf8mb3_general_ci DEFAULT NULL,
  `currency_symbol` char(10) CHARACTER SET utf8mb3 COLLATE utf8mb3_general_ci DEFAULT NULL,
  `currency_coins_name` varchar(255) CHARACTER SET utf8mb3 COLLATE utf8mb3_general_ci DEFAULT NULL,
  `coins_code` varchar(255) CHARACTER SET utf8mb3 COLLATE utf8mb3_general_ci DEFAULT NULL,
  `phone_code` varchar(244) DEFAULT NULL,
  `continent_name` varchar(255) DEFAULT NULL,
  `created_at` timestamp NULL DEFAULT NULL,
  `updated_at` timestamp NULL DEFAULT NULL,
  `status` tinyint(1) DEFAULT '0',
  `system` varchar(255) CHARACTER SET utf8mb3 COLLATE utf8mb3_general_ci DEFAULT 'Region',
  `en_short_name` varchar(52) CHARACTER SET utf8mb3 COLLATE utf8mb3_general_ci DEFAULT NULL,
  `alpha_2_code` varchar(2) CHARACTER SET utf8mb3 COLLATE utf8mb3_general_ci DEFAULT NULL,
  `alpha_3_code` varchar(3) CHARACTER SET utf8mb3 COLLATE utf8mb3_general_ci DEFAULT NULL,
  PRIMARY KEY (`id`),
  UNIQUE KEY `alpha_2_code` (`alpha_2_code`),
  UNIQUE KEY `alpha_3_code` (`alpha_3_code`)
) ENGINE=InnoDB DEFAULT CHARSET=utf8mb3;


INSERT INTO `countries` (`id`, `country_code`, `country_name`, `capital`, `population`, `nationality`, `currency_name`, `currency_code`, `currency_symbol`, `currency_coins_name`, `coins_code`, `phone_code`, `continent_name`, `created_at`, `updated_at`, `status`, `system`, `en_short_name`, `alpha_2_code`, `alpha_3_code`)
VALUES
	(1,'AD','Andorra','Andorra la Vella','84,000','Andorran','Euro','EUR','Region','Cent','EUR','376','Europe',NULL,NULL,0,'Region',NULL,NULL,NULL),
	(2,'AE','United Arab Emirates','Abu Dhabi','4,975,593','Emirati','United Arab Emirates dirham','AED','Region','Fils','AED','971','Asia',NULL,NULL,0,'Region',NULL,NULL,NULL),
	(3,'AF','Afghanistan','Kabul','29,121,286','Afghan','Afghan afghani','AFN','Region','Puls','AFN','93','Asia',NULL,'2022-11-29 11:59:40',1,'Region',NULL,NULL,NULL),
	(4,'AG','Antigua and Barbuda','St. Johns','86,754','Antiguan and Barbudan','East Caribbean dollar','XCD','Region','Cent','XCD','267','North America',NULL,NULL,0,'Region',NULL,NULL,NULL),
	(5,'AI','Anguilla','The Valley','13,254','Anguillian','East Caribbean dollar','XCD','Region','Cent','XCD','263','North America',NULL,NULL,0,'Region',NULL,NULL,NULL),
	(6,'AL','Albania','Tirana','2,986,952','Albanian','Albanian lek','ALL','Region','Lek','ALL','355','Europe',NULL,NULL,0,'Region',NULL,NULL,NULL),
	(7,'AM','Armenia','Yerevan','2,968,000','Armenian','Armenian dram','AMD','Region','Dram','AMD','374','Asia',NULL,NULL,0,'Region',NULL,NULL,NULL),
	(8,'AO','Angola','Luanda','13,068,161','Angolan','Angolan kwanza','AOA','Region','Kwanzas','AOA','244','Africa',NULL,NULL,0,'Region',NULL,NULL,NULL),
	(9,'AQ','Antarctica',NULL,'0','Native Antarticans',NULL,NULL,'Region',NULL,NULL,'672','Antarctica',NULL,NULL,0,'Region',NULL,NULL,NULL),
	(10,'AR','Argentina','Buenos Aires','41,343,201','Argentine','Argentine peso','ARS','Region','Centavo','ARS','54','South America',NULL,NULL,0,'Region',NULL,NULL,NULL),
	(11,'AS','American Samoa','Pago Pago','57,881','Samoan','Samoan tala','USD','Region','Cent','USD','683','Oceania',NULL,NULL,0,'Region',NULL,NULL,NULL),
	(12,'AT','Austria','Vienna','8,205,000','Austrian','Euro','EUR','Region','Cent','EUR','43','Europe',NULL,NULL,0,'Region',NULL,NULL,NULL),
	(13,'AU','Australia','Canberra','21,515,754','Australian','Australian dollar','AUD','Region','Cent','AUD','61','Oceania',NULL,NULL,0,'Region',NULL,NULL,NULL),
	(14,'AW','Aruba','Oranjestad','71,566','Arubian','Arubian Florin','AWG','Region','Cent','AWG','297','North America',NULL,NULL,0,'Region',NULL,NULL,NULL),
	(15,'AX','Aland Islands','Mariehamn','26,711','Alandic','Euro','EUR','Region','Cent','EUR','358','Europe',NULL,NULL,0,'Region',NULL,NULL,NULL),
	(16,'AZ','Azerbaijan','Baku','8,303,512','Azerbaijani','Azerbaijani manat','AZN','Region','Gapiks','AZN','994','Asia',NULL,NULL,0,'Region',NULL,NULL,NULL),
	(17,'BA','Bosnia and Herzegovina','Sarajevo','4,590,000','Bosnian','Convertible Marka','BAM','Region','Pfenig','BAM','387','Europe',NULL,NULL,0,'Region',NULL,NULL,NULL),
	(18,'BB','Barbados','Bridgetown','285,653','Barbadian','Barbadian dollar','BBD','Region','Cent','BBD','245','North America',NULL,NULL,0,'Region',NULL,NULL,NULL),
	(19,'BD','Bangladesh','Dhaka','156,118,464','Bangladeshi','Bangladeshi taka','BDT','Region','Poisha','BDT','880','Asia',NULL,NULL,0,'Region',NULL,NULL,NULL),
	(20,'BE','Belgium','Brussels','10,403,000','Belgians','Euro','EUR','Region','Cent','EUR','32','Europe',NULL,NULL,0,'Region',NULL,NULL,NULL),
	(21,'BF','Burkina Faso','Ouagadougou','16,241,811','Burkinabe','West African CFA franc','XOF','Region','Franc','XOF','226','Africa',NULL,NULL,0,'Region',NULL,NULL,NULL),
	(22,'BG','Bulgaria','Sofia','7,148,785','Bulgarian','Bulgarian lev','BGN','Region','Stotinki','BGN','359','Europe',NULL,NULL,0,'Region',NULL,NULL,NULL),
	(23,'BH','Bahrain','Manama','738,004','Bahraini','Bahraini dinar','BHD','Region','Fils','BHD','973','Asia',NULL,NULL,0,'Region',NULL,NULL,NULL),
	(24,'BI','Burundi','Bujumbura','9,863,117','Burundian','Burundian franc','BIF','Region','Centime','BIF','257','Africa',NULL,NULL,0,'Region',NULL,NULL,NULL),
	(25,'BJ','Benin','Porto-Novo','9,056,010','Beninese','West African CFA franc','XOF','Region','Franc','XOF','229','Africa',NULL,NULL,0,'Region',NULL,NULL,NULL),
	(26,'BL','Saint Barthelemy','Gustavia','8,450','Saint Barthelemois','Euro','EUR','Region','Cent','EUR','590','North America',NULL,NULL,0,'Region',NULL,NULL,NULL),
	(27,'BM','Bermuda','Hamilton','65,365','Bermudian','Bermudian Dollar','BMD','Region','Cent','BMD','440','North America',NULL,NULL,0,'Region',NULL,NULL,NULL),
	(28,'BN','Brunei','Bandar Seri Begawan','395,027','Bruneian','Brunei dollar','BND','Region','Cent','BND','673','Asia',NULL,NULL,0,'Region',NULL,NULL,NULL),
	(29,'BO','Bolivia','Sucre','9,947,418','Bolivian','Bolivian boliviano','BOB','Region','Centavo','BOB','591','South America',NULL,NULL,0,'Region',NULL,NULL,NULL),
	(30,'BQ','Bonaire','Kralendijk','18,012','Bonaire','United States dollar','USD','Region','Cent','USD','599','North America',NULL,NULL,0,'Region',NULL,NULL,NULL),
	(31,'BR','Brazil','Brasília','201,103,330','Brazilian','Brazilian real','BRL','Region','Centavo','BRL','55','South America',NULL,NULL,0,'Region',NULL,NULL,NULL),
	(32,'BS','Bahamas','Nassau','301,790','Bahamian','Bahamian dollar','BSD','Region','Cent','BSD','241','North America',NULL,NULL,0,'Region',NULL,NULL,NULL),
	(33,'BT','Bhutan','Thimphu','699,847','Bhutanese','Bhutanese ngultrum','BTN','Region','Chhertum','BTN','975','Asia',NULL,NULL,0,'Region',NULL,NULL,NULL),
	(34,'BV','Bouvet Island',NULL,'0','Bouvet Islanders','Norwegian krone','NOK','Region','Krone','NOK','55','Antarctica',NULL,NULL,0,'Region',NULL,NULL,NULL),
	(35,'BW','Botswana','Gaborone','2,029,307','Botswana','Botswana pula','BWP','Region','Thebe','BWP','267','Africa',NULL,NULL,0,'Region',NULL,NULL,NULL),
	(36,'BY','Belarus','Minsk','9,685,000','Belarusian','Belarusian ruble','BYR','Region','Kapeyka','BYR','375','Europe',NULL,NULL,0,'Region',NULL,NULL,NULL),
	(37,'BZ','Belize','Belmopan','314,522','Belizean','Belize dollar','BZD','Region','Cent','BZD','501','North America',NULL,NULL,0,'Region',NULL,NULL,NULL),
	(38,'CA','Canada','Ottawa','33,679,000','Canadian','Canadian dollar','CAD','Region','Cent','CAD','1','North America',NULL,NULL,0,'Region',NULL,NULL,NULL),
	(39,'CC','Cocos [Keeling] Islands','West Island','628','Coco Islanders','Australian dollar','AUD','Region','Cent','AUD','61','Asia',NULL,NULL,0,'Region',NULL,NULL,NULL),
	(40,'CD','Democratic Republic of the Congo','Kinshasa','70,916,439','Congolese','Congolese franc','CDF','Region','Centime','CDF','243','Africa',NULL,NULL,0,'Region',NULL,NULL,NULL),
	(41,'CF','Central African Republic','Bangui','4,844,927','Central African','Central African CFA franc','XAF','Region','Centime','XAF','236','Africa',NULL,NULL,0,'Region',NULL,NULL,NULL),
	(42,'CG','Republic of the Congo','Brazzaville','3,039,126','Congolese','Central African CFA franc','XAF','Region','Centime','XAF','242','Africa',NULL,NULL,0,'Region',NULL,NULL,NULL),
	(43,'CH','Switzerland','Bern','7,581,000','Swiss','Swiss franc','CHF','Region','Centime','CHF','41','Europe',NULL,NULL,0,'Region',NULL,NULL,NULL),
	(44,'CI','Ivory Coast','Yamoussoukro','21,058,798','Ivorian','West African CFA franc','XOF','Region','Franc','XOF','225','Africa',NULL,NULL,0,'Region',NULL,NULL,NULL),
	(45,'CK','Cook Islands','Avarua','21,388','Cook Islanders','New Zealand dollar','NZD','Region','Cent','NZD','682','Oceania',NULL,NULL,0,'Region',NULL,NULL,NULL),
	(46,'CL','Chile','Santiago','16,746,491','Chilean','Chilean peso','CLP','Region','Centavo','CLP','56','South America',NULL,NULL,0,'Region',NULL,NULL,NULL),
	(47,'CM','Cameroon','Yaoundé','19,294,149','Cameroonian','Central African CFA franc','XAF','Region','Centime','XAF','237','Africa',NULL,NULL,0,'Region',NULL,NULL,NULL),
	(48,'CN','China','Beijing','1,330,044,000','Chinese','Chinese yuan','CNY','Region','Fen','CNY','86','Asia',NULL,NULL,0,'Region',NULL,NULL,NULL),
	(49,'CO','Colombia','Bogotá','47,790,000','Colombian','Colombian peso','COP','Region','Centavo','COP','57','South America',NULL,NULL,0,'Region',NULL,NULL,NULL),
	(50,'CR','Costa Rica','San José','4,516,220','Costa Rican','Costa Rican colon','CRC','Region','Centimos','CRC','506','North America',NULL,NULL,0,'Region',NULL,NULL,NULL),
	(51,'CU','Cuba','Havana','11,423,000','Cuban','Cuban peso','CUP','Region','Centavo','CUP','53','North America',NULL,NULL,0,'Region',NULL,NULL,NULL),
	(52,'CV','Cape Verde','Praia','508,659','Cape Verdean','Cape Verdean escudo','CVE','Region','Centavo','CVE','238','Africa',NULL,NULL,0,'Region',NULL,NULL,NULL),
	(53,'CW','Curacao','Willemstad','141,766','Curacaoan','Netherlands Antillean Guilder','ANG','Region','Cent','ANG','599','North America',NULL,NULL,0,'Region',NULL,NULL,NULL),
	(54,'CX','Christmas Island','Flying Fish Cove','1,500','Christmas Islanders','Australian dollar','AUD','Region','Cent','AUD','61','Asia',NULL,NULL,0,'Region',NULL,NULL,NULL),
	(55,'CY','Cyprus','Nicosia','1,102,677','Cypriot','Euro','EUR','Region','Cent','EUR','357','Europe',NULL,NULL,0,'Region',NULL,NULL,NULL),
	(56,'CZ','Czech Republic','Prague','10,476,000','Czech Republicers','Czech koruna','CZK','Region','Hellers','CZK','420','Europe',NULL,NULL,0,'Region',NULL,NULL,NULL),
	(57,'DE','Germany','Berlin','81,802,257','Germans','Euro','EUR','Region','Cent','EUR','49','Europe',NULL,NULL,0,'Region',NULL,NULL,NULL),
	(58,'DJ','Djibouti','Djibouti','740,528','Djiboutian','Djiboutian franc','DJF','Region','Centime','DJF','253','Africa',NULL,NULL,0,'Region',NULL,NULL,NULL),
	(59,'DK','Denmark','Copenhagen','5,484,000','Danish','Danish krone','DKK','Region','Kroner','DKK','45','Europe',NULL,NULL,0,'Region',NULL,NULL,NULL),
	(60,'DM','Dominica','Roseau','72,813','Dominican','East Caribbean dollar','XCD','Region','Cent','XCD','766','North America',NULL,NULL,0,'Region',NULL,NULL,NULL),
	(61,'DO','Dominican Republic','Santo Domingo','9,823,821','Dominican Republican','Dominican peso','DOP','Region','Centavo','DOP','808','North America',NULL,NULL,0,'Region',NULL,NULL,NULL),
	(62,'DZ','Algeria','Algiers','34,586,184','Algerian','Algerian dinar','DZD','Region','Santeem','DZD','213','Africa',NULL,NULL,0,'Region',NULL,NULL,NULL),
	(63,'EC','Ecuador','Quito','14,790,608','Ecuadorian','United States dollar','USD','Region','Cent','USD','593','South America',NULL,NULL,0,'Region',NULL,NULL,NULL),
	(64,'EE','Estonia','Tallinn','1,291,170','Estonian','Euro','EUR','Region','Cent','EUR','372','Europe',NULL,NULL,0,'Region',NULL,NULL,NULL),
	(65,'EG','Egypt','Cairo','80,471,869','Egyptian','Egyptian pound','EGP','Region','Piastre','EGP','20','Africa',NULL,NULL,0,'Region',NULL,NULL,NULL),
	(66,'EH','Western Sahara','Laâyoune / El Aaiún','273,008','Moroccan','Moroccan dirham','MAD','Region','Centime','MAD','212','Africa',NULL,NULL,0,'Region',NULL,NULL,NULL),
	(67,'ER','Eritrea','Asmara','5,792,984','Eritrean','Eritrean nakfa','ERN','Region','Cent','ERN','291','Africa',NULL,NULL,0,'Region',NULL,NULL,NULL),
	(68,'ES','Spain','Madrid','46,505,963','Spanish','Euro','EUR','Region','Cent','EUR','34','Europe',NULL,NULL,0,'Region',NULL,NULL,NULL),
	(69,'ET','Ethiopia','Addis Ababa','88,013,491','Ethiopian','Ethiopian birr','ETB','Region','Santim','ETB','251','Africa',NULL,NULL,0,'Region',NULL,NULL,NULL),
	(70,'FI','Finland','Helsinki','5,244,000','Finlandish','Euro','EUR','Region','Cent','EUR','358','Europe',NULL,NULL,0,'Region',NULL,NULL,NULL),
	(71,'FJ','Fiji','Suva','875,983','Fijian','Fijian dollar','FJD','Region','Cent','FJD','679','Oceania',NULL,NULL,0,'Region',NULL,NULL,NULL),
	(72,'FK','Falkland Islands','Stanley','2,638','Falkand Islanders','Falkland Islands Pound','FKP','Region','Penny','FKP','500','South America',NULL,NULL,0,'Region',NULL,NULL,NULL),
	(73,'FM','Micronesia','Palikir','107,708','Micronesian','United States dollar','USD','Region','Cent','USD','691','Oceania',NULL,NULL,0,'Region',NULL,NULL,NULL),
	(74,'FO','Faroe Islands','Tórshavn','48,228','Foroe Islanders','Danish krone','DKK','Region','Kroner','DKK','298','Europe',NULL,NULL,0,'Region',NULL,NULL,NULL),
	(75,'FR','France','Paris','64,768,389','French','Euro','EUR','Region','Cent','EUR','33','Europe',NULL,NULL,0,'Region',NULL,NULL,NULL),
	(76,'GA','Gabon','Libreville','1,545,255','Gabonsese','Central African CFA franc','XAF','Region','Centime','XAF','241','Africa',NULL,NULL,0,'Region',NULL,NULL,NULL),
	(77,'GB','United Kingdom','London','62,348,447','British','British pound','GBP','Region','Penny','GBP','44','Europe',NULL,NULL,0,'Region',NULL,NULL,NULL),
	(78,'GD','Grenada','St. George','107,818','Grenadan','East Caribbean dollar','XCD','Region','Cent','XCD','472','North America',NULL,NULL,0,'Region',NULL,NULL,NULL),
	(79,'GE','Georgia','Tbilisi','4,630,000','Georgian','Georgian lari','GEL','Region','Tetri','GEL','995','Asia',NULL,NULL,0,'Region',NULL,NULL,NULL),
	(80,'GF','French Guiana','Cayenne','195,506','French Guianain','Euro','EUR','Region','Cent','EUR','594','South America',NULL,NULL,0,'Region',NULL,NULL,NULL),
	(81,'GG','Guernsey','St Peter Port','65,228','British','Guernsey pound','GBP','Region','Penny','GBP','1437','Europe',NULL,NULL,0,'Region',NULL,NULL,NULL),
	(82,'GH','Ghana','Accra','24,339,838','Ghanaian','Ghanaian cedi','GHS','Region','Pesewa','GHS','233','Africa',NULL,NULL,0,'Region',NULL,NULL,NULL),
	(83,'GI','Gibraltar','Gibraltar','27,884','Gibraltarians','Gibraltar pound','GIP','Region','Penny','GIP','350','Europe',NULL,NULL,0,'Region',NULL,NULL,NULL),
	(84,'GL','Greenland','Nuuk','56,375','Greenlandish','Danish krone','DKK','Region','Kroner','DKK','299','North America',NULL,NULL,0,'Region',NULL,NULL,NULL),
	(85,'GM','Gambia','Bathurst','1,593,256','Gambian','Gambian dalasi','GMD','Region','Butut','GMD','220','Africa',NULL,NULL,0,'Region',NULL,NULL,NULL),
	(86,'GN','Guinea','Conakry','10,324,025','Guinean','Guinean franc','GNF','Region','Centime','GNF','224','Africa',NULL,NULL,0,'Region',NULL,NULL,NULL),
	(87,'GP','Guadeloupe','Basse-Terre','443,000','Creoles','Euro','EUR','Region','Cent','EUR','590','North America',NULL,NULL,0,'Region',NULL,NULL,NULL),
	(88,'GQ','Equatorial Guinea','Malabo','1,014,999','Equatorial Guinean','Central African CFA franc','XAF','Region','Centime','XAF','240','Africa',NULL,NULL,0,'Region',NULL,NULL,NULL),
	(89,'GR','Greece','Athens','11,000,000','Greek','Euro','EUR','Region','Cent','EUR','30','Europe',NULL,NULL,0,'Region',NULL,NULL,NULL),
	(90,'GS','South Georgia and the South Sandwich Islands','Grytviken','30','South Georgian','British pound','GBP','Region','Penny','GBP','500','Antarctica',NULL,NULL,0,'Region',NULL,NULL,NULL),
	(91,'GT','Guatemala','Guatemala City','13,550,440','Guatemalan','Guatemalan quetzal','GTQ','Region','Centavo','GTQ','502','North America',NULL,NULL,0,'Region',NULL,NULL,NULL),
	(92,'GU','Guam','Hagåtña','159,358','Chamorro','United States dollar','USD','Region','Cent','USD','670','Oceania',NULL,NULL,0,'Region',NULL,NULL,NULL),
	(93,'GW','Guinea-Bissau','Bissau','1,565,126','Bissagos','West African CFA franc','XOF','Region','Franc','XOF','245','Africa',NULL,NULL,0,'Region',NULL,NULL,NULL),
	(94,'GY','Guyana','Georgetown','748,486','Guyanese','Guyanese dollar','GYD','Region','Cent','GYD','592','South America',NULL,NULL,0,'Region',NULL,NULL,NULL),
	(95,'HK','Hong Kong','Hong Kong','6,898,686','Hongkongers','Hong Kong Dollar','HKD','Region','Cent','HKD','852','Asia',NULL,NULL,0,'Region',NULL,NULL,NULL),
	(96,'HM','Heard Island and McDonald Islands',NULL,'0','Heard Islanders','Australian dollar','AUD','Region','Cent','AUD','0','Antarctica',NULL,NULL,0,'Region',NULL,NULL,NULL),
	(97,'HN','Honduras','Tegucigalpa','7,989,415','Honduran','Honduran lempira','HNL','Region','Centavo','HNL','504','North America',NULL,NULL,0,'Region',NULL,NULL,NULL),
	(98,'HR','Croatia','Zagreb','4,284,889','Croatian','Croatian kuna','HRK','Region','Lipa','HRK','385','Europe',NULL,NULL,0,'Region',NULL,NULL,NULL),
	(99,'HT','Haiti','Port-au-Prince','9,648,924','Haitian','Haitian gourde','HTG','Region','Centimes','HTG','509','North America',NULL,NULL,0,'Region',NULL,NULL,NULL),
	(100,'HU','Hungary','Budapest','9,982,000','Hungarian','Hungarian forint','HUF','Region','Filler','HUF','62','Europe',NULL,NULL,0,'Region',NULL,NULL,NULL),
	(101,'ID','Indonesia','Jakarta','242,968,342','Indonesian','Indonesian rupiah','IDR','Region','Rupiah','IDR','62','Asia',NULL,NULL,0,'Region',NULL,NULL,NULL),
	(102,'IE','Ireland','Dublin','4,622,917','Irish','Euro','EUR','Region','Cent','EUR','353','Europe',NULL,NULL,0,'Region',NULL,NULL,NULL),
	(103,'IL','Israel',NULL,'7,353,985','Israeli','Israeli new shekel','ILS','Region','Agorot','ILS','972','Asia',NULL,NULL,0,'Region',NULL,NULL,NULL),
	(104,'IM','Isle of Man','Douglas','75,049','Manx','British pound','GBP','Region','Penny','GBP','44','Europe',NULL,NULL,0,'Region',NULL,NULL,NULL),
	(105,'IN','India','New Delhi','1,173,108,018','Indian','Indian rupee','INR','Region','Paise','INR','91','Asia',NULL,NULL,0,'Region',NULL,NULL,NULL),
	(106,'IO','British Indian Ocean Territory',NULL,'4,000','British Overseas','United States dollar','USD','Region','Cent','USD','246','Asia',NULL,NULL,0,'Region',NULL,NULL,NULL),
	(107,'IQ','Iraq','Baghdad','29,671,605','Iraqi','Iraqi dinar','IQD','Region','Fils','IQD','964','Asia',NULL,NULL,0,'Region',NULL,NULL,NULL),
	(108,'IR','Iran','Tehran','76,923,300','Iranian','Iranian rial','IRR','Region','Dinar','IRR','98','Asia',NULL,NULL,0,'Region',NULL,NULL,NULL),
	(109,'IS','Iceland','Reykjavik','308,910','Icelandic','Icelandic krona','ISK','Region','Eyrir','ISK','354','Europe',NULL,NULL,0,'Region',NULL,NULL,NULL),
	(110,'IT','Italy','Rome','60,340,328','Italian','Euro','EUR','Region','Cent','EUR','39','Europe',NULL,NULL,0,'Region',NULL,NULL,NULL),
	(111,'JE','Jersey','Saint Helier','90,812','Jerriais','British pound','GBP','Region','Penny','GBP','44','Europe',NULL,NULL,0,'Region',NULL,NULL,NULL),
	(112,'JM','Jamaica','Kingston','2,847,232','Jamaican','Jamaican dollar','JMD','Region','Cent','JMD','875','North America',NULL,NULL,0,'Region',NULL,NULL,NULL),
	(113,'JO','Jordan','Amman','6,407,085','Jordanian','Jordanian dinar','JOD','Region','Qirsh','JOD','962','Asia',NULL,NULL,0,'Region',NULL,NULL,NULL),
	(114,'JP','Japan','Tokyo','127,288,000','Japanese','Japanese yen','JPY','Region','Yen','JPY','81','Asia',NULL,NULL,0,'Region',NULL,NULL,NULL),
	(115,'KE','Kenya','Nairobi','40,046,566','Kenyan','Kenyan shilling','KES','Region','Cents','KES','254','Africa',NULL,NULL,0,'Region',NULL,NULL,NULL),
	(116,'KG','Kyrgyzstan','Bishkek','5,776,500','Kyrgyzstani','Kyrgyzstani som','KGS','Region','Som','KGS','996','Asia',NULL,NULL,0,'Region',NULL,NULL,NULL),
	(117,'KH','Cambodia','Phnom Penh','14,453,680','Cambodian','Cambodian riel','KHR','Region','Kak','KHR','855','Asia',NULL,NULL,0,'Region',NULL,NULL,NULL),
	(118,'KI','Kiribati','Tarawa','92,533','Kiribatian','Australian dollar','AUD','Region','Cent','AUD','686','Oceania',NULL,NULL,0,'Region',NULL,NULL,NULL),
	(119,'KM','Comoros','Moroni','773,407','Comorian','Comorian franc','KMF','Region','Centime','KMF','269','Africa',NULL,NULL,0,'Region',NULL,NULL,NULL),
	(120,'KN','Saint Kitts and Nevis','Basseterre','51,134','Kittitians','East Caribbean dollar','XCD','Region','Cent','XCD','868','North America',NULL,NULL,0,'Region',NULL,NULL,NULL),
	(121,'KP','North Korea','Pyongyang','22,912,177','North Korean','North Korean won','KPW','Region','Chon','KPW','850','Asia',NULL,NULL,0,'Region',NULL,NULL,NULL),
	(122,'KR','South Korea','Seoul','48,422,644','South Korean','South Korean won','KRW','Region','Jeon','KRW','82','Asia',NULL,NULL,0,'Region',NULL,NULL,NULL),
	(123,'KW','Kuwait','Kuwait City','2,789,132','Kuwaiti','Kuwaiti dinar','KWD','Region','Fils','KWD','965','Asia',NULL,NULL,0,'Region',NULL,NULL,NULL),
	(124,'KY','Cayman Islands','George Town','44,270','Cayman Islanders','Cayman Islands dollar','KYD','Region','Cent','KYD','344','North America',NULL,NULL,0,'Region',NULL,NULL,NULL),
	(125,'KZ','Kazakhstan','Astana','15,340,000','Kazakhstani','Kazakhstani tenge','KZT','Region','Tiyn','KZT','7','Asia',NULL,NULL,0,'Region',NULL,NULL,NULL),
	(126,'LA','Laos','Vientiane','6,368,162','Lao','Lao kip','LAK','Region','Att','LAK','856','Asia',NULL,NULL,0,'Region',NULL,NULL,NULL),
	(127,'LB','Lebanon','Beirut','4,125,247','Lebanese','Lebanese pound','LBP','Region','Paistres','LBP','961','Asia',NULL,NULL,0,'Region',NULL,NULL,NULL),
	(128,'LC','Saint Lucia','Castries','160,922','Saint Lucian','East Caribbean dollar','XCD','Region','Cent','XCD','757','North America',NULL,NULL,0,'Region',NULL,NULL,NULL),
	(129,'LI','Liechtenstein','Vaduz','35,000','Liechtensteiner','Swiss franc','CHF','Region','Centime','CHF','423','Europe',NULL,NULL,0,'Region',NULL,NULL,NULL),
	(130,'LK','Sri Lanka','Colombo','21,513,990','Sri Lankan','Sri Lankan rupee','LKR','Region','Cent','LKR','94','Asia',NULL,NULL,0,'Region',NULL,NULL,NULL),
	(131,'LR','Liberia','Monrovia','3,685,076','Liberian','Liberian dollar','LRD','Region','Cent','LRD','231','Africa',NULL,NULL,0,'Region',NULL,NULL,NULL),
	(132,'LS','Lesotho','Maseru','1,919,552','Mosotho','Lesotho loti','LSL','Region','Lisente','LSL','266','Africa',NULL,NULL,0,'Region',NULL,NULL,NULL),
	(133,'LT','Lithuania','Vilnius','2,944,459','Lithuanian','Euro','EUR','Region','Cent','EUR','370','Europe',NULL,NULL,0,'Region',NULL,NULL,NULL),
	(134,'LU','Luxembourg','Luxembourg','497,538','Luxembourger','Euro','EUR','Region','Cent','EUR','352','Europe',NULL,NULL,0,'Region',NULL,NULL,NULL),
	(135,'LV','Latvia','Riga','2,217,969','Latvian','Euro','EUR','Region','Cent','EUR','371','Europe',NULL,NULL,0,'Region',NULL,NULL,NULL),
	(136,'LY','Libya','Tripoli','6,461,454','Libyan','Libyan dinar','LYD','Region','Dirhams','LYD','218','Africa',NULL,NULL,0,'Region',NULL,NULL,NULL),
	(137,'MA','Morocco','Rabat','33,848,242','Moroccan','Moroccan dirham','MAD','Region','Santimat','MAD','212','Africa',NULL,NULL,0,'Region',NULL,NULL,NULL),
	(138,'MC','Monaco','Monaco','32,965','Monacan','Euro','EUR','Region','Cent','EUR','377','Europe',NULL,NULL,0,'Region',NULL,NULL,NULL),
	(139,'MD','Moldova','Chişinău','4,324,000','Moldovan','Moldovan leu','MDL','Region','Bani','MDL','373','Europe',NULL,NULL,0,'Region',NULL,NULL,NULL),
	(140,'ME','Montenegro','Podgorica','666,730','Montenegrins','Euro','EUR','Region','Cent','EUR','382','Europe',NULL,NULL,0,'Region',NULL,NULL,NULL),
	(141,'MF','Saint Martin','Marigot','35,925','Saint Martiners','Euro','EUR','Region','Cent','EUR','590','North America',NULL,NULL,0,'Region',NULL,NULL,NULL),
	(142,'MG','Madagascar','Antananarivo','21,281,844','Malagasy','Malagasy ariary','MGA','Region','Iraimbilanja','MGA','261','Africa',NULL,NULL,0,'Region',NULL,NULL,NULL),
	(143,'MH','Marshall Islands','Majuro','65,859','Marshall Islanders','United States dollar','USD','Region','Cent','USD','692','Oceania',NULL,NULL,0,'Region',NULL,NULL,NULL),
	(144,'MK','Macedonia','Skopje','2,062,294','Macedonian','Macedonian denar','MKD','Region','Deni','MKD','389','Europe',NULL,NULL,0,'Region',NULL,NULL,NULL),
	(145,'ML','Mali','Bamako','13,796,354','Malian','West African CFA franc','XOF','Region','Franc','XOF','223','Africa',NULL,NULL,0,'Region',NULL,NULL,NULL),
	(146,'MM','Myanmar [Burma]','Naypyitaw','53,414,374','Burmese','Burmese kyat','MMK','Region','Pyas','MMK','95','Asia',NULL,NULL,0,'Region',NULL,NULL,NULL),
	(147,'MN','Mongolia','Ulan Bator','3,086,918','Mongolian','Mongolian togrog','MNT','Region','Mongo','MNT','976','Asia',NULL,NULL,0,'Region',NULL,NULL,NULL),
	(148,'MO','Macao','Macao','449,198','Macansese','Macansese Pataca','MOP','Region','Avos','MOP','853','Asia',NULL,NULL,0,'Region',NULL,NULL,NULL),
	(149,'MP','Northern Mariana Islands','Saipan','53,883','Northern Mariana Islanders','United States dollar','USD','Region','Cent','USD','669','Oceania',NULL,NULL,0,'Region',NULL,NULL,NULL),
	(150,'MQ','Martinique','Fort-de-France','432,900','Martinican','Euro','EUR','Region','Cent','EUR','596','North America',NULL,NULL,0,'Region',NULL,NULL,NULL),
	(151,'MR','Mauritania','Nouakchott','3,205,060','Mauritanian','Mauritanian ouguiya','MRO','Region','Khoums','MRO','222','Africa',NULL,NULL,0,'Region',NULL,NULL,NULL),
	(152,'MS','Montserrat','Plymouth','9,341','Montserratian','East Caribbean dollar','XCD','Region','Cent','XCD','-663','North America',NULL,NULL,0,'Region',NULL,NULL,NULL),
	(153,'MT','Malta','Valletta','403,000','Maltese','Euro','EUR','Region','Cent','EUR','356','Europe',NULL,NULL,0,'Region',NULL,NULL,NULL),
	(154,'MU','Mauritius','Port Louis','1,294,104','Mauritian','Mauritian rupee','MUR','Region','Cent','MUR','230','Africa',NULL,NULL,0,'Region',NULL,NULL,NULL),
	(155,'MV','Maldives','Malé','395,650','Maldivian','Maldivian rufiyaa','MVR','Region','Laari','MVR','960','Asia',NULL,NULL,0,'Region',NULL,NULL,NULL),
	(156,'MW','Malawi','Lilongwe','15,447,500','Malawian','Malawian kwacha','MWK','Region','Tambala','MWK','265','Africa',NULL,NULL,0,'Region',NULL,NULL,NULL),
	(157,'MX','Mexico','Mexico City','112,468,855','Mexican','Mexican peso','MXN','Region','Centavo','MXN','52','North America',NULL,NULL,0,'Region',NULL,NULL,NULL),
	(158,'MY','Malaysia','Kuala Lumpur','28,274,729','Malaysian','Malaysian ringgit','MYR','Region','Sen','MYR','60','Asia',NULL,NULL,0,'Region',NULL,NULL,NULL),
	(159,'MZ','Mozambique','Maputo','22,061,451','Mozambican','Mozambican metical','MZN','Region','Centavo','MZN','258','Africa',NULL,NULL,0,'Region',NULL,NULL,NULL),
	(160,'NA','Namibia','Windhoek','2,128,471','Namibian','Namibian dollar','NAD','Region','Cent','NAD','264','Africa',NULL,NULL,0,'Region',NULL,NULL,NULL),
	(161,'NC','New Caledonia','Noumea','216,494','Caldoche','CFP Franc','XPF','Region','Centime','XPF','687','Oceania',NULL,NULL,0,'Region',NULL,NULL,NULL),
	(162,'NE','Niger','Niamey','15,878,271','Nigerien','West African CFA franc','XOF','Region','Franc','XOF','227','Africa',NULL,NULL,0,'Region',NULL,NULL,NULL),
	(163,'NF','Norfolk Island','Kingston','1,828','Norfolk Islanders','Australian dollar','AUD','Region','Cent','AUD','672','Oceania',NULL,NULL,0,'Region',NULL,NULL,NULL),
	(164,'NG','Nigeria','Abuja','154,000,000','Nigerian','Nigerian naira','NGN','Region','Kobo','NGN','234','Africa',NULL,NULL,0,'Region',NULL,NULL,NULL),
	(165,'NI','Nicaragua','Managua','5,995,928','Nicaraguan','Nicaraguan Cordoba','NIO','Region','Centavo','NIO','505','North America',NULL,NULL,0,'Region',NULL,NULL,NULL),
	(166,'NL','Netherlands','Amsterdam','16,645,000','Dutch','Euro','EUR','Region','Cent','EUR','31','Europe',NULL,NULL,0,'Region',NULL,NULL,NULL),
	(167,'NO','Norway','Oslo','5,009,150','Norwegian','Norwegian krone','NOK','Region','Krone','NOK','47','Europe',NULL,NULL,0,'Region',NULL,NULL,NULL),
	(168,'NP','Nepal','Kathmandu','28,951,852','Nepalese','Nepalese rupee','NPR','Region','Paisa','NPR','977','Asia',NULL,NULL,0,'Region',NULL,NULL,NULL),
	(169,'NR','Nauru','Yaren','10,065','Nauruans','Australian dollar','AUD','Region','Cent','AUD','674','Oceania',NULL,NULL,0,'Region',NULL,NULL,NULL),
	(170,'NU','Niue','Alofi','2,166','Niuean','New Zealand dollar','NZD','Region','Cent','NZD','683','Oceania',NULL,NULL,0,'Region',NULL,NULL,NULL),
	(171,'NZ','New Zealand','Wellington','4,252,277','Kiwi','New Zealand dollar','NZD','Region','Cent','NZD','64','Oceania',NULL,NULL,0,'Region',NULL,NULL,NULL),
	(172,'OM','Oman','Muscat','2,967,717','Omani','Omani rial','OMR','Region','Baisa','OMR','968','Asia',NULL,NULL,0,'Region',NULL,NULL,NULL),
	(173,'PA','Panama','Panama City','3,410,676','Panamanian','Panamanian balboa','PAB','Region','Centesimo','PAB','507','North America',NULL,NULL,0,'Region',NULL,NULL,NULL),
	(174,'PE','Peru','Lima','29,907,003','Peruvian','Peruvian sol','PEN','Region','Centimos','PEN','51','South America',NULL,NULL,0,'Region',NULL,NULL,NULL),
	(175,'PF','French Polynesia','Papeete','270,485','French Polynesian','CFP Franc','XPF','Region','Centime','XPF','689','Oceania',NULL,NULL,0,'Region',NULL,NULL,NULL),
	(176,'PG','Papua New Guinea','Port Moresby','6,064,515','Papua New Guinean','Papua New Guinean kina','PGK','Region','Toea','PGK','675','Oceania',NULL,NULL,0,'Region',NULL,NULL,NULL),
	(177,'PH','Philippines','Manila','99,900,177','Philippine','Philippine peso','PHP','Region','Centavo','PHP','63','Asia',NULL,NULL,0,'Region',NULL,NULL,NULL),
	(178,'PK','Pakistan','Islamabad','184,404,791','Pakistani','Pakistani rupee','PKR','Region','Paise','PKR','92','Asia',NULL,NULL,0,'Region',NULL,NULL,NULL),
	(179,'PL','Poland','Warsaw','38,500,000','Polish','Polish zloty','PLN','Region','Grosz','PLN','48','Europe',NULL,NULL,0,'Region',NULL,NULL,NULL),
	(180,'PM','Saint Pierre and Miquelon','Saint-Pierre','7,012','Saint-Paierrais','Euro','EUR','Region','Cent','EUR','508','North America',NULL,NULL,0,'Region',NULL,NULL,NULL),
	(181,'PN','Pitcairn Islands','Adamstown','46','Pitkerners','New Zealand dollar','NZD','Region','Cent','NZD','64','Oceania',NULL,NULL,0,'Region',NULL,NULL,NULL),
	(182,'PR','Puerto Rico','San Juan','3,916,632','Boricuas','United States dollar','USD','Region','Cent','USD','786','North America',NULL,NULL,0,'Region',NULL,NULL,NULL),
	(183,'PS','Palestine','Jerusalem','3,800,000','Palestine','Isreali New Shekel','ILS','Region','Agora','ILS','970','Asia',NULL,NULL,0,'Region',NULL,NULL,NULL),
	(184,'PT','Portugal','Lisbon','10,676,000','Portuguese','Euro','EUR','Region','Cent','EUR','351','Europe',NULL,NULL,0,'Region',NULL,NULL,NULL),
	(185,'PW','Palau','Melekeok','19,907','Palauans','United States dollar','USD','Region','Cent','USD','680','Oceania',NULL,NULL,0,'Region',NULL,NULL,NULL),
	(186,'PY','Paraguay','Asunción','6,375,830','Paraguayan','Paraguayan Guarani','PYG','Region','Centimo','PYG','595','South America',NULL,NULL,0,'Region',NULL,NULL,NULL),
	(187,'QA','Qatar','Doha','840,926','Qatari','Qatari riyal','QAR','Region','Dirhams','QAR','974','Asia',NULL,NULL,0,'Region',NULL,NULL,NULL),
	(188,'RE','Reunion','Saint-Denis','776,948','Reunionnais','Euro','EUR','Region','Cent','EUR','262','Africa',NULL,NULL,0,'Region',NULL,NULL,NULL),
	(189,'RO','Romania','Bucharest','21,959,278','Romanian','Romanian leu','RON','Region','Bani','RON','40','Europe',NULL,NULL,0,'Region',NULL,NULL,NULL),
	(190,'RS','Serbia','Belgrade','7,344,847','Serbian','Serbian dinar','RSD','Region','Paras','RSD','381','Europe',NULL,NULL,0,'Region',NULL,NULL,NULL),
	(191,'RU','Russia','Moscow','140,702,000','Russian','Russian ruble','RUB','Region','Kopeyka','RUB','7','Europe',NULL,NULL,0,'Region',NULL,NULL,NULL),
	(192,'RW','Rwanda','Kigali','11,055,976','Rwandan','Rwandan franc','RWF','Region','Centime','RWF','250','Africa',NULL,NULL,0,'Region',NULL,NULL,NULL),
	(193,'SA','Saudi Arabia','Riyadh','25,731,776','Saudi','Saudi riyal','SAR','Region','Halalas','SAR','966','Asia',NULL,NULL,0,'Region',NULL,NULL,NULL),
	(194,'SB','Solomon Islands','Honiara','559,198','Solomon Islanders','Solomon Islands dollar','SBD','Region','Cent','SBD','677','Oceania',NULL,NULL,0,'Region',NULL,NULL,NULL),
	(195,'SC','Seychelles','Victoria','88,340','Seychellois','Seychellois rupee','SCR','Region','Cent','SCR','248','Africa',NULL,NULL,0,'Region',NULL,NULL,NULL),
	(196,'SD','Sudan','Khartoum','35,000,000','Sudanese','Sudanese pound','SDG','Region','Qirsh','SDG','249','Africa',NULL,NULL,0,'Region',NULL,NULL,NULL),
	(197,'SE','Sweden','Stockholm','9,828,655','Swedish','Swedish krona','SEK','Region','Krona','SEK','46','Europe',NULL,NULL,0,'Region',NULL,NULL,NULL),
	(198,'SG','Singapore','Singapore','4,701,069','Singaporean','Singapore dollar','SGD','Region','Cent','SGD','65','Asia',NULL,NULL,0,'Region',NULL,NULL,NULL),
	(199,'SH','Saint Helena','Jamestown','7,460','Saints','St. Helena pound','SHP','Region','Penny','SHP','290','Africa',NULL,NULL,0,'Region',NULL,NULL,NULL),
	(200,'SI','Slovenia','Ljubljana','2,007,000','Slovenes','Euro','EUR','Region','Cent','EUR','386','Europe',NULL,NULL,0,'Region',NULL,NULL,NULL),
	(201,'SJ','Svalbard and Jan Mayen','Longyearbyen','2,550','Svalbard-boere','Norwegian krone','NOK','Region','Krone','NOK','47','Europe',NULL,NULL,0,'Region',NULL,NULL,NULL),
	(202,'SK','Slovakia','Bratislava','5,455,000','Slovaks','Euro','EUR','Region','Cent','EUR','421','Europe',NULL,NULL,0,'Region',NULL,NULL,NULL),
	(203,'SL','Sierra Leone','Freetown','5,245,695','Sierra Leonean','Sierra Leonean leone','SLL','Region','Leones','SLL','232','Africa',NULL,NULL,0,'Region',NULL,NULL,NULL),
	(204,'SM','San Marino','San Marino','31,477','Samarinese','Euro','EUR','Region','Cent','EUR','378','Europe',NULL,NULL,0,'Region',NULL,NULL,NULL),
	(205,'SN','Senegal','Dakar','12,323,252','Senegalese','West African CFA franc','XOF','Region','Franc','XOF','221','Africa',NULL,NULL,0,'Region',NULL,NULL,NULL),
	(206,'SO','Somalia','Mogadishu','10,112,453','Somali','Somali shilling','SOS','Region','Senti','SOS','252','Africa',NULL,NULL,0,'Region',NULL,NULL,NULL),
	(207,'SR','Suriname','Paramaribo','492,829','Surinamese','Surinamese dollar','SRD','Region','Cent','SRD','597','South America',NULL,NULL,0,'Region',NULL,NULL,NULL),
	(208,'SS','South Sudan','Juba','8,260,490','South Sudanese','South Sudanese pound','SSP','Region','Piaster','SSP','211','Africa',NULL,NULL,0,'Region',NULL,NULL,NULL),
	(209,'ST','Sao Tome and Principe','Sao Tome','175,808','Sao Tomean','Sao Tome and Principe Dobra','STD','Region','Centimo','STD','239','Africa',NULL,NULL,0,'Region',NULL,NULL,NULL),
	(210,'SV','El Salvador','San Salvador','6,052,064','Salvadorian','United States dollar','USD','Region','Cent','USD','503','North America',NULL,NULL,0,'Region',NULL,NULL,NULL),
	(211,'SX','Sint Maarten','Philipsburg','37,429','Sint Maartener','Netherlands Antillean Guilder','ANG','Region','Cent','ANG','720','North America',NULL,NULL,0,'Region',NULL,NULL,NULL),
	(212,'SY','Syria','Damascus','22,198,110','Syrian','Syrian pound','SYP','Region','Piastre','SYP','963','Asia',NULL,NULL,0,'Region',NULL,NULL,NULL),
	(213,'SZ','Swaziland','Mbabane','1,354,051','Swazi','Swazi Lilangeni','SZL','Region','Cent','SZL','268','Africa',NULL,NULL,0,'Region',NULL,NULL,NULL),
	(214,'TC','Turks and Caicos Islands','Cockburn Town','20,556','Turks and Caicos Islanders','United States dollar','USD','Region','Cent','USD','648','North America',NULL,NULL,0,'Region',NULL,NULL,NULL),
	(215,'TD','Chad','NDjamena','10,543,464','Chadian','Central African CFA franc','XAF','Region','Centime','XAF','235','Africa',NULL,NULL,0,'Region',NULL,NULL,NULL),
	(216,'TF','French Southern Territories','Port-aux-Français','140','French Southern Territories','Euro','EUR','Region','Cent','EUR','262','Antarctica',NULL,NULL,0,'Region',NULL,NULL,NULL),
	(217,'TG','Togo','Lome','6,587,239','Togolese','West African CFA franc','XOF','Region','Franc','XOF','228','Africa',NULL,NULL,0,'Region',NULL,NULL,NULL),
	(218,'TH','Thailand','Bangkok','67,089,500','Thai','Thai baht','THB','Region','Satang','THB','66','Asia',NULL,NULL,0,'Region',NULL,NULL,NULL),
	(219,'TJ','Tajikistan','Dushanbe','7,487,489','Tajikistani','Tajikistani somoni','TJS','Region','Diram','TJS','992','Asia',NULL,NULL,0,'Region',NULL,NULL,NULL),
	(220,'TK','Tokelau',NULL,'1,466','Tokelauans','New Zealand dollar','NZD','Region','Cent','NZD','690','Oceania',NULL,NULL,0,'Region',NULL,NULL,NULL),
	(221,'TL','East Timor','Dili','1,154,625','East Timorese','United States dollar','USD','Region','Cent','USD','670','Oceania',NULL,NULL,0,'Region',NULL,NULL,NULL),
	(222,'TM','Turkmenistan','Ashgabat','4,940,916','Turkmenistani','Turkmenistan manat','TMT','Region','Tenge','TMT','993','Asia',NULL,NULL,0,'Region',NULL,NULL,NULL),
	(223,'TN','Tunisia','Tunis','10,589,025','Tunisian','Tunisian dinar','TND','Region','Dinar','TND','216','Africa',NULL,NULL,0,'Region',NULL,NULL,NULL),
	(224,'TO','Tonga','Nukualofa','122,580','Tongan','Tongan paanga','TOP','Region','Seniti','TOP','676','Oceania',NULL,NULL,0,'Region',NULL,NULL,NULL),
	(225,'TR','Turkey','Ankara','77,804,122','Turkish','Turkish lira','TRY','Region','Kurus','TRY','90','Asia',NULL,NULL,0,'Region',NULL,NULL,NULL),
	(226,'TT','Trinidad and Tobago','Port of Spain','1,228,691','Trinidadians and Tobagonians','Trinidad and Tobago dollar','TTD','Region','Cent','TTD','867','North America',NULL,NULL,0,'Region',NULL,NULL,NULL),
	(227,'TV','Tuvalu','Funafuti','10,472','Tuvaluans','Australian dollar','AUD','Region','Cent','AUD','688','Oceania',NULL,NULL,0,'Region',NULL,NULL,NULL),
	(228,'TW','Taiwan','Taipei','22,894,384','Taiwanese','New Taiwan dollar','TWD','Region','Cent','TWD','886','Asia',NULL,NULL,0,'Region',NULL,NULL,NULL),
	(229,'TZ','Tanzania','Dodoma','41,892,895','Tanzanian','Tanzanian shilling','TZS','Region','Cent','TZS','255','Africa',NULL,NULL,0,'Region',NULL,NULL,NULL),
	(230,'UA','Ukraine','Kiev','45,415,596','Ukrainian','Ukrainian hryvnia','UAH','Region','Kopiyok','UAH','380','Europe',NULL,NULL,0,'Region',NULL,NULL,NULL),
	(231,'UG','Uganda','Kampala','33,398,682','Ugandan','Ugandan shilling','UGX','Region','Cent','UGX','256','Africa',NULL,NULL,0,'Region',NULL,NULL,NULL),
	(232,'UM','U.S. Minor Outlying Islands',NULL,'0','Minor Islanders','United States dollar','USD','Region','Cent','USD','1','Oceania',NULL,NULL,0,'Region',NULL,NULL,NULL),
	(233,'US','United States','Washington','310,232,863','American','United States dollar','USD','Region','Cent','USD','1','North America',NULL,NULL,0,'Region',NULL,NULL,NULL),
	(234,'UY','Uruguay','Montevideo','3,477,000','Uruguayan','Uruguayan peso','UYU','Region','Centavo','UYU','598','South America',NULL,NULL,0,'Region',NULL,NULL,NULL),
	(235,'UZ','Uzbekistan','Tashkent','27,865,738','Uzbekistani','Uzbekistani som','UZS','Region','Som','UZS','998','Asia',NULL,NULL,0,'Region',NULL,NULL,NULL),
	(236,'VA','Vatican City','Vatican City','921','Vaticanien','Euro','EUR','Region','Cent','EUR','379','Europe',NULL,NULL,0,'Region',NULL,NULL,NULL),
	(237,'VC','Saint Vincent and the Grenadines','Kingstown','104,217','Vincentians','East Caribbean dollar','XCD','Region','Cent','XCD','783','North America',NULL,NULL,0,'Region',NULL,NULL,NULL),
	(238,'VE','Venezuela','Caracas','27,223,228','Venezuelan','Venezuelan Bolivar','VEF','Region','Centimo','VEF','58','South America',NULL,NULL,0,'Region',NULL,NULL,NULL),
	(239,'VG','British Virgin Islands','Road Town','21,730','Virgin Islanders','United States dollar','USD','Region','Cent','USD','283','North America',NULL,NULL,0,'Region',NULL,NULL,NULL),
	(240,'VI','U.S. Virgin Islands','Charlotte Amalie','108,708','Virgin Islanders','United States dollar','USD','Region','Cent','USD','339','North America',NULL,NULL,0,'Region',NULL,NULL,NULL),
	(241,'VN','Vietnam','Hanoi','89,571,130','Vietnamese','Vietnamese dong','VND','Region','Hao','VND','84','Asia',NULL,NULL,0,'Region',NULL,NULL,NULL),
	(242,'VU','Vanuatu','Port Vila','221,552','Vanuatuan','Vanuatu vatu','VUV','Region','Vatu','VUV','678','Oceania',NULL,NULL,0,'Region',NULL,NULL,NULL),
	(243,'WF','Wallis and Futuna','Mata-Utu','16,025','Willisian and Futuran','CFP Franc','XPF','Region','Centime','XPF','681','Oceania',NULL,NULL,0,'Region',NULL,NULL,NULL),
	(244,'WS','Samoa','Apia','192,001','Samoan','Samoan tala','WST','Region','Sene','WST','685','Oceania',NULL,NULL,0,'Region',NULL,NULL,NULL),
	(245,'XK','Kosovo','Pristina','1,800,000','Kosovan','Euro','EUR','Region','Cent','EUR','383','Europe',NULL,NULL,0,'Region',NULL,NULL,NULL),
	(246,'YE','Yemen','Sanaa','23,495,361','Yemeni','Yemeni rial','YER','Region','Rial','YER','967','Asia',NULL,NULL,0,'Region',NULL,NULL,NULL),
	(247,'YT','Mayotte','Mamoudzou','159,042','Maorais','Euro','EUR','Region','Cent','EUR','262','Africa',NULL,NULL,0,'Region',NULL,NULL,NULL),
	(248,'ZA','South Africa','Pretoria','49,000,000','South African','South African rand','ZAR','Region','Cent','ZAR','27','Africa',NULL,NULL,0,'Region',NULL,NULL,NULL),
	(249,'ZM','Zambia','Lusaka','13,460,305','Zambian','Zambian kwacha','ZMW','Region','Ngwee','ZMW','260','Africa',NULL,NULL,0,'Region',NULL,NULL,NULL),
	(250,'ZW','Zimbabwe','Harare','13,061,000','Zimbabwean','Zimbabwean dollar','ZWL','Region','Cent','ZWL','263','Africa',NULL,NULL,0,'Region',NULL,NULL,NULL);



# Dump of table countries_copy
# ------------------------------------------------------------

CREATE TABLE `countries_copy` (
  `id` bigint unsigned NOT NULL DEFAULT '0',
  `country_code` varchar(255) CHARACTER SET utf8mb3 COLLATE utf8mb3_general_ci DEFAULT NULL,
  `country_name` varchar(255) CHARACTER SET utf8mb3 COLLATE utf8mb3_general_ci DEFAULT NULL,
  `capital` varchar(255) CHARACTER SET utf8mb3 COLLATE utf8mb3_general_ci DEFAULT NULL,
  `population` varchar(255) CHARACTER SET utf8mb3 COLLATE utf8mb3_general_ci DEFAULT NULL,
  `nationality` varchar(39) DEFAULT NULL,
  `currency_name` varchar(255) CHARACTER SET utf8mb3 COLLATE utf8mb3_general_ci DEFAULT 'Region',
  `currency_code` varchar(255) CHARACTER SET utf8mb3 COLLATE utf8mb3_general_ci DEFAULT 'Region',
  `currency_coins_name` varchar(255) CHARACTER SET utf8mb3 COLLATE utf8mb3_general_ci DEFAULT 'Region',
  `coins_code` varchar(255) CHARACTER SET utf8mb3 COLLATE utf8mb3_general_ci DEFAULT 'Region',
  `phone_code` varchar(244) DEFAULT NULL,
  `continent_name` varchar(255) DEFAULT NULL,
  `created_at` timestamp NULL DEFAULT NULL,
  `updated_at` timestamp NULL DEFAULT NULL,
  `status` tinyint(1) DEFAULT '0',
  `system` varchar(255) CHARACTER SET utf8mb3 COLLATE utf8mb3_general_ci DEFAULT 'Region',
  `en_short_name` varchar(52) CHARACTER SET utf8mb3 COLLATE utf8mb3_general_ci DEFAULT NULL,
  `alpha_2_code` varchar(2) CHARACTER SET utf8mb3 COLLATE utf8mb3_general_ci DEFAULT NULL,
  `alpha_3_code` varchar(3) CHARACTER SET utf8mb3 COLLATE utf8mb3_general_ci DEFAULT NULL,
  PRIMARY KEY (`id`),
  UNIQUE KEY `alpha_2_code` (`alpha_2_code`),
  UNIQUE KEY `alpha_3_code` (`alpha_3_code`)
) ENGINE=InnoDB DEFAULT CHARSET=utf8mb3;


INSERT INTO `countries_copy` (`id`, `country_code`, `country_name`, `capital`, `population`, `nationality`, `currency_name`, `currency_code`, `currency_coins_name`, `coins_code`, `phone_code`, `continent_name`, `created_at`, `updated_at`, `status`, `system`, `en_short_name`, `alpha_2_code`, `alpha_3_code`)
VALUES
	(4,NULL,NULL,NULL,NULL,'Afghan','Region','Region','Region','Region',NULL,NULL,NULL,'2022-07-08 11:53:59',1,'Region','Afghanistan','AF','AFG'),
	(8,NULL,NULL,NULL,NULL,'Albanian','Region','Region','Region','Region',NULL,NULL,NULL,NULL,0,NULL,'Albania','AL','ALB'),
	(10,NULL,NULL,NULL,NULL,'Antarctic','Region','Region','Region','Region',NULL,NULL,NULL,NULL,0,NULL,'Antarctica','AQ','ATA'),
	(12,NULL,NULL,NULL,NULL,'Algerian','Region','Region','Region','Region',NULL,NULL,NULL,NULL,0,NULL,'Algeria','DZ','DZA'),
	(16,NULL,NULL,NULL,NULL,'American Samoan','Region','Region','Region','Region',NULL,NULL,NULL,NULL,0,NULL,'American Samoa','AS','ASM'),
	(20,NULL,NULL,NULL,NULL,'Andorran','Region','Region','Region','Region',NULL,NULL,NULL,NULL,0,NULL,'Andorra','AD','AND'),
	(24,NULL,NULL,NULL,NULL,'Angolan','Region','Region','Region','Region',NULL,NULL,NULL,NULL,0,NULL,'Angola','AO','AGO'),
	(28,NULL,NULL,NULL,NULL,'Antiguan or Barbudan','Region','Region','Region','Region',NULL,NULL,NULL,NULL,0,NULL,'Antigua and Barbuda','AG','ATG'),
	(31,NULL,NULL,NULL,NULL,'Azerbaijani, Azeri','Region','Region','Region','Region',NULL,NULL,NULL,NULL,0,NULL,'Azerbaijan','AZ','AZE'),
	(32,NULL,NULL,NULL,NULL,'Argentine','Region','Region','Region','Region',NULL,NULL,NULL,NULL,0,NULL,'Argentina','AR','ARG'),
	(36,NULL,NULL,NULL,NULL,'Australian','Region','Region','Region','Region',NULL,NULL,NULL,NULL,0,NULL,'Australia','AU','AUS'),
	(40,NULL,NULL,NULL,NULL,'Austrian','Region','Region','Region','Region',NULL,NULL,NULL,NULL,0,NULL,'Austria','AT','AUT'),
	(44,NULL,NULL,NULL,NULL,'Bahamian','Region','Region','Region','Region',NULL,NULL,NULL,NULL,0,NULL,'Bahamas','BS','BHS'),
	(48,NULL,NULL,NULL,NULL,'Bahraini','Region','Region','Region','Region',NULL,NULL,NULL,NULL,0,NULL,'Bahrain','BH','BHR'),
	(50,NULL,NULL,NULL,NULL,'Bangladeshi','Region','Region','Region','Region',NULL,NULL,NULL,NULL,0,NULL,'Bangladesh','BD','BGD'),
	(51,NULL,NULL,NULL,NULL,'Armenian','Region','Region','Region','Region',NULL,NULL,NULL,NULL,0,NULL,'Armenia','AM','ARM'),
	(52,NULL,NULL,NULL,NULL,'Barbadian','Region','Region','Region','Region',NULL,NULL,NULL,NULL,0,NULL,'Barbados','BB','BRB'),
	(56,NULL,NULL,NULL,NULL,'Belgian','Region','Region','Region','Region',NULL,NULL,NULL,NULL,0,NULL,'Belgium','BE','BEL'),
	(60,NULL,NULL,NULL,NULL,'Bermudian, Bermudan','Region','Region','Region','Region',NULL,NULL,NULL,NULL,0,NULL,'Bermuda','BM','BMU'),
	(64,NULL,NULL,NULL,NULL,'Bhutanese','Region','Region','Region','Region',NULL,NULL,NULL,NULL,0,NULL,'Bhutan','BT','BTN'),
	(68,NULL,NULL,NULL,NULL,'Bolivian','Region','Region','Region','Region',NULL,NULL,NULL,NULL,0,NULL,'Bolivia (Plurinational State of)','BO','BOL'),
	(70,NULL,NULL,NULL,NULL,'Bosnian or Herzegovinian','Region','Region','Region','Region',NULL,NULL,NULL,NULL,0,NULL,'Bosnia and Herzegovina','BA','BIH'),
	(72,NULL,NULL,NULL,NULL,'Motswana, Botswanan','Region','Region','Region','Region',NULL,NULL,NULL,NULL,0,NULL,'Botswana','BW','BWA'),
	(74,NULL,NULL,NULL,NULL,'Bouvet Island','Region','Region','Region','Region',NULL,NULL,NULL,NULL,0,NULL,'Bouvet Island','BV','BVT'),
	(76,NULL,NULL,NULL,NULL,'Brazilian','Region','Region','Region','Region',NULL,NULL,NULL,NULL,0,NULL,'Brazil','BR','BRA'),
	(84,NULL,NULL,NULL,NULL,'Belizean','Region','Region','Region','Region',NULL,NULL,NULL,NULL,0,NULL,'Belize','BZ','BLZ'),
	(86,NULL,NULL,NULL,NULL,'BIOT','Region','Region','Region','Region',NULL,NULL,NULL,NULL,0,NULL,'British Indian Ocean Territory','IO','IOT'),
	(90,NULL,NULL,NULL,NULL,'Solomon Island','Region','Region','Region','Region',NULL,NULL,NULL,NULL,0,NULL,'Solomon Islands','SB','SLB'),
	(92,NULL,NULL,NULL,NULL,'British Virgin Island','Region','Region','Region','Region',NULL,NULL,NULL,NULL,0,NULL,'Virgin Islands (British)','VG','VGB'),
	(96,NULL,NULL,NULL,NULL,'Bruneian','Region','Region','Region','Region',NULL,NULL,NULL,NULL,0,NULL,'Brunei Darussalam','BN','BRN'),
	(100,NULL,NULL,NULL,NULL,'Bulgarian','Region','Region','Region','Region',NULL,NULL,NULL,NULL,0,NULL,'Bulgaria','BG','BGR'),
	(104,NULL,NULL,NULL,NULL,'Burmese','Region','Region','Region','Region',NULL,NULL,NULL,NULL,0,NULL,'Myanmar','MM','MMR'),
	(108,NULL,NULL,NULL,NULL,'Burundian','Region','Region','Region','Region',NULL,NULL,NULL,NULL,0,NULL,'Burundi','BI','BDI'),
	(112,NULL,NULL,NULL,NULL,'Belarusian','Region','Region','Region','Region',NULL,NULL,NULL,NULL,0,NULL,'Belarus','BY','BLR'),
	(116,NULL,NULL,NULL,NULL,'Cambodian','Region','Region','Region','Region',NULL,NULL,NULL,NULL,0,NULL,'Cambodia','KH','KHM'),
	(120,NULL,NULL,NULL,NULL,'Cameroonian','Region','Region','Region','Region',NULL,NULL,NULL,NULL,0,NULL,'Cameroon','CM','CMR'),
	(124,NULL,NULL,NULL,NULL,'Canadian','Region','Region','Region','Region',NULL,NULL,NULL,NULL,0,NULL,'Canada','CA','CAN'),
	(132,NULL,NULL,NULL,NULL,'Cabo Verdean','Region','Region','Region','Region',NULL,NULL,NULL,NULL,0,NULL,'Cabo Verde','CV','CPV'),
	(136,NULL,NULL,NULL,NULL,'Caymanian','Region','Region','Region','Region',NULL,NULL,NULL,NULL,0,NULL,'Cayman Islands','KY','CYM'),
	(140,NULL,NULL,NULL,NULL,'Central African','Region','Region','Region','Region',NULL,NULL,NULL,NULL,0,NULL,'Central African Republic','CF','CAF'),
	(144,NULL,NULL,NULL,NULL,'Sri Lankan','Region','Region','Region','Region',NULL,NULL,NULL,NULL,0,NULL,'Sri Lanka','LK','LKA'),
	(148,NULL,NULL,NULL,NULL,'Chadian','Region','Region','Region','Region',NULL,NULL,NULL,NULL,0,NULL,'Chad','TD','TCD'),
	(152,NULL,NULL,NULL,NULL,'Chilean','Region','Region','Region','Region',NULL,NULL,NULL,NULL,0,NULL,'Chile','CL','CHL'),
	(156,NULL,NULL,NULL,NULL,'Chinese','Region','Region','Region','Region',NULL,NULL,NULL,NULL,0,NULL,'China','CN','CHN'),
	(158,NULL,NULL,NULL,NULL,'Chinese, Taiwanese','Region','Region','Region','Region',NULL,NULL,NULL,NULL,0,NULL,'Taiwan, Province of China','TW','TWN'),
	(162,NULL,NULL,NULL,NULL,'Christmas Island','Region','Region','Region','Region',NULL,NULL,NULL,NULL,0,NULL,'Christmas Island','CX','CXR'),
	(166,NULL,NULL,NULL,NULL,'Cocos Island','Region','Region','Region','Region',NULL,NULL,NULL,NULL,0,NULL,'Cocos (Keeling) Islands','CC','CCK'),
	(170,NULL,NULL,NULL,NULL,'Colombian','Region','Region','Region','Region',NULL,NULL,NULL,NULL,0,NULL,'Colombia','CO','COL'),
	(174,NULL,NULL,NULL,NULL,'Comoran, Comorian','Region','Region','Region','Region',NULL,NULL,NULL,NULL,0,NULL,'Comoros','KM','COM'),
	(175,NULL,NULL,NULL,NULL,'Mahoran','Region','Region','Region','Region',NULL,NULL,NULL,NULL,0,NULL,'Mayotte','YT','MYT'),
	(178,NULL,NULL,NULL,NULL,'Congolese','Region','Region','Region','Region',NULL,NULL,NULL,NULL,0,NULL,'Congo (Republic of the)','CG','COG'),
	(180,NULL,NULL,NULL,NULL,'Congolese','Region','Region','Region','Region',NULL,NULL,NULL,NULL,0,NULL,'Congo (Democratic Republic of the)','CD','COD'),
	(184,NULL,NULL,NULL,NULL,'Cook Island','Region','Region','Region','Region',NULL,NULL,NULL,NULL,0,NULL,'Cook Islands','CK','COK'),
	(188,NULL,NULL,NULL,NULL,'Costa Rican','Region','Region','Region','Region',NULL,NULL,NULL,NULL,0,NULL,'Costa Rica','CR','CRI'),
	(191,NULL,NULL,NULL,NULL,'Croatian','Region','Region','Region','Region',NULL,NULL,NULL,NULL,0,NULL,'Croatia','HR','HRV'),
	(192,NULL,NULL,NULL,NULL,'Cuban','Region','Region','Region','Region',NULL,NULL,NULL,NULL,0,NULL,'Cuba','CU','CUB'),
	(196,NULL,NULL,NULL,NULL,'Cypriot','Region','Region','Region','Region',NULL,NULL,NULL,NULL,0,NULL,'Cyprus','CY','CYP'),
	(203,NULL,NULL,NULL,NULL,'Czech','Region','Region','Region','Region',NULL,NULL,NULL,NULL,0,NULL,'Czech Republic','CZ','CZE'),
	(204,NULL,NULL,NULL,NULL,'Beninese, Beninois','Region','Region','Region','Region',NULL,NULL,NULL,NULL,0,NULL,'Benin','BJ','BEN'),
	(208,NULL,NULL,NULL,NULL,'Danish','Region','Region','Region','Region',NULL,NULL,NULL,NULL,0,NULL,'Denmark','DK','DNK'),
	(212,NULL,NULL,NULL,NULL,'Dominican','Region','Region','Region','Region',NULL,NULL,NULL,NULL,0,NULL,'Dominica','DM','DMA'),
	(214,NULL,NULL,NULL,NULL,'Dominican','Region','Region','Region','Region',NULL,NULL,NULL,NULL,0,NULL,'Dominican Republic','DO','DOM'),
	(218,NULL,NULL,NULL,NULL,'Ecuadorian','Region','Region','Region','Region',NULL,NULL,NULL,NULL,0,NULL,'Ecuador','EC','ECU'),
	(222,NULL,NULL,NULL,NULL,'Salvadoran','Region','Region','Region','Region',NULL,NULL,NULL,NULL,0,NULL,'El Salvador','SV','SLV'),
	(226,NULL,NULL,NULL,NULL,'Equatorial Guinean, Equatoguinean','Region','Region','Region','Region',NULL,NULL,NULL,NULL,0,NULL,'Equatorial Guinea','GQ','GNQ'),
	(231,NULL,NULL,NULL,NULL,'Ethiopian','Region','Region','Region','Region',NULL,NULL,NULL,NULL,0,NULL,'Ethiopia','ET','ETH'),
	(232,NULL,NULL,NULL,NULL,'Eritrean','Region','Region','Region','Region',NULL,NULL,NULL,NULL,0,NULL,'Eritrea','ER','ERI'),
	(233,NULL,NULL,NULL,NULL,'Estonian','Region','Region','Region','Region',NULL,NULL,NULL,NULL,0,NULL,'Estonia','EE','EST'),
	(234,NULL,NULL,NULL,NULL,'Faroese','Region','Region','Region','Region',NULL,NULL,NULL,NULL,0,NULL,'Faroe Islands','FO','FRO'),
	(238,NULL,NULL,NULL,NULL,'Falkland Island','Region','Region','Region','Region',NULL,NULL,NULL,NULL,0,NULL,'Falkland Islands (Malvinas)','FK','FLK'),
	(239,NULL,NULL,NULL,NULL,'South Georgia or South Sandwich Islands','Region','Region','Region','Region',NULL,NULL,NULL,NULL,0,NULL,'South Georgia and the South Sandwich Islands','GS','SGS'),
	(242,NULL,NULL,NULL,NULL,'Fijian','Region','Region','Region','Region',NULL,NULL,NULL,NULL,0,NULL,'Fiji','FJ','FJI'),
	(246,NULL,NULL,NULL,NULL,'Finnish','Region','Region','Region','Region',NULL,NULL,NULL,NULL,0,NULL,'Finland','FI','FIN'),
	(248,NULL,NULL,NULL,NULL,'Åland Island','Region','Region','Region','Region',NULL,NULL,NULL,'2022-07-08 11:54:34',1,'County','Åland Islands','AX','ALA'),
	(250,NULL,NULL,NULL,NULL,'French','Region','Region','Region','Region',NULL,NULL,NULL,NULL,0,NULL,'France','FR','FRA'),
	(254,NULL,NULL,NULL,NULL,'French Guianese','Region','Region','Region','Region',NULL,NULL,NULL,NULL,0,NULL,'French Guiana','GF','GUF'),
	(258,NULL,NULL,NULL,NULL,'French Polynesian','Region','Region','Region','Region',NULL,NULL,NULL,NULL,0,NULL,'French Polynesia','PF','PYF'),
	(260,NULL,NULL,NULL,NULL,'French Southern Territories','Region','Region','Region','Region',NULL,NULL,NULL,NULL,0,NULL,'French Southern Territories','TF','ATF'),
	(262,NULL,NULL,NULL,NULL,'Djiboutian','Region','Region','Region','Region',NULL,NULL,NULL,NULL,0,NULL,'Djibouti','DJ','DJI'),
	(266,NULL,NULL,NULL,NULL,'Gabonese','Region','Region','Region','Region',NULL,NULL,NULL,NULL,0,NULL,'Gabon','GA','GAB'),
	(268,NULL,NULL,NULL,NULL,'Georgian','Region','Region','Region','Region',NULL,NULL,NULL,NULL,0,NULL,'Georgia','GE','GEO'),
	(270,NULL,NULL,NULL,NULL,'Gambian','Region','Region','Region','Region',NULL,NULL,NULL,NULL,0,NULL,'Gambia','GM','GMB'),
	(275,NULL,NULL,NULL,NULL,'Palestinian','Region','Region','Region','Region',NULL,NULL,NULL,NULL,0,NULL,'Palestine, State of','PS','PSE'),
	(276,NULL,NULL,NULL,NULL,'German','Region','Region','Region','Region',NULL,NULL,NULL,NULL,0,NULL,'Germany','DE','DEU'),
	(288,NULL,NULL,NULL,NULL,'Ghanaian','Region','Region','Region','Region',NULL,NULL,NULL,'2022-07-08 14:38:16',1,'Region','Ghana','GH','GHA'),
	(292,NULL,NULL,NULL,NULL,'Gibraltar','Region','Region','Region','Region',NULL,NULL,NULL,NULL,0,NULL,'Gibraltar','GI','GIB'),
	(296,NULL,NULL,NULL,NULL,'I-Kiribati','Region','Region','Region','Region',NULL,NULL,NULL,NULL,0,NULL,'Kiribati','KI','KIR'),
	(300,NULL,NULL,NULL,NULL,'Greek, Hellenic','Region','Region','Region','Region',NULL,NULL,NULL,NULL,0,NULL,'Greece','GR','GRC'),
	(304,NULL,NULL,NULL,NULL,'Greenlandic','Region','Region','Region','Region',NULL,NULL,NULL,NULL,0,NULL,'Greenland','GL','GRL'),
	(308,NULL,NULL,NULL,NULL,'Grenadian','Region','Region','Region','Region',NULL,NULL,NULL,NULL,0,NULL,'Grenada','GD','GRD'),
	(312,NULL,NULL,NULL,NULL,'Guadeloupe','Region','Region','Region','Region',NULL,NULL,NULL,NULL,0,NULL,'Guadeloupe','GP','GLP'),
	(316,NULL,NULL,NULL,NULL,'Guamanian, Guambat','Region','Region','Region','Region',NULL,NULL,NULL,NULL,0,NULL,'Guam','GU','GUM'),
	(320,NULL,NULL,NULL,NULL,'Guatemalan','Region','Region','Region','Region',NULL,NULL,NULL,NULL,0,NULL,'Guatemala','GT','GTM'),
	(324,NULL,NULL,NULL,NULL,'Guinean','Region','Region','Region','Region',NULL,NULL,NULL,NULL,0,NULL,'Guinea','GN','GIN'),
	(328,NULL,NULL,NULL,NULL,'Guyanese','Region','Region','Region','Region',NULL,NULL,NULL,NULL,0,NULL,'Guyana','GY','GUY'),
	(332,NULL,NULL,NULL,NULL,'Haitian','Region','Region','Region','Region',NULL,NULL,NULL,NULL,0,NULL,'Haiti','HT','HTI'),
	(334,NULL,NULL,NULL,NULL,'Heard Island or McDonald Islands','Region','Region','Region','Region',NULL,NULL,NULL,NULL,0,NULL,'Heard Island and McDonald Islands','HM','HMD'),
	(336,NULL,NULL,NULL,NULL,'Vatican','Region','Region','Region','Region',NULL,NULL,NULL,NULL,0,NULL,'Vatican City State','VA','VAT'),
	(340,NULL,NULL,NULL,NULL,'Honduran','Region','Region','Region','Region',NULL,NULL,NULL,NULL,0,NULL,'Honduras','HN','HND'),
	(344,NULL,NULL,NULL,NULL,'Hong Kong, Hong Kongese','Region','Region','Region','Region',NULL,NULL,NULL,NULL,0,NULL,'Hong Kong','HK','HKG'),
	(348,NULL,NULL,NULL,NULL,'Hungarian, Magyar','Region','Region','Region','Region',NULL,NULL,NULL,NULL,0,NULL,'Hungary','HU','HUN'),
	(352,NULL,NULL,NULL,NULL,'Icelandic','Region','Region','Region','Region',NULL,NULL,NULL,NULL,0,NULL,'Iceland','IS','ISL'),
	(356,NULL,NULL,NULL,NULL,'Indian','Region','Region','Region','Region',NULL,NULL,NULL,NULL,0,NULL,'India','IN','IND'),
	(360,NULL,NULL,NULL,NULL,'Indonesian','Region','Region','Region','Region',NULL,NULL,NULL,NULL,0,NULL,'Indonesia','ID','IDN'),
	(364,NULL,NULL,NULL,NULL,'Iranian, Persian','Region','Region','Region','Region',NULL,NULL,NULL,NULL,0,NULL,'Iran','IR','IRN'),
	(368,NULL,NULL,NULL,NULL,'Iraqi','Region','Region','Region','Region',NULL,NULL,NULL,NULL,0,NULL,'Iraq','IQ','IRQ'),
	(372,NULL,NULL,NULL,NULL,'Irish','Region','Region','Region','Region',NULL,NULL,NULL,NULL,0,NULL,'Ireland','IE','IRL'),
	(376,NULL,NULL,NULL,NULL,'Israeli','Region','Region','Region','Region',NULL,NULL,NULL,NULL,0,NULL,'Israel','IL','ISR'),
	(380,NULL,NULL,NULL,NULL,'Italian','Region','Region','Region','Region',NULL,NULL,NULL,NULL,0,NULL,'Italy','IT','ITA'),
	(384,NULL,NULL,NULL,NULL,'Ivorian','Region','Region','Region','Region',NULL,NULL,NULL,NULL,0,NULL,'Côte d\'Ivoire','CI','CIV'),
	(388,NULL,NULL,NULL,NULL,'Jamaican','Region','Region','Region','Region',NULL,NULL,NULL,NULL,0,NULL,'Jamaica','JM','JAM'),
	(392,NULL,NULL,NULL,NULL,'Japanese','Region','Region','Region','Region',NULL,NULL,NULL,NULL,0,NULL,'Japan','JP','JPN'),
	(398,NULL,NULL,NULL,NULL,'Kazakhstani, Kazakh','Region','Region','Region','Region',NULL,NULL,NULL,NULL,0,NULL,'Kazakhstan','KZ','KAZ'),
	(400,NULL,NULL,NULL,NULL,'Jordanian','Region','Region','Region','Region',NULL,NULL,NULL,NULL,0,NULL,'Jordan','JO','JOR'),
	(404,NULL,NULL,NULL,NULL,'Kenyan','Region','Region','Region','Region',NULL,NULL,NULL,'2022-07-08 11:55:01',1,'County','Kenya','KE','KEN'),
	(408,NULL,NULL,NULL,NULL,'North Korean','Region','Region','Region','Region',NULL,NULL,NULL,NULL,0,NULL,'Korea (Democratic People\'s Republic of)','KP','PRK'),
	(410,NULL,NULL,NULL,NULL,'South Korean','Region','Region','Region','Region',NULL,NULL,NULL,NULL,0,NULL,'Korea (Republic of)','KR','KOR'),
	(414,NULL,NULL,NULL,NULL,'Kuwaiti','Region','Region','Region','Region',NULL,NULL,NULL,NULL,0,NULL,'Kuwait','KW','KWT'),
	(417,NULL,NULL,NULL,NULL,'Kyrgyzstani, Kyrgyz, Kirgiz, Kirghiz','Region','Region','Region','Region',NULL,NULL,NULL,NULL,0,NULL,'Kyrgyzstan','KG','KGZ'),
	(418,NULL,NULL,NULL,NULL,'Lao, Laotian','Region','Region','Region','Region',NULL,NULL,NULL,NULL,0,NULL,'Lao People\'s Democratic Republic','LA','LAO'),
	(422,NULL,NULL,NULL,NULL,'Lebanese','Region','Region','Region','Region',NULL,NULL,NULL,NULL,0,NULL,'Lebanon','LB','LBN'),
	(426,NULL,NULL,NULL,NULL,'Basotho','Region','Region','Region','Region',NULL,NULL,NULL,NULL,0,NULL,'Lesotho','LS','LSO'),
	(428,NULL,NULL,NULL,NULL,'Latvian','Region','Region','Region','Region',NULL,NULL,NULL,NULL,0,NULL,'Latvia','LV','LVA'),
	(430,NULL,NULL,NULL,NULL,'Liberian','Region','Region','Region','Region',NULL,NULL,NULL,NULL,0,NULL,'Liberia','LR','LBR'),
	(434,NULL,NULL,NULL,NULL,'Libyan','Region','Region','Region','Region',NULL,NULL,NULL,NULL,0,NULL,'Libya','LY','LBY'),
	(438,NULL,NULL,NULL,NULL,'Liechtenstein','Region','Region','Region','Region',NULL,NULL,NULL,NULL,0,NULL,'Liechtenstein','LI','LIE'),
	(440,NULL,NULL,NULL,NULL,'Lithuanian','Region','Region','Region','Region',NULL,NULL,NULL,NULL,0,NULL,'Lithuania','LT','LTU'),
	(442,NULL,NULL,NULL,NULL,'Luxembourg, Luxembourgish','Region','Region','Region','Region',NULL,NULL,NULL,NULL,0,NULL,'Luxembourg','LU','LUX'),
	(446,NULL,NULL,NULL,NULL,'Macanese, Chinese','Region','Region','Region','Region',NULL,NULL,NULL,NULL,0,NULL,'Macao','MO','MAC'),
	(450,NULL,NULL,NULL,NULL,'Malagasy','Region','Region','Region','Region',NULL,NULL,NULL,NULL,0,NULL,'Madagascar','MG','MDG'),
	(454,NULL,NULL,NULL,NULL,'Malawian','Region','Region','Region','Region',NULL,NULL,NULL,NULL,0,NULL,'Malawi','MW','MWI'),
	(458,NULL,NULL,NULL,NULL,'Malaysian','Region','Region','Region','Region',NULL,NULL,NULL,NULL,0,NULL,'Malaysia','MY','MYS'),
	(462,NULL,NULL,NULL,NULL,'Maldivian','Region','Region','Region','Region',NULL,NULL,NULL,NULL,0,NULL,'Maldives','MV','MDV'),
	(466,NULL,NULL,NULL,NULL,'Malian, Malinese','Region','Region','Region','Region',NULL,NULL,NULL,NULL,0,NULL,'Mali','ML','MLI'),
	(470,NULL,NULL,NULL,NULL,'Maltese','Region','Region','Region','Region',NULL,NULL,NULL,NULL,0,NULL,'Malta','MT','MLT'),
	(474,NULL,NULL,NULL,NULL,'Martiniquais, Martinican','Region','Region','Region','Region',NULL,NULL,NULL,NULL,0,NULL,'Martinique','MQ','MTQ'),
	(478,NULL,NULL,NULL,NULL,'Mauritanian','Region','Region','Region','Region',NULL,NULL,NULL,NULL,0,NULL,'Mauritania','MR','MRT'),
	(480,NULL,NULL,NULL,NULL,'Mauritian','Region','Region','Region','Region',NULL,NULL,NULL,NULL,0,NULL,'Mauritius','MU','MUS'),
	(484,NULL,NULL,NULL,NULL,'Mexican','Region','Region','Region','Region',NULL,NULL,NULL,NULL,0,NULL,'Mexico','MX','MEX'),
	(492,NULL,NULL,NULL,NULL,'Monégasque, Monacan','Region','Region','Region','Region',NULL,NULL,NULL,NULL,0,NULL,'Monaco','MC','MCO'),
	(496,NULL,NULL,NULL,NULL,'Mongolian','Region','Region','Region','Region',NULL,NULL,NULL,NULL,0,NULL,'Mongolia','MN','MNG'),
	(498,NULL,NULL,NULL,NULL,'Moldovan','Region','Region','Region','Region',NULL,NULL,NULL,NULL,0,NULL,'Moldova (Republic of)','MD','MDA'),
	(499,NULL,NULL,NULL,NULL,'Montenegrin','Region','Region','Region','Region',NULL,NULL,NULL,NULL,0,NULL,'Montenegro','ME','MNE'),
	(500,NULL,NULL,NULL,NULL,'Montserratian','Region','Region','Region','Region',NULL,NULL,NULL,NULL,0,NULL,'Montserrat','MS','MSR'),
	(504,NULL,NULL,NULL,NULL,'Moroccan','Region','Region','Region','Region',NULL,NULL,NULL,NULL,0,NULL,'Morocco','MA','MAR'),
	(508,NULL,NULL,NULL,NULL,'Mozambican','Region','Region','Region','Region',NULL,NULL,NULL,NULL,0,NULL,'Mozambique','MZ','MOZ'),
	(512,NULL,NULL,NULL,NULL,'Omani','Region','Region','Region','Region',NULL,NULL,NULL,NULL,0,NULL,'Oman','OM','OMN'),
	(516,NULL,NULL,NULL,NULL,'Namibian','Region','Region','Region','Region',NULL,NULL,NULL,NULL,0,NULL,'Namibia','NA','NAM'),
	(520,NULL,NULL,NULL,NULL,'Nauruan','Region','Region','Region','Region',NULL,NULL,NULL,NULL,0,NULL,'Nauru','NR','NRU'),
	(524,NULL,NULL,NULL,NULL,'Nepali, Nepalese','Region','Region','Region','Region',NULL,NULL,NULL,NULL,0,NULL,'Nepal','NP','NPL'),
	(528,NULL,NULL,NULL,NULL,'Dutch, Netherlandic','Region','Region','Region','Region',NULL,NULL,NULL,NULL,0,NULL,'Netherlands','NL','NLD'),
	(531,NULL,NULL,NULL,NULL,'Curaçaoan','Region','Region','Region','Region',NULL,NULL,NULL,NULL,0,NULL,'Curaçao','CW','CUW'),
	(533,NULL,NULL,NULL,NULL,'Aruban','Region','Region','Region','Region',NULL,NULL,NULL,NULL,0,NULL,'Aruba','AW','ABW'),
	(534,NULL,NULL,NULL,NULL,'Sint Maarten','Region','Region','Region','Region',NULL,NULL,NULL,NULL,0,NULL,'Sint Maarten (Dutch part)','SX','SXM'),
	(535,NULL,NULL,NULL,NULL,'Bonaire','Region','Region','Region','Region',NULL,NULL,NULL,NULL,0,NULL,'Bonaire, Sint Eustatius and Saba','BQ','BES'),
	(540,NULL,NULL,NULL,NULL,'New Caledonian','Region','Region','Region','Region',NULL,NULL,NULL,NULL,0,NULL,'New Caledonia','NC','NCL'),
	(548,NULL,NULL,NULL,NULL,'Ni-Vanuatu, Vanuatuan','Region','Region','Region','Region',NULL,NULL,NULL,NULL,0,NULL,'Vanuatu','VU','VUT'),
	(554,NULL,NULL,NULL,NULL,'New Zealand, NZ','Region','Region','Region','Region',NULL,NULL,NULL,NULL,0,NULL,'New Zealand','NZ','NZL'),
	(558,NULL,NULL,NULL,NULL,'Nicaraguan','Region','Region','Region','Region',NULL,NULL,NULL,NULL,0,NULL,'Nicaragua','NI','NIC'),
	(562,NULL,NULL,NULL,NULL,'Nigerien','Region','Region','Region','Region',NULL,NULL,NULL,NULL,0,NULL,'Niger','NE','NER'),
	(566,NULL,NULL,NULL,NULL,'Nigerian','Region','Region','Region','Region',NULL,NULL,NULL,NULL,0,NULL,'Nigeria','NG','NGA'),
	(570,NULL,NULL,NULL,NULL,'Niuean','Region','Region','Region','Region',NULL,NULL,NULL,NULL,0,NULL,'Niue','NU','NIU'),
	(574,NULL,NULL,NULL,NULL,'Norfolk Island','Region','Region','Region','Region',NULL,NULL,NULL,NULL,0,NULL,'Norfolk Island','NF','NFK'),
	(578,NULL,NULL,NULL,NULL,'Norwegian','Region','Region','Region','Region',NULL,NULL,NULL,NULL,0,NULL,'Norway','NO','NOR'),
	(580,NULL,NULL,NULL,NULL,'Northern Marianan','Region','Region','Region','Region',NULL,NULL,NULL,NULL,0,NULL,'Northern Mariana Islands','MP','MNP'),
	(581,NULL,NULL,NULL,NULL,'American','Region','Region','Region','Region',NULL,NULL,NULL,NULL,0,NULL,'United States Minor Outlying Islands','UM','UMI'),
	(583,NULL,NULL,NULL,NULL,'Micronesian','Region','Region','Region','Region',NULL,NULL,NULL,NULL,0,NULL,'Micronesia (Federated States of)','FM','FSM'),
	(584,NULL,NULL,NULL,NULL,'Marshallese','Region','Region','Region','Region',NULL,NULL,NULL,NULL,0,NULL,'Marshall Islands','MH','MHL'),
	(585,NULL,NULL,NULL,NULL,'Palauan','Region','Region','Region','Region',NULL,NULL,NULL,NULL,0,NULL,'Palau','PW','PLW'),
	(586,NULL,NULL,NULL,NULL,'Pakistani','Region','Region','Region','Region',NULL,NULL,NULL,NULL,0,NULL,'Pakistan','PK','PAK'),
	(591,NULL,NULL,NULL,NULL,'Panamanian','Region','Region','Region','Region',NULL,NULL,NULL,NULL,0,NULL,'Panama','PA','PAN'),
	(598,NULL,NULL,NULL,NULL,'Papua New Guinean, Papuan','Region','Region','Region','Region',NULL,NULL,NULL,NULL,0,NULL,'Papua New Guinea','PG','PNG'),
	(600,NULL,NULL,NULL,NULL,'Paraguayan','Region','Region','Region','Region',NULL,NULL,NULL,NULL,0,NULL,'Paraguay','PY','PRY'),
	(604,NULL,NULL,NULL,NULL,'Peruvian','Region','Region','Region','Region',NULL,NULL,NULL,NULL,0,NULL,'Peru','PE','PER'),
	(608,NULL,NULL,NULL,NULL,'Philippine, Filipino','Region','Region','Region','Region',NULL,NULL,NULL,NULL,0,NULL,'Philippines','PH','PHL'),
	(612,NULL,NULL,NULL,NULL,'Pitcairn Island','Region','Region','Region','Region',NULL,NULL,NULL,NULL,0,NULL,'Pitcairn','PN','PCN'),
	(616,NULL,NULL,NULL,NULL,'Polish','Region','Region','Region','Region',NULL,NULL,NULL,NULL,0,NULL,'Poland','PL','POL'),
	(620,NULL,NULL,NULL,NULL,'Portuguese','Region','Region','Region','Region',NULL,NULL,NULL,NULL,0,NULL,'Portugal','PT','PRT'),
	(624,NULL,NULL,NULL,NULL,'Bissau-Guinean','Region','Region','Region','Region',NULL,NULL,NULL,NULL,0,NULL,'Guinea-Bissau','GW','GNB'),
	(626,NULL,NULL,NULL,NULL,'Timorese','Region','Region','Region','Region',NULL,NULL,NULL,NULL,0,NULL,'Timor-Leste','TL','TLS'),
	(630,NULL,NULL,NULL,NULL,'Puerto Rican','Region','Region','Region','Region',NULL,NULL,NULL,NULL,0,NULL,'Puerto Rico','PR','PRI'),
	(634,NULL,NULL,NULL,NULL,'Qatari','Region','Region','Region','Region',NULL,NULL,NULL,NULL,0,NULL,'Qatar','QA','QAT'),
	(638,NULL,NULL,NULL,NULL,'Réunionese, Réunionnais','Region','Region','Region','Region',NULL,NULL,NULL,NULL,0,NULL,'Réunion','RE','REU'),
	(642,NULL,NULL,NULL,NULL,'Romanian','Region','Region','Region','Region',NULL,NULL,NULL,NULL,0,NULL,'Romania','RO','ROU'),
	(643,NULL,NULL,NULL,NULL,'Russian','Region','Region','Region','Region',NULL,NULL,NULL,NULL,0,NULL,'Russian Federation','RU','RUS'),
	(646,NULL,NULL,NULL,NULL,'Rwandan','Region','Region','Region','Region',NULL,NULL,NULL,NULL,0,NULL,'Rwanda','RW','RWA'),
	(652,NULL,NULL,NULL,NULL,'Barthélemois','Region','Region','Region','Region',NULL,NULL,NULL,NULL,0,NULL,'Saint Barthélemy','BL','BLM'),
	(654,NULL,NULL,NULL,NULL,'Saint Helenian','Region','Region','Region','Region',NULL,NULL,NULL,NULL,0,NULL,'Saint Helena, Ascension and Tristan da Cunha','SH','SHN'),
	(659,NULL,NULL,NULL,NULL,'Kittitian or Nevisian','Region','Region','Region','Region',NULL,NULL,NULL,NULL,0,NULL,'Saint Kitts and Nevis','KN','KNA'),
	(660,NULL,NULL,NULL,NULL,'Anguillan','Region','Region','Region','Region',NULL,NULL,NULL,NULL,0,NULL,'Anguilla','AI','AIA'),
	(662,NULL,NULL,NULL,NULL,'Saint Lucian','Region','Region','Region','Region',NULL,NULL,NULL,NULL,0,NULL,'Saint Lucia','LC','LCA'),
	(663,NULL,NULL,NULL,NULL,'Saint-Martinoise','Region','Region','Region','Region',NULL,NULL,NULL,NULL,0,NULL,'Saint Martin (French part)','MF','MAF'),
	(666,NULL,NULL,NULL,NULL,'Saint-Pierrais or Miquelonnais','Region','Region','Region','Region',NULL,NULL,NULL,NULL,0,NULL,'Saint Pierre and Miquelon','PM','SPM'),
	(670,NULL,NULL,NULL,NULL,'Saint Vincentian, Vincentian','Region','Region','Region','Region',NULL,NULL,NULL,NULL,0,NULL,'Saint Vincent and the Grenadines','VC','VCT'),
	(674,NULL,NULL,NULL,NULL,'Sammarinese','Region','Region','Region','Region',NULL,NULL,NULL,NULL,0,NULL,'San Marino','SM','SMR'),
	(678,NULL,NULL,NULL,NULL,'São Toméan','Region','Region','Region','Region',NULL,NULL,NULL,NULL,0,NULL,'Sao Tome and Principe','ST','STP'),
	(682,NULL,NULL,NULL,NULL,'Saudi, Saudi Arabian','Region','Region','Region','Region',NULL,NULL,NULL,NULL,0,NULL,'Saudi Arabia','SA','SAU'),
	(686,NULL,NULL,NULL,NULL,'Senegalese','Region','Region','Region','Region',NULL,NULL,NULL,NULL,0,NULL,'Senegal','SN','SEN'),
	(688,NULL,NULL,NULL,NULL,'Serbian','Region','Region','Region','Region',NULL,NULL,NULL,NULL,0,NULL,'Serbia','RS','SRB'),
	(690,NULL,NULL,NULL,NULL,'Seychellois','Region','Region','Region','Region',NULL,NULL,NULL,NULL,0,NULL,'Seychelles','SC','SYC'),
	(694,NULL,NULL,NULL,NULL,'Sierra Leonean','Region','Region','Region','Region',NULL,NULL,NULL,NULL,0,NULL,'Sierra Leone','SL','SLE'),
	(702,NULL,NULL,NULL,NULL,'Singaporean','Region','Region','Region','Region',NULL,NULL,NULL,NULL,0,NULL,'Singapore','SG','SGP'),
	(703,NULL,NULL,NULL,NULL,'Slovak','Region','Region','Region','Region',NULL,NULL,NULL,NULL,0,NULL,'Slovakia','SK','SVK'),
	(704,NULL,NULL,NULL,NULL,'Vietnamese','Region','Region','Region','Region',NULL,NULL,NULL,NULL,0,NULL,'Vietnam','VN','VNM'),
	(705,NULL,NULL,NULL,NULL,'Slovenian, Slovene','Region','Region','Region','Region',NULL,NULL,NULL,NULL,0,NULL,'Slovenia','SI','SVN'),
	(706,NULL,NULL,NULL,NULL,'Somali, Somalian','Region','Region','Region','Region',NULL,NULL,NULL,NULL,0,NULL,'Somalia','SO','SOM'),
	(710,NULL,NULL,NULL,NULL,'South African','Region','Region','Region','Region',NULL,NULL,NULL,NULL,0,NULL,'South Africa','ZA','ZAF'),
	(716,NULL,NULL,NULL,NULL,'Zimbabwean','Region','Region','Region','Region',NULL,NULL,NULL,NULL,0,NULL,'Zimbabwe','ZW','ZWE'),
	(724,NULL,NULL,NULL,NULL,'Spanish','Region','Region','Region','Region',NULL,NULL,NULL,NULL,0,NULL,'Spain','ES','ESP'),
	(728,NULL,NULL,NULL,NULL,'South Sudanese','Region','Region','Region','Region',NULL,NULL,NULL,NULL,0,NULL,'South Sudan','SS','SSD'),
	(729,NULL,NULL,NULL,NULL,'Sudanese','Region','Region','Region','Region',NULL,NULL,NULL,NULL,0,NULL,'Sudan','SD','SDN'),
	(732,NULL,NULL,NULL,NULL,'Sahrawi, Sahrawian, Sahraouian','Region','Region','Region','Region',NULL,NULL,NULL,NULL,0,NULL,'Western Sahara','EH','ESH'),
	(740,NULL,NULL,NULL,NULL,'Surinamese','Region','Region','Region','Region',NULL,NULL,NULL,NULL,0,NULL,'Suriname','SR','SUR'),
	(744,NULL,NULL,NULL,NULL,'Svalbard','Region','Region','Region','Region',NULL,NULL,NULL,NULL,0,NULL,'Svalbard and Jan Mayen','SJ','SJM'),
	(748,NULL,NULL,NULL,NULL,'Swazi','Region','Region','Region','Region',NULL,NULL,NULL,NULL,0,NULL,'Swaziland','SZ','SWZ'),
	(752,NULL,NULL,NULL,NULL,'Swedish','Region','Region','Region','Region',NULL,NULL,NULL,NULL,0,NULL,'Sweden','SE','SWE'),
	(756,NULL,NULL,NULL,NULL,'Swiss','Region','Region','Region','Region',NULL,NULL,NULL,NULL,0,NULL,'Switzerland','CH','CHE'),
	(760,NULL,NULL,NULL,NULL,'Syrian','Region','Region','Region','Region',NULL,NULL,NULL,NULL,0,NULL,'Syrian Arab Republic','SY','SYR'),
	(762,NULL,NULL,NULL,NULL,'Tajikistani','Region','Region','Region','Region',NULL,NULL,NULL,NULL,0,NULL,'Tajikistan','TJ','TJK'),
	(764,NULL,NULL,NULL,NULL,'Thai','Region','Region','Region','Region',NULL,NULL,NULL,NULL,0,NULL,'Thailand','TH','THA'),
	(768,NULL,NULL,NULL,NULL,'Togolese','Region','Region','Region','Region',NULL,NULL,NULL,NULL,0,NULL,'Togo','TG','TGO'),
	(772,NULL,NULL,NULL,NULL,'Tokelauan','Region','Region','Region','Region',NULL,NULL,NULL,NULL,0,NULL,'Tokelau','TK','TKL'),
	(776,NULL,NULL,NULL,NULL,'Tongan','Region','Region','Region','Region',NULL,NULL,NULL,NULL,0,NULL,'Tonga','TO','TON'),
	(780,NULL,NULL,NULL,NULL,'Trinidadian or Tobagonian','Region','Region','Region','Region',NULL,NULL,NULL,NULL,0,NULL,'Trinidad and Tobago','TT','TTO'),
	(784,NULL,NULL,NULL,NULL,'Emirati, Emirian, Emiri','Region','Region','Region','Region',NULL,NULL,NULL,NULL,0,NULL,'United Arab Emirates','AE','ARE'),
	(788,NULL,NULL,NULL,NULL,'Tunisian','Region','Region','Region','Region',NULL,NULL,NULL,NULL,0,NULL,'Tunisia','TN','TUN'),
	(792,NULL,NULL,NULL,NULL,'Turkish','Region','Region','Region','Region',NULL,NULL,NULL,NULL,0,NULL,'Turkey','TR','TUR'),
	(795,NULL,NULL,NULL,NULL,'Turkmen','Region','Region','Region','Region',NULL,NULL,NULL,NULL,0,NULL,'Turkmenistan','TM','TKM'),
	(796,NULL,NULL,NULL,NULL,'Turks and Caicos Island','Region','Region','Region','Region',NULL,NULL,NULL,NULL,0,NULL,'Turks and Caicos Islands','TC','TCA'),
	(798,NULL,NULL,NULL,NULL,'Tuvaluan','Region','Region','Region','Region',NULL,NULL,NULL,NULL,0,NULL,'Tuvalu','TV','TUV'),
	(800,NULL,NULL,NULL,NULL,'Ugandan','Region','Region','Region','Region',NULL,NULL,NULL,NULL,0,NULL,'Uganda','UG','UGA'),
	(804,NULL,NULL,NULL,NULL,'Ukrainian','Region','Region','Region','Region',NULL,NULL,NULL,NULL,0,NULL,'Ukraine','UA','UKR'),
	(807,NULL,NULL,NULL,NULL,'Macedonian','Region','Region','Region','Region',NULL,NULL,NULL,NULL,0,NULL,'Macedonia (the former Yugoslav Republic of)','MK','MKD'),
	(818,NULL,NULL,NULL,NULL,'Egyptian','Region','Region','Region','Region',NULL,NULL,NULL,NULL,0,NULL,'Egypt','EG','EGY'),
	(826,NULL,NULL,NULL,NULL,'British, UK','Region','Region','Region','Region',NULL,NULL,NULL,NULL,0,NULL,'United Kingdom of Great Britain and Northern Ireland','GB','GBR'),
	(831,NULL,NULL,NULL,NULL,'Channel Island','Region','Region','Region','Region',NULL,NULL,NULL,NULL,0,NULL,'Guernsey','GG','GGY'),
	(832,NULL,NULL,NULL,NULL,'Channel Island','Region','Region','Region','Region',NULL,NULL,NULL,NULL,0,NULL,'Jersey','JE','JEY'),
	(833,NULL,NULL,NULL,NULL,'Manx','Region','Region','Region','Region',NULL,NULL,NULL,NULL,0,NULL,'Isle of Man','IM','IMN'),
	(834,NULL,NULL,NULL,NULL,'Tanzanian','Region','Region','Region','Region',NULL,NULL,NULL,NULL,0,NULL,'Tanzania, United Republic of','TZ','TZA'),
	(840,NULL,NULL,NULL,NULL,'American','Region','Region','Region','Region',NULL,NULL,NULL,NULL,0,NULL,'United States of America','US','USA'),
	(850,NULL,NULL,NULL,NULL,'U.S. Virgin Island','Region','Region','Region','Region',NULL,NULL,NULL,NULL,0,NULL,'Virgin Islands (U.S.)','VI','VIR'),
	(854,NULL,NULL,NULL,NULL,'Burkinabé','Region','Region','Region','Region',NULL,NULL,NULL,NULL,0,NULL,'Burkina Faso','BF','BFA'),
	(858,NULL,NULL,NULL,NULL,'Uruguayan','Region','Region','Region','Region',NULL,NULL,NULL,NULL,0,NULL,'Uruguay','UY','URY'),
	(860,NULL,NULL,NULL,NULL,'Uzbekistani, Uzbek','Region','Region','Region','Region',NULL,NULL,NULL,NULL,0,NULL,'Uzbekistan','UZ','UZB'),
	(862,NULL,NULL,NULL,NULL,'Venezuelan','Region','Region','Region','Region',NULL,NULL,NULL,NULL,0,NULL,'Venezuela (Bolivarian Republic of)','VE','VEN'),
	(876,NULL,NULL,NULL,NULL,'Wallis and Futuna, Wallisian or Futunan','Region','Region','Region','Region',NULL,NULL,NULL,NULL,0,NULL,'Wallis and Futuna','WF','WLF'),
	(882,NULL,NULL,NULL,NULL,'Samoan','Region','Region','Region','Region',NULL,NULL,NULL,NULL,0,NULL,'Samoa','WS','WSM'),
	(887,NULL,NULL,NULL,NULL,'Yemeni','Region','Region','Region','Region',NULL,NULL,NULL,NULL,0,NULL,'Yemen','YE','YEM'),
	(894,NULL,NULL,NULL,NULL,'Zambian','Region','Region','Region','Region',NULL,NULL,NULL,NULL,0,NULL,'Zambia','ZM','ZMB');



# Dump of table currencies
# ------------------------------------------------------------

CREATE TABLE `currencies` (
  `id` bigint unsigned NOT NULL AUTO_INCREMENT,
  `country` varchar(255) CHARACTER SET utf8mb4 COLLATE utf8mb4_unicode_ci NOT NULL,
  `name` varchar(255) CHARACTER SET utf8mb4 COLLATE utf8mb4_unicode_ci NOT NULL,
  `symbol` varchar(255) CHARACTER SET utf8mb4 COLLATE utf8mb4_unicode_ci NOT NULL,
  `iso_code` varchar(255) CHARACTER SET utf8mb4 COLLATE utf8mb4_unicode_ci NOT NULL,
  `fractional_unit` varchar(255) CHARACTER SET utf8mb4 COLLATE utf8mb4_unicode_ci NOT NULL,
  `created_at` timestamp NULL DEFAULT CURRENT_TIMESTAMP,
  `updated_at` timestamp NULL DEFAULT NULL,
  PRIMARY KEY (`id`)
) ENGINE=InnoDB DEFAULT CHARSET=utf8mb4 COLLATE=utf8mb4_unicode_ci;


INSERT INTO `currencies` (`id`, `country`, `name`, `symbol`, `iso_code`, `fractional_unit`, `created_at`, `updated_at`)
VALUES
	(1,'Abkhazia','Abkhazian apsar','','','','2022-06-03 13:03:47',NULL),
	(2,'Abkhazia','Russian ruble','','RUB','Kopek','2022-06-03 13:03:47',NULL),
	(3,'Afghanistan','Afghan afghani','؋','AFN','Pul','2022-06-03 13:03:47',NULL),
	(4,'Akrotiri and Dhekelia','Euro','€','EUR','Cent','2022-06-03 13:03:47','2022-06-03 13:17:01'),
	(5,'Albania','Albanian lek','L','ALL','Qindarkë','2022-06-03 13:03:47','2022-06-03 13:17:01'),
	(6,'Alderney','Alderney pound','£','none','Penny','2022-06-03 13:03:47','2022-06-03 13:17:01'),
	(7,'Alderney','British pound','£','GBP','Penny','2022-06-03 13:03:47','2022-06-03 13:17:01'),
	(8,'Alderney','Guernsey pound','£','GGP','Penny','2022-06-03 13:03:47','2022-06-03 13:17:01'),
	(9,'Algeria','Algerian dinar','د.ج','DZD','Santeem','2022-06-03 13:03:47','2022-06-03 13:17:01'),
	(10,'Andorra','Euro','€','EUR','Cent','2022-06-03 13:03:47','2022-06-03 13:17:01'),
	(11,'Angola','Angolan kwanza','Kz','AOA','Cêntimo','2022-06-03 13:03:47','2022-06-03 13:17:01'),
	(12,'Anguilla','East Caribbean dollar','$','XCD','Cent','2022-06-03 13:03:47','2022-06-03 13:17:01'),
	(13,'Antigua and Barbuda','East Caribbean dollar','$','XCD','Cent','2022-06-03 13:03:47','2022-06-03 13:17:01'),
	(14,'Argentina','Argentine peso','$','ARS','Centavo','2022-06-03 13:03:47','2022-06-03 13:17:01'),
	(15,'Armenia','Armenian dram','','AMD','Luma','2022-06-03 13:03:47','2022-06-03 13:17:01'),
	(16,'Aruba','Aruban florin','ƒ','AWG','Cent','2022-06-03 13:03:47','2022-06-03 13:17:01'),
	(17,'Ascension Island','Ascension pound','£','none','Penny','2022-06-03 13:03:47','2022-06-03 13:17:01'),
	(18,'Ascension Island','Saint Helena pound','£','SHP','Penny','2022-06-03 13:03:47','2022-06-03 13:17:01'),
	(19,'Australia','Australian dollar','$','AUD','Cent','2022-06-03 13:03:47','2022-06-03 13:17:01'),
	(20,'Austria','Euro','€','EUR','Cent','2022-06-03 13:03:47','2022-06-03 13:17:01'),
	(21,'Azerbaijan','Azerbaijani manat','','AZN','Qəpik','2022-06-03 13:03:47','2022-06-03 13:17:01'),
	(22,'Bahamas, The','Bahamian dollar','$','BSD','Cent','2022-06-03 13:03:47','2022-06-03 13:17:01'),
	(23,'Bahrain','Bahraini dinar','.د.ب','BHD','Fils','2022-06-03 13:03:47','2022-06-03 13:17:01'),
	(24,'Bangladesh','Bangladeshi taka','৳','BDT','Paisa','2022-06-03 13:03:47','2022-06-03 13:17:01'),
	(25,'Barbados','Barbadian dollar','$','BBD','Cent','2022-06-03 13:03:47','2022-06-03 13:17:01'),
	(26,'Belarus','Belarusian ruble','Br','BYR','Kapyeyka','2022-06-03 13:03:47','2022-06-03 13:17:01'),
	(27,'Belgium','Euro','€','EUR','Cent','2022-06-03 13:03:47','2022-06-03 13:17:01'),
	(28,'Belize','Belize dollar','$','BZD','Cent','2022-06-03 13:03:47','2022-06-03 13:17:01'),
	(29,'Benin','West African CFA franc','Fr','XOF','Centime','2022-06-03 13:03:47','2022-06-03 13:17:01'),
	(30,'Bermuda','Bermudian dollar','$','BMD','Cent','2022-06-03 13:03:47','2022-06-03 13:17:01'),
	(31,'Bhutan','Bhutanese ngultrum','Nu.','BTN','Chetrum','2022-06-03 13:03:47','2022-06-03 13:17:01'),
	(32,'Bhutan','Indian rupee','₹','INR','Paisa','2022-06-03 13:03:47','2022-06-03 13:17:01'),
	(33,'Bolivia','Bolivian boliviano','Bs.','BOB','Centavo','2022-06-03 13:03:47','2022-06-03 13:17:01'),
	(34,'Bonaire','United States dollar','$','USD','Cent','2022-06-03 13:03:47','2022-06-03 13:17:01'),
	(35,'Bosnia and Herzegovina','Bosnia and Herzegovina convertible mark','KM or КМ','BAM','Fening','2022-06-03 13:03:47','2022-06-03 13:17:01'),
	(36,'Botswana','Botswana pula','P','BWP','Thebe','2022-06-03 13:03:47','2022-06-03 13:17:01'),
	(37,'Brazil','Brazilian real','R$','BRL','Centavo','2022-06-03 13:03:47','2022-06-03 13:17:01'),
	(38,'British Indian Ocean Territory','United States dollar','$','USD','Cent','2022-06-03 13:03:47','2022-06-03 13:17:01'),
	(39,'British Virgin Islands','British Virgin Islands dollar','$','','Cent','2022-06-03 13:03:47','2022-06-03 13:17:01'),
	(40,'British Virgin Islands','United States dollar','$','USD','Cent','2022-06-03 13:03:47','2022-06-03 13:17:01'),
	(41,'Brunei','Brunei dollar','$','BND','Sen','2022-06-03 13:03:47','2022-06-03 13:17:01'),
	(42,'Brunei','Singapore dollar','$','SGD','Cent','2022-06-03 13:03:47','2022-06-03 13:17:01'),
	(43,'Bulgaria','Bulgarian lev','лв','BGN','Stotinka','2022-06-03 13:03:47','2022-06-03 13:17:01'),
	(44,'Burkina Faso','West African CFA franc','Fr','XOF','Centime','2022-06-03 13:03:47','2022-06-03 13:17:01'),
	(45,'Burundi','Burundian franc','Fr','BIF','Centime','2022-06-03 13:03:47','2022-06-03 13:17:01'),
	(46,'Cambodia','Cambodian riel','៛','KHR','Sen','2022-06-03 13:03:47','2022-06-03 13:17:01'),
	(47,'Cambodia','United States dollar','$','USD','Cent','2022-06-03 13:03:47','2022-06-03 13:17:01'),
	(48,'Cameroon','Central African CFA franc','Fr','XAF','Centime','2022-06-03 13:03:47','2022-06-03 13:17:01'),
	(49,'Canada','Canadian dollar','$','CAD','Cent','2022-06-03 13:03:47','2022-06-03 13:17:01'),
	(50,'Cape Verde','Cape Verdean escudo','Esc or $','CVE','Centavo','2022-06-03 13:03:47','2022-06-03 13:17:01'),
	(51,'Cayman Islands','Cayman Islands dollar','$','KYD','Cent','2022-06-03 13:03:47','2022-06-03 13:17:01'),
	(52,'Central African Republic','Central African CFA franc','Fr','XAF','Centime','2022-06-03 13:03:47','2022-06-03 13:17:01'),
	(53,'Chad','Central African CFA franc','Fr','XAF','Centime','2022-06-03 13:03:47','2022-06-03 13:17:01'),
	(54,'Chile','Chilean peso','$','CLP','Centavo','2022-06-03 13:03:47','2022-06-03 13:17:01'),
	(55,'China','Chinese yuan','¥ or 元','CNY','Fen','2022-06-03 13:03:47','2022-06-03 13:17:01'),
	(56,'Cocos (Keeling) Islands','Australian dollar','$','AUD','Cent','2022-06-03 13:03:47','2022-06-03 13:17:01'),
	(57,'Colombia','Colombian peso','$','COP','Centavo','2022-06-03 13:03:47','2022-06-03 13:17:01'),
	(58,'Comoros','Comorian franc','Fr','KMF','Centime','2022-06-03 13:03:47','2022-06-03 13:17:01'),
	(59,'Congo, Democratic Republic of the','Congolese franc','Fr','CDF','Centime','2022-06-03 13:03:47','2022-06-03 13:17:01'),
	(60,'Congo, Republic of the','Central African CFA franc','Fr','XAF','Centime','2022-06-03 13:03:47','2022-06-03 13:17:01'),
	(61,'Cook Islands','New Zealand dollar','$','NZD','Cent','2022-06-03 13:03:47','2022-06-03 13:17:01'),
	(62,'Cook Islands','Cook Islands dollar','$','CID','Cent','2022-06-03 13:03:47','2022-06-03 13:17:01'),
	(63,'Costa Rica','Costa Rican colón','₡','CRC','Céntimo','2022-06-03 13:03:47','2022-06-03 13:17:01'),
	(64,'Côte d\'Ivoire','West African CFA franc','Fr','XOF','Centime','2022-06-03 13:03:47','2022-06-03 13:17:01'),
	(65,'Croatia','Croatian kuna','kn','HRK','Lipa','2022-06-03 13:03:47','2022-06-03 13:17:01'),
	(66,'Cuba','Cuban convertible peso','$','CUC','Centavo','2022-06-03 13:03:47','2022-06-03 13:17:01'),
	(67,'Cuba','Cuban peso','$','CUP','Centavo','2022-06-03 13:03:47','2022-06-03 13:17:01'),
	(68,'Curaçao','Netherlands Antillean guilder','ƒ','ANG','Cent','2022-06-03 13:03:47','2022-06-03 13:17:01'),
	(69,'Cyprus','Euro','€','EUR','Cent','2022-06-03 13:03:47','2022-06-03 13:17:01'),
	(70,'Czech Republic','Czech koruna','Kč','CZK','Haléř','2022-06-03 13:03:47','2022-06-03 13:17:01'),
	(71,'Denmark','Danish krone','kr','DKK','Øre','2022-06-03 13:03:47','2022-06-03 13:17:01'),
	(72,'Djibouti','Djiboutian franc','Fr','DJF','Centime','2022-06-03 13:03:47','2022-06-03 13:17:01'),
	(73,'Dominica','East Caribbean dollar','$','XCD','Cent','2022-06-03 13:03:47','2022-06-03 13:17:01'),
	(74,'Dominican Republic','Dominican peso','$','DOP','Centavo','2022-06-03 13:03:47','2022-06-03 13:17:01'),
	(75,'East Timor','United States dollar','$','USD','Cent','2022-06-03 13:03:47','2022-06-03 13:17:01'),
	(76,'Ecuador','United States dollar','$','USD','Cent','2022-06-03 13:03:47','2022-06-03 13:17:01'),
	(77,'Egypt','Egyptian pound','£ or ج.م','EGP','Piastre','2022-06-03 13:03:47','2022-06-03 13:17:01'),
	(78,'El Salvador','United States dollar','$','USD','Cent','2022-06-03 13:03:47','2022-06-03 13:17:01'),
	(79,'Equatorial Guinea','Central African CFA franc','Fr','XAF','Centime','2022-06-03 13:03:47','2022-06-03 13:17:01'),
	(80,'Eritrea','Eritrean nakfa','Nfk','ERN','Cent','2022-06-03 13:03:47','2022-06-03 13:17:01'),
	(81,'Estonia','Euro','€','EUR','Cent','2022-06-03 13:03:47','2022-06-03 13:17:01'),
	(82,'Ethiopia','Ethiopian birr','Br','ETB','Santim','2022-06-03 13:03:47','2022-06-03 13:17:01'),
	(83,'Falkland Islands','Falkland Islands pound','£','FKP','Penny','2022-06-03 13:03:47','2022-06-03 13:17:01'),
	(84,'Faroe Islands','Danish krone','kr','DKK','Øre','2022-06-03 13:03:47','2022-06-03 13:17:01'),
	(85,'Faroe Islands','Faroese króna','kr','DKK','Oyra','2022-06-03 13:03:47','2022-06-03 13:17:01'),
	(86,'Fiji','Fijian dollar','$','FJD','Cent','2022-06-03 13:03:47','2022-06-03 13:17:01'),
	(87,'Finland','Euro','€','EUR','Cent','2022-06-03 13:03:47','2022-06-03 13:17:01'),
	(88,'France','Euro','€','EUR','Cent','2022-06-03 13:03:47','2022-06-03 13:17:01'),
	(89,'French Polynesia','CFP franc','Fr','XPF','Centime','2022-06-03 13:03:47','2022-06-03 13:17:01'),
	(90,'Gabon','Central African CFA franc','Fr','XAF','Centime','2022-06-03 13:03:47','2022-06-03 13:17:01'),
	(91,'Gambia, The','Gambian dalasi','D','GMD','Butut','2022-06-03 13:03:47','2022-06-03 13:17:01'),
	(92,'Georgia','Georgian lari','ლ','GEL','Tetri','2022-06-03 13:03:47','2022-06-03 13:17:01'),
	(93,'Germany','Euro','€','EUR','Cent','2022-06-03 13:03:47','2022-06-03 13:17:01'),
	(94,'Ghana','Ghana cedi','₵','GHS','Pesewa','2022-06-03 13:03:47','2022-06-03 13:17:01'),
	(95,'Gibraltar','Gibraltar pound','£','GIP','Penny','2022-06-03 13:03:47','2022-06-03 13:17:01'),
	(96,'Greece','Euro','€','EUR','Cent','2022-06-03 13:03:47','2022-06-03 13:17:01'),
	(97,'Grenada','East Caribbean dollar','$','XCD','Cent','2022-06-03 13:03:47','2022-06-03 13:17:01'),
	(98,'Guatemala','Guatemalan quetzal','Q','GTQ','Centavo','2022-06-03 13:03:47','2022-06-03 13:17:01'),
	(99,'Guernsey','British pound','£','GBP','Penny','2022-06-03 13:03:47','2022-06-03 13:17:01'),
	(100,'Guernsey','Guernsey pound','£','','Penny','2022-06-03 13:03:47','2022-06-03 13:17:01'),
	(101,'Guinea','Guinean franc','Fr','GNF','Centime','2022-06-03 13:03:47','2022-06-03 13:17:01'),
	(102,'Guinea-Bissau','West African CFA franc','Fr','XOF','Centime','2022-06-03 13:03:47','2022-06-03 13:17:01'),
	(103,'Guyana','Guyanese dollar','$','GYD','Cent','2022-06-03 13:03:47','2022-06-03 13:17:01'),
	(104,'Haiti','Haitian gourde','G','HTG','Centime','2022-06-03 13:03:47','2022-06-03 13:17:01'),
	(105,'Honduras','Honduran lempira','L','HNL','Centavo','2022-06-03 13:03:47','2022-06-03 13:17:01'),
	(106,'Hong Kong','Hong Kong dollar','$','HKD','Cent','2022-06-03 13:03:47','2022-06-03 13:17:01'),
	(107,'Hungary','Hungarian forint','Ft','HUF','Fillér','2022-06-03 13:03:47','2022-06-03 13:17:01'),
	(108,'Iceland','Icelandic króna','kr','ISK','Eyrir','2022-06-03 13:03:47','2022-06-03 13:17:01'),
	(109,'India','Indian rupee','₹','INR','Paisa','2022-06-03 13:03:47','2022-06-03 13:17:01'),
	(110,'Indonesia','Indonesian rupiah','Rp','IDR','Sen','2022-06-03 13:03:47','2022-06-03 13:17:01'),
	(111,'Iran','Iranian rial','﷼','IRR','Dinar','2022-06-03 13:03:47','2022-06-03 13:17:01'),
	(112,'Iraq','Iraqi dinar','ع.د','IQD','Fils','2022-06-03 13:03:47','2022-06-03 13:17:01'),
	(113,'Ireland','Euro','€','EUR','Cent','2022-06-03 13:03:47','2022-06-03 13:17:01'),
	(114,'Isle of Man','British pound','£','GBP','Penny','2022-06-03 13:03:47','2022-06-03 13:17:01'),
	(115,'Isle of Man','Manx pound','£','','Penny','2022-06-03 13:03:47','2022-06-03 13:17:01'),
	(116,'Israel','Israeli new shekel','₪','ILS','Agora','2022-06-03 13:03:47','2022-06-03 13:17:01'),
	(117,'Italy','Euro','€','EUR','Cent','2022-06-03 13:03:47','2022-06-03 13:17:01'),
	(118,'Jamaica','Jamaican dollar','$','JMD','Cent','2022-06-03 13:03:47','2022-06-03 13:17:01'),
	(119,'Japan','Japanese yen','¥','JPY','Sen','2022-06-03 13:03:47','2022-06-03 13:17:01'),
	(120,'Jersey','British pound','£','GBP','Penny','2022-06-03 13:03:47','2022-06-03 13:17:01'),
	(121,'Jersey','Jersey pound','£','','Penny','2022-06-03 13:03:47','2022-06-03 13:17:01'),
	(122,'Jordan','Jordanian dinar','د.ا','JOD','Piastre','2022-06-03 13:03:47','2022-06-03 13:17:01'),
	(123,'Kazakhstan','Kazakhstani tenge','','KZT','Tïın','2022-06-03 13:03:47','2022-06-03 13:17:01'),
	(124,'Kenya','Kenyan shilling','Sh','KES','Cent','2022-06-03 13:03:47','2022-06-03 13:17:01'),
	(125,'Kiribati','Australian dollar','$','AUD','Cent','2022-06-03 13:03:47','2022-06-03 13:17:01'),
	(126,'Kiribati','Kiribati dollar','$','','Cent','2022-06-03 13:03:47','2022-06-03 13:17:01'),
	(127,'Korea, North','North Korean won','₩','KPW','Chon','2022-06-03 13:03:47','2022-06-03 13:17:01'),
	(128,'Korea, South','South Korean won','₩','KRW','Jeon','2022-06-03 13:03:47','2022-06-03 13:17:01'),
	(129,'Kosovo','Euro','€','EUR','Cent','2022-06-03 13:03:47','2022-06-03 13:17:01'),
	(130,'Kuwait','Kuwaiti dinar','د.ك','KWD','Fils','2022-06-03 13:03:47','2022-06-03 13:17:01'),
	(131,'Kyrgyzstan','Kyrgyzstani som','лв','KGS','Tyiyn','2022-06-03 13:03:47','2022-06-03 13:17:01'),
	(132,'Laos','Lao kip','₭','LAK','Att','2022-06-03 13:03:47','2022-06-03 13:17:01'),
	(133,'Latvia','Euro','€','EUR','Cent','2022-06-03 13:03:47','2022-06-03 13:17:01'),
	(134,'Lebanon','Lebanese pound','ل.ل','LBP','Piastre','2022-06-03 13:03:47','2022-06-03 13:17:01'),
	(135,'Lesotho','Lesotho loti','L','LSL','Sente','2022-06-03 13:03:47','2022-06-03 13:17:01'),
	(136,'Lesotho','South African rand','R','ZAR','Cent','2022-06-03 13:03:47','2022-06-03 13:17:01'),
	(137,'Liberia','Liberian dollar','$','LRD','Cent','2022-06-03 13:03:47','2022-06-03 13:17:01'),
	(138,'Libya','Libyan dinar','ل.د','LYD','Dirham','2022-06-03 13:03:47','2022-06-03 13:17:01'),
	(139,'Liechtenstein','Swiss franc','Fr','CHF','Rappen','2022-06-03 13:03:47','2022-06-03 13:17:01'),
	(140,'Lithuania','Euro','€','EUR','Cent','2022-06-03 13:03:47','2022-06-03 13:17:01'),
	(141,'Luxembourg','Euro','€','EUR','Cent','2022-06-03 13:03:47','2022-06-03 13:17:01'),
	(142,'Macau','Macanese pataca','P','MOP','Avo','2022-06-03 13:03:47','2022-06-03 13:17:01'),
	(143,'Macedonia, Republic of','Macedonian denar','ден','MKD','Deni','2022-06-03 13:03:47','2022-06-03 13:17:01'),
	(144,'Madagascar','Malagasy ariary','Ar','MGA','Iraimbilanja','2022-06-03 13:03:47','2022-06-03 13:17:01'),
	(145,'Malawi','Malawian kwacha','MK','MWK','Tambala','2022-06-03 13:03:47','2022-06-03 13:17:01'),
	(146,'Malaysia','Malaysian ringgit','RM','MYR','Sen','2022-06-03 13:03:47','2022-06-03 13:17:01'),
	(147,'Maldives','Maldivian rufiyaa','.ރ','MVR','Laari','2022-06-03 13:03:47','2022-06-03 13:17:01'),
	(148,'Mali','West African CFA franc','Fr','XOF','Centime','2022-06-03 13:03:47','2022-06-03 13:17:01'),
	(149,'Malta','Euro','€','EUR','Cent','2022-06-03 13:03:47','2022-06-03 13:17:01'),
	(150,'Marshall Islands','United States dollar','$','USD','Cent','2022-06-03 13:03:47','2022-06-03 13:17:01'),
	(151,'Mauritania','Mauritanian ouguiya','UM','MRO','Khoums','2022-06-03 13:03:47','2022-06-03 13:17:01'),
	(152,'Mauritius','Mauritian rupee','₨','MUR','Cent','2022-06-03 13:03:47','2022-06-03 13:17:01'),
	(153,'Mexico','Mexican peso','$','MXN','Centavo','2022-06-03 13:03:47','2022-06-03 13:17:01'),
	(154,'Micronesia','Micronesian dollar','$','','Cent','2022-06-03 13:03:47','2022-06-03 13:17:01'),
	(155,'Micronesia','United States dollar','$','USD','Cent','2022-06-03 13:03:47','2022-06-03 13:17:01'),
	(156,'Moldova','Moldovan leu','L','MDL','Ban','2022-06-03 13:03:47','2022-06-03 13:17:01'),
	(157,'Monaco','Euro','€','EUR','Cent','2022-06-03 13:03:47','2022-06-03 13:17:01'),
	(158,'Mongolia','Mongolian tögrög','₮','MNT','Möngö','2022-06-03 13:03:47','2022-06-03 13:17:01'),
	(159,'Montenegro','Euro','€','EUR','Cent','2022-06-03 13:03:47','2022-06-03 13:17:01'),
	(160,'Montserrat','East Caribbean dollar','$','XCD','Cent','2022-06-03 13:03:47','2022-06-03 13:17:01'),
	(161,'Morocco','Moroccan dirham','د.م.','MAD','Centime','2022-06-03 13:03:47','2022-06-03 13:17:01'),
	(162,'Mozambique','Mozambican metical','MT','MZN','Centavo','2022-06-03 13:03:47','2022-06-03 13:17:01'),
	(163,'Myanmar','Burmese kyat','Ks','MMK','Pya','2022-06-03 13:03:47','2022-06-03 13:17:01'),
	(164,'Nagorno-Karabakh Republic','Armenian dram','','AMD','Luma','2022-06-03 13:03:47','2022-06-03 13:17:01'),
	(165,'Nagorno-Karabakh Republic','Nagorno-Karabakh dram','դր.','','Luma','2022-06-03 13:03:47','2022-06-03 13:17:01'),
	(166,'Namibia','Namibian dollar','$','NAD','Cent','2022-06-03 13:03:47','2022-06-03 13:17:01'),
	(167,'Namibia','South African rand','R','ZAR','Cent','2022-06-03 13:03:47','2022-06-03 13:17:01'),
	(168,'Nauru','Australian dollar','$','AUD','Cent','2022-06-03 13:03:47','2022-06-03 13:17:01'),
	(169,'Nauru','Nauruan dollar','$','','Cent','2022-06-03 13:03:47','2022-06-03 13:17:01'),
	(170,'Nepal','Nepalese rupee','₨','NPR','Paisa','2022-06-03 13:03:47','2022-06-03 13:17:01'),
	(171,'Netherlands','Euro','€','EUR','Cent','2022-06-03 13:03:47','2022-06-03 13:17:01'),
	(172,'New Caledonia','CFP franc','Fr','XPF','Centime','2022-06-03 13:03:47','2022-06-03 13:17:01'),
	(173,'New Zealand','New Zealand dollar','$','NZD','Cent','2022-06-03 13:03:47','2022-06-03 13:17:01'),
	(174,'Nicaragua','Nicaraguan córdoba','C$','NIO','Centavo','2022-06-03 13:03:47','2022-06-03 13:17:01'),
	(175,'Niger','West African CFA franc','Fr','XOF','Centime','2022-06-03 13:03:47','2022-06-03 13:17:01'),
	(176,'Nigeria','Nigerian naira','₦','NGN','Kobo','2022-06-03 13:03:47','2022-06-03 13:17:01'),
	(177,'Niue','New Zealand dollar','$','NZD','Cent','2022-06-03 13:03:47','2022-06-03 13:17:01'),
	(178,'Niue','Niue dollar','$','','Cent','2022-06-03 13:03:47','2022-06-03 13:17:01'),
	(179,'Northern Cyprus','Turkish lira','','TRY','Kuruş','2022-06-03 13:03:47','2022-06-03 13:17:01'),
	(180,'Norway','Norwegian krone','kr','NOK','Øre','2022-06-03 13:03:47','2022-06-03 13:17:01'),
	(181,'Oman','Omani rial','ر.ع.','OMR','Baisa','2022-06-03 13:03:47','2022-06-03 13:17:01'),
	(182,'Pakistan','Pakistani rupee','₨','PKR','Paisa','2022-06-03 13:03:47','2022-06-03 13:17:01'),
	(183,'Palau','Palauan dollar','$','','Cent','2022-06-03 13:03:47','2022-06-03 13:17:01'),
	(184,'Palau','United States dollar','$','USD','Cent','2022-06-03 13:03:47','2022-06-03 13:17:01'),
	(185,'Palestine','Israeli new shekel','₪','ILS','Agora','2022-06-03 13:03:47','2022-06-03 13:17:01'),
	(186,'Palestine','Jordanian dinar','د.ا','JOD','Piastre','2022-06-03 13:03:47','2022-06-03 13:17:01'),
	(187,'Panama','Panamanian balboa','B/.','PAB','Centésimo','2022-06-03 13:03:47','2022-06-03 13:17:01'),
	(188,'Panama','United States dollar','$','USD','Cent','2022-06-03 13:03:47','2022-06-03 13:17:01'),
	(189,'Papua New Guinea','Papua New Guinean kina','K','PGK','Toea','2022-06-03 13:03:47','2022-06-03 13:17:01'),
	(190,'Paraguay','Paraguayan guaraní','₲','PYG','Céntimo','2022-06-03 13:03:47','2022-06-03 13:17:01'),
	(191,'Peru','Peruvian nuevo sol','S/.','PEN','Céntimo','2022-06-03 13:03:47','2022-06-03 13:17:01'),
	(192,'Philippines','Philippine peso','₱','PHP','Centavo','2022-06-03 13:03:47','2022-06-03 13:17:01'),
	(193,'Pitcairn Islands','New Zealand dollar','$','NZD','Cent','2022-06-03 13:03:47','2022-06-03 13:17:01'),
	(194,'Pitcairn Islands','Pitcairn Islands dollar','$','','Cent','2022-06-03 13:03:47','2022-06-03 13:17:01'),
	(195,'Poland','Polish złoty','zł','PLN','Grosz','2022-06-03 13:03:47','2022-06-03 13:17:01'),
	(196,'Portugal','Euro','€','EUR','Cent','2022-06-03 13:03:47','2022-06-03 13:17:01'),
	(197,'Qatar','Qatari riyal','ر.ق','QAR','Dirham','2022-06-03 13:03:47','2022-06-03 13:17:01'),
	(198,'Romania','Romanian leu','lei','RON','Ban','2022-06-03 13:03:47','2022-06-03 13:17:01'),
	(199,'Russia','Russian ruble','','RUB','Kopek','2022-06-03 13:03:47','2022-06-03 13:17:01'),
	(200,'Rwanda','Rwandan franc','Fr','RWF','Centime','2022-06-03 13:03:47','2022-06-03 13:17:01'),
	(201,'Saba','United States dollar','$','USD','Cent','2022-06-03 13:03:47','2022-06-03 13:17:01'),
	(202,'Sahrawi Republic','Algerian dinar','د.ج','DZD','Santeem','2022-06-03 13:03:47','2022-06-03 13:17:01'),
	(203,'Sahrawi Republic','Mauritanian ouguiya','UM','MRO','Khoums','2022-06-03 13:03:47','2022-06-03 13:17:01'),
	(204,'Sahrawi Republic','Moroccan dirham','د. م.','MAD','Centime','2022-06-03 13:03:47','2022-06-03 13:17:01'),
	(205,'Sahrawi Republic','Sahrawi peseta','Ptas','','Centime','2022-06-03 13:03:47','2022-06-03 13:17:01'),
	(206,'Saint Helena','Saint Helena pound','£','SHP','Penny','2022-06-03 13:03:47','2022-06-03 13:17:01'),
	(207,'Saint Kitts and Nevis','East Caribbean dollar','$','XCD','Cent','2022-06-03 13:03:47','2022-06-03 13:17:01'),
	(208,'Saint Lucia','East Caribbean dollar','$','XCD','Cent','2022-06-03 13:03:47','2022-06-03 13:17:01'),
	(209,'Saint Vincent and the Grenadines','East Caribbean dollar','$','XCD','Cent','2022-06-03 13:03:47','2022-06-03 13:17:01'),
	(210,'Samoa','Samoan tālā','T','WST','Sene','2022-06-03 13:03:47','2022-06-03 13:17:01'),
	(211,'San Marino','Euro','€','EUR','Cent','2022-06-03 13:03:47','2022-06-03 13:17:01'),
	(212,'São Tomé and Príncipe','São Tomé and Príncipe dobra','Db','STD','Cêntimo','2022-06-03 13:03:47','2022-06-03 13:17:01'),
	(213,'Saudi Arabia','Saudi riyal','ر.س','SAR','Halala','2022-06-03 13:03:47','2022-06-03 13:17:01'),
	(214,'Senegal','West African CFA franc','Fr','XOF','Centime','2022-06-03 13:03:47','2022-06-03 13:17:01'),
	(215,'Serbia','Serbian dinar','дин. or din.','RSD','Para','2022-06-03 13:03:47','2022-06-03 13:17:01'),
	(216,'Seychelles','Seychellois rupee','₨','SCR','Cent','2022-06-03 13:03:47','2022-06-03 13:17:01'),
	(217,'Sierra Leone','Sierra Leonean leone','Le','SLL','Cent','2022-06-03 13:03:47','2022-06-03 13:17:01'),
	(218,'Singapore','Brunei dollar','$','BND','Sen','2022-06-03 13:03:47','2022-06-03 13:17:01'),
	(219,'Singapore','Singapore dollar','$','SGD','Cent','2022-06-03 13:03:47','2022-06-03 13:17:02'),
	(220,'Sint Eustatius','United States dollar','$','USD','Cent','2022-06-03 13:03:47','2022-06-03 13:17:02'),
	(221,'Sint Maarten','Netherlands Antillean guilder','ƒ','ANG','Cent','2022-06-03 13:03:47','2022-06-03 13:17:02'),
	(222,'Slovakia','Euro','€','EUR','Cent','2022-06-03 13:03:47','2022-06-03 13:17:02'),
	(223,'Slovenia','Euro','€','EUR','Cent','2022-06-03 13:03:47','2022-06-03 13:17:02'),
	(224,'Solomon Islands','Solomon Islands dollar','$','SBD','Cent','2022-06-03 13:03:47','2022-06-03 13:17:02'),
	(225,'Somalia','Somali shilling','Sh','SOS','Cent','2022-06-03 13:03:47','2022-06-03 13:17:02'),
	(226,'Somaliland','Somaliland shilling','Sh','','Cent','2022-06-03 13:03:47','2022-06-03 13:17:02'),
	(227,'South Africa','South African rand','R','ZAR','Cent','2022-06-03 13:03:47','2022-06-03 13:17:02'),
	(228,'South Georgia and the South Sandwich Islands','British pound','£','GBP','Penny','2022-06-03 13:03:47','2022-06-03 13:17:02'),
	(229,'South Georgia and the South Sandwich Islands','South Georgia and the South Sandwich Islands pound','£','','Penny','2022-06-03 13:03:47','2022-06-03 13:17:02'),
	(230,'South Ossetia','Russian ruble','','RUB','Kopek','2022-06-03 13:03:47','2022-06-03 13:17:02'),
	(231,'Spain','Euro','€','EUR','Cent','2022-06-03 13:03:47','2022-06-03 13:17:02'),
	(232,'South Sudan','South Sudanese pound','£','SSP','Piastre','2022-06-03 13:03:47','2022-06-03 13:17:02'),
	(233,'Sri Lanka','Sri Lankan rupee','Rs or රු','LKR','Cent','2022-06-03 13:03:47','2022-06-03 13:17:02'),
	(234,'Sudan','Sudanese pound','ج.س.','SDG','Piastre','2022-06-03 13:03:47','2022-06-03 13:17:02'),
	(235,'Suriname','Surinamese dollar','$','SRD','Cent','2022-06-03 13:03:47','2022-06-03 13:17:02'),
	(236,'Swaziland','Swazi lilangeni','L','SZL','Cent','2022-06-03 13:03:47','2022-06-03 13:17:02'),
	(237,'Sweden','Swedish krona','kr','SEK','Öre','2022-06-03 13:03:47','2022-06-03 13:17:02'),
	(238,'Switzerland','Swiss franc','Fr','CHF','Rappen','2022-06-03 13:03:47','2022-06-03 13:17:02'),
	(239,'Syria','Syrian pound','£ or ل.س','SYP','Piastre','2022-06-03 13:03:47','2022-06-03 13:17:02'),
	(240,'Taiwan','New Taiwan dollar','$','TWD','Cent','2022-06-03 13:03:47','2022-06-03 13:17:02'),
	(241,'Tajikistan','Tajikistani somoni','ЅМ','TJS','Diram','2022-06-03 13:03:47','2022-06-03 13:17:02'),
	(242,'Tanzania','Tanzanian shilling','Sh','TZS','Cent','2022-06-03 13:03:47','2022-06-03 13:17:02'),
	(243,'Thailand','Thai baht','฿','THB','Satang','2022-06-03 13:03:47','2022-06-03 13:17:02'),
	(244,'Togo','West African CFA franc','Fr','XOF','Centime','2022-06-03 13:03:47','2022-06-03 13:17:02'),
	(245,'Tonga','Tongan paʻanga','T$','TOP','Seniti','2022-06-03 13:03:47','2022-06-03 13:17:02'),
	(246,'Transnistria','Transnistrian ruble','р.','','Kopek','2022-06-03 13:03:47','2022-06-03 13:17:02'),
	(247,'Trinidad and Tobago','Trinidad and Tobago dollar','$','TTD','Cent','2022-06-03 13:03:47','2022-06-03 13:17:02'),
	(248,'Tristan da Cunha','Saint Helena pound','£','SHP','Penny','2022-06-03 13:03:47','2022-06-03 13:17:02'),
	(249,'Tristan da Cunha','Tristan da Cunha pound','£','','Penny','2022-06-03 13:03:47','2022-06-03 13:17:02'),
	(250,'Tunisia','Tunisian dinar','د.ت','TND','Millime','2022-06-03 13:03:47','2022-06-03 13:17:02'),
	(251,'Turkey','Turkish lira','','TRY','Kuruş','2022-06-03 13:03:47','2022-06-03 13:17:02'),
	(252,'Turkmenistan','Turkmenistan manat','m','TMT','Tennesi','2022-06-03 13:03:47','2022-06-03 13:17:02'),
	(253,'Turks and Caicos Islands','United States dollar','$','USD','Cent','2022-06-03 13:03:47','2022-06-03 13:17:02'),
	(254,'Tuvalu','Australian dollar','$','AUD','Cent','2022-06-03 13:03:47','2022-06-03 13:17:02'),
	(255,'Tuvalu','Tuvaluan dollar','$','','Cent','2022-06-03 13:03:47','2022-06-03 13:17:02'),
	(256,'Uganda','Ugandan shilling','Sh','UGX','Cent','2022-06-03 13:03:47','2022-06-03 13:17:02'),
	(257,'Ukraine','Ukrainian hryvnia','₴','UAH','Kopiyka','2022-06-03 13:03:47','2022-06-03 13:17:02'),
	(258,'Ukraine','Russian ruble','','RUB','Kopek','2022-06-03 13:03:47','2022-06-03 13:17:02'),
	(259,'United Arab Emirates','United Arab Emirates dirham','د.إ','AED','Fils','2022-06-03 13:03:47','2022-06-03 13:17:02'),
	(260,'United Kingdom','British pound','£','GBP','Penny','2022-06-03 13:03:47','2022-06-03 13:17:02'),
	(261,'United States','United States dollar','$','USD','Cent','2022-06-03 13:03:47','2022-06-03 13:17:02'),
	(262,'Uruguay','Uruguayan peso','$','UYU','Centésimo','2022-06-03 13:03:47','2022-06-03 13:17:02'),
	(263,'Uzbekistan','Uzbekistani som','','UZS','Tiyin','2022-06-03 13:03:47','2022-06-03 13:17:02'),
	(264,'Vanuatu','Vanuatu vatu','Vt','VUV','','2022-06-03 13:03:47',NULL),
	(265,'Vatican City','Euro','€','EUR','Cent','2022-06-03 13:03:47','2022-06-03 13:17:02'),
	(266,'Venezuela','Venezuelan bolívar','Bs F','VEF','Céntimo','2022-06-03 13:03:47','2022-06-03 13:17:02'),
	(267,'Vietnam','Vietnamese đồng','₫','VND','','2022-06-03 13:03:47',NULL),
	(268,'Wallis and Futuna','CFP franc','Fr','XPF','Centime','2022-06-03 13:03:47','2022-06-03 13:17:02'),
	(269,'Yemen','Yemeni rial','﷼','YER','Fils','2022-06-03 13:03:47','2022-06-03 13:17:02'),
	(270,'Zambia','Zambian kwacha','ZK','ZMW','Ngwee','2022-06-03 13:03:47','2022-06-03 13:17:02'),
	(271,'Zimbabwe','Botswana pula','P','BWP','Thebe','2022-06-03 13:03:47','2022-06-03 13:17:02'),
	(272,'Zimbabwe','British pound','£','GBP','Penny','2022-06-03 13:03:47','2022-06-03 13:17:02'),
	(273,'Zimbabwe','Euro','€','EUR','Cent','2022-06-03 13:03:47','2022-06-03 13:17:02'),
	(274,'Zimbabwe','Indian rupee','₹','INR','Paisa','2022-06-03 13:03:47','2022-06-03 13:17:02'),
	(275,'Zimbabwe','South African rand','R','ZAR','Cent','2022-06-03 13:03:47','2022-06-03 13:17:02'),
	(276,'Zimbabwe','United States dollar','$','USD','Cent','2022-06-03 13:03:47','2022-06-03 13:17:02'),
	(277,'Zimbabwe','(Zimbabwean Bond)','','','Cent','2022-06-03 13:03:47','2022-06-03 13:17:02');



# Dump of table currency_program
# ------------------------------------------------------------

CREATE TABLE `currency_program` (
  `program_id` bigint unsigned NOT NULL,
  `currency_id` bigint unsigned NOT NULL,
  `created_at` timestamp NULL DEFAULT NULL,
  `updated_at` timestamp NULL DEFAULT NULL
) ENGINE=InnoDB DEFAULT CHARSET=utf8mb4 COLLATE=utf8mb4_unicode_ci;


INSERT INTO `currency_program` (`program_id`, `currency_id`, `created_at`, `updated_at`)
VALUES
	(1,94,NULL,NULL),
	(2,94,NULL,NULL),
	(2,93,NULL,NULL);



# Dump of table customers
# ------------------------------------------------------------

CREATE TABLE `customers` (
  `id` bigint unsigned NOT NULL AUTO_INCREMENT,
  `username` varchar(255) CHARACTER SET utf8mb4 COLLATE utf8mb4_unicode_ci DEFAULT NULL,
  `applicant_number` varchar(255) CHARACTER SET utf8mb4 COLLATE utf8mb4_unicode_ci DEFAULT NULL,
  `mobile` char(20) CHARACTER SET utf8mb4 COLLATE utf8mb4_unicode_ci NOT NULL,
  `email` varchar(255) CHARACTER SET utf8mb4 COLLATE utf8mb4_unicode_ci DEFAULT NULL,
  `account_verified_at` timestamp NULL DEFAULT NULL,
  `password` varchar(255) CHARACTER SET utf8mb4 COLLATE utf8mb4_unicode_ci NOT NULL,
  `remember_token` varchar(100) CHARACTER SET utf8mb4 COLLATE utf8mb4_unicode_ci DEFAULT NULL,
  `reset_password_token` char(30) CHARACTER SET utf8mb4 COLLATE utf8mb4_unicode_ci DEFAULT NULL,
  `verification_code` char(4) CHARACTER SET utf8mb4 COLLATE utf8mb4_unicode_ci DEFAULT NULL,
  `api_token` varchar(100) CHARACTER SET utf8mb4 COLLATE utf8mb4_unicode_ci DEFAULT NULL,
  `last_login` datetime DEFAULT NULL,
  `created_at` timestamp NULL DEFAULT NULL,
  `updated_at` timestamp NULL DEFAULT NULL,
  `password_expiry_days` tinyint DEFAULT NULL,
  `password_changed_at` datetime DEFAULT NULL,
  `deleted_at` datetime DEFAULT NULL,
  `deleted_by` int DEFAULT NULL,
  `deactivated_at` datetime DEFAULT NULL,
  `status` tinyint(1) DEFAULT '0',
  `force_logout` tinyint(1) DEFAULT '0',
  `pending_application` char(255) CHARACTER SET utf8mb4 COLLATE utf8mb4_unicode_ci DEFAULT NULL,
  PRIMARY KEY (`id`),
  UNIQUE KEY `customers_mobile_unique` (`mobile`)
) ENGINE=InnoDB DEFAULT CHARSET=utf8mb4 COLLATE=utf8mb4_unicode_ci;


INSERT INTO `customers` (`id`, `username`, `applicant_number`, `mobile`, `email`, `account_verified_at`, `password`, `remember_token`, `reset_password_token`, `verification_code`, `api_token`, `last_login`, `created_at`, `updated_at`, `password_expiry_days`, `password_changed_at`, `deleted_at`, `deleted_by`, `deactivated_at`, `status`, `force_logout`, `pending_application`)
VALUES
	(1,NULL,'MANG-19930616-1-007','0557205684','asowa45@gmail.com','2022-12-05 12:59:35','$2y$10$yb3RaKIk4rLA8372gxFnBucq4AgFhNbBqCqcJZ5w.1jbl16S6aHfO',NULL,NULL,NULL,NULL,'2022-12-12 11:07:15','2022-11-29 14:14:33','2022-12-12 10:07:15',NULL,NULL,NULL,NULL,NULL,1,0,NULL),
	(2,NULL,'','0501375124','MANG-19900601-2-001','2022-12-01 10:20:51','$2y$10$jDeGY/QX5vT4.6uj9b7h9uP16vwBcdMMxIMLhIn15vVJn.49PSpgq',NULL,NULL,NULL,NULL,'2022-12-05 11:07:11','2022-11-30 13:59:38','2022-12-05 16:07:59',NULL,NULL,NULL,NULL,NULL,1,0,NULL);



# Dump of table debt_recoveries
# ------------------------------------------------------------

CREATE TABLE `debt_recoveries` (
  `id` bigint unsigned NOT NULL AUTO_INCREMENT,
  `date_processed` date NOT NULL,
  `user_id` int unsigned NOT NULL,
  `benefit_id` int unsigned NOT NULL,
  `application_id` int unsigned NOT NULL,
  `amount_due` double unsigned NOT NULL DEFAULT '0',
  `from_date` date NOT NULL,
  `to_date` date NOT NULL,
  `last_edited_by` int unsigned DEFAULT NULL,
  `commencement_date` date DEFAULT NULL,
  `amount_paid` double unsigned DEFAULT '0',
  `payment_plan` text CHARACTER SET utf8mb4 COLLATE utf8mb4_unicode_ci,
  `expiry_date` date DEFAULT NULL,
  `created_at` timestamp NULL DEFAULT NULL,
  `updated_at` timestamp NULL DEFAULT NULL,
  PRIMARY KEY (`id`)
) ENGINE=InnoDB DEFAULT CHARSET=utf8mb4 COLLATE=utf8mb4_unicode_ci;



# Dump of table debt_recovery_amount_paid_history
# ------------------------------------------------------------

CREATE TABLE `debt_recovery_amount_paid_history` (
  `id` bigint unsigned NOT NULL AUTO_INCREMENT,
  `user_id` int unsigned NOT NULL,
  `debt_recovery_id` int unsigned NOT NULL,
  `amount` double unsigned NOT NULL DEFAULT '0',
  `remark` text CHARACTER SET utf8mb4 COLLATE utf8mb4_unicode_ci,
  `receipt` text CHARACTER SET utf8mb4 COLLATE utf8mb4_unicode_ci,
  `created_at` timestamp NULL DEFAULT NULL,
  `updated_at` timestamp NULL DEFAULT NULL,
  PRIMARY KEY (`id`)
) ENGINE=InnoDB DEFAULT CHARSET=utf8mb4 COLLATE=utf8mb4_unicode_ci;



# Dump of table documentation
# ------------------------------------------------------------

CREATE TABLE `documentation` (
  `id` bigint unsigned NOT NULL AUTO_INCREMENT,
  `applicant_number` varchar(255) CHARACTER SET utf8mb4 COLLATE utf8mb4_unicode_ci NOT NULL,
  `id_type` varchar(255) CHARACTER SET utf8mb4 COLLATE utf8mb4_unicode_ci NOT NULL,
  `id_number` varchar(255) CHARACTER SET utf8mb4 COLLATE utf8mb4_unicode_ci NOT NULL,
  `expiry` date DEFAULT NULL,
  `document` text CHARACTER SET utf8mb4 COLLATE utf8mb4_unicode_ci,
  `addedBy` int unsigned NOT NULL,
  `created_at` timestamp NULL DEFAULT NULL,
  `updated_at` timestamp NULL DEFAULT NULL,
  PRIMARY KEY (`id`)
) ENGINE=InnoDB DEFAULT CHARSET=utf8mb4 COLLATE=utf8mb4_unicode_ci;


INSERT INTO `documentation` (`id`, `applicant_number`, `id_type`, `id_number`, `expiry`, `document`, `addedBy`, `created_at`, `updated_at`)
VALUES
	(1,'ATIU-19900130-1-001','Passport','G2344888','1990-01-30',NULL,1,'2022-02-16 21:05:06','2022-02-16 21:05:06'),
	(2,'ATIU-19900130-1-001','Passport','G2344888','1990-01-30','public/identifications/ATIU-19900130-1-001/dwtb.jpg',1,'2022-02-16 23:03:09','2022-02-16 23:03:09'),
	(3,'MANG-19930616-1-002','Passport','GR334532','2024-07-11',NULL,1,'2022-02-17 14:43:59','2022-02-17 14:43:59'),
	(4,'MANG-19930616-1-002','Birth Certificate','3444422110','1970-01-01',NULL,1,'2022-02-17 14:43:59','2022-02-17 14:43:59'),
	(15,'MANG-19930616-1-007','Passport','GR334532','2025-07-17',NULL,1,'2022-02-17 16:04:08','2022-02-18 10:31:30'),
	(16,'MITI-19900507-1-003','National Id','3444422110','1970-01-01','public/applicants/MITI-19900507-1-003/identifications//WBS_-_Friends_and_Family_Party_-_Blank.docx',1,'2022-02-17 16:04:08','2022-02-17 16:04:08');



# Dump of table documents_upload
# ------------------------------------------------------------

CREATE TABLE `documents_upload` (
  `id` int NOT NULL AUTO_INCREMENT,
  `upload_type` varchar(100) DEFAULT NULL,
  `subregister_id` int DEFAULT NULL,
  `upload_dir` varchar(150) DEFAULT NULL,
  `created_at` datetime DEFAULT NULL,
  `updated_at` datetime DEFAULT NULL,
  `created_by` int DEFAULT NULL,
  `description` longtext,
  `title` text,
  PRIMARY KEY (`id`)
) ENGINE=InnoDB DEFAULT CHARSET=utf8mb3;



# Dump of table email_templates
# ------------------------------------------------------------

CREATE TABLE `email_templates` (
  `id` int unsigned NOT NULL AUTO_INCREMENT,
  `title` varchar(150) CHARACTER SET utf8mb4 COLLATE utf8mb4_unicode_ci NOT NULL,
  `emails` text CHARACTER SET utf8mb4 COLLATE utf8mb4_unicode_ci,
  `subject` text CHARACTER SET utf8mb4 COLLATE utf8mb4_unicode_ci NOT NULL,
  `message` text CHARACTER SET utf8mb4 COLLATE utf8mb4_unicode_ci NOT NULL,
  `receiver_type` varchar(20) CHARACTER SET utf8mb4 COLLATE utf8mb4_unicode_ci NOT NULL,
  `receivers` text CHARACTER SET utf8mb4 COLLATE utf8mb4_unicode_ci NOT NULL,
  `cc` text CHARACTER SET utf8mb4 COLLATE utf8mb4_unicode_ci,
  `created_at` timestamp NULL DEFAULT NULL,
  `updated_at` timestamp NULL DEFAULT NULL,
  PRIMARY KEY (`id`)
) ENGINE=InnoDB DEFAULT CHARSET=utf8mb4 COLLATE=utf8mb4_unicode_ci;


INSERT INTO `email_templates` (`id`, `title`, `emails`, `subject`, `message`, `receiver_type`, `receivers`, `cc`, `created_at`, `updated_at`)
VALUES
	(1,'Application Submission Email','[{\"r_name\":null,\"r_email\":null}]','A new Application has been submitted.','<p>Dear [name],</p><p>A new Application has been submitted. Please click on the link below to view the application.</p><p>&nbsp;</p><p>Thank you.</p><p>Best Regards.</p>','group','1,3','[{\"cc_name\":\"Young Talents\",\"cc_email\":\"asowa45@gmail.com\"}]','2021-12-01 15:26:18','2021-12-01 21:22:50'),
	(2,'Stage 1: New Applicant for Benefit registration','[{\"r_name\":\"cispmistest@gmail.com\",\"r_email\":\"cispmistest@gmail.com\"}]','Stage 1: New Applicant for Benefit registration','<p>This application has been moved to Stage 1. Kindly Review</p>','specific','[{\"r_name\":\"cispmistest@gmail.com\",\"r_email\":\"cispmistest@gmail.com\"}]','[{\"cc_name\":null,\"cc_email\":null}]','2021-12-21 09:21:18','2021-12-21 13:57:31'),
	(3,'Stage 2: Applicant for Benefit Registration','[{\"r_name\":\"cispmistest@gmail.com\",\"r_email\":\"cispmistest@gmail.com\"}]','Stage 2: Applicant for Benefit Registration','<p>An application has been moved to stage 2 of registration. Kindly review</p><p>&nbsp;</p>','specific','[{\"r_name\":\"cispmistest@gmail.com\",\"r_email\":\"cispmistest@gmail.com\"}]','[{\"cc_name\":\"Josephine Abbey\",\"cc_email\":\"josephine.abbey@bewsys.com\"},{\"cc_name\":\"Alfred Sowa\",\"cc_email\":\"asowa45@gmail.com\"}]','2021-12-21 09:22:54','2022-01-20 16:37:52'),
	(4,'Stage 3: New Applicant for Benefit Registration','[{\"r_name\":\"cispmistest@gmail.com\",\"r_email\":\"cispmistest@gmail.com\"}]','Stage 3: New Applicant for Benefit Registration','<p>An application has been moved to the final stage of registration, kindly review.</p>','specific','[{\"r_name\":\"cispmistest@gmail.com\",\"r_email\":\"cispmistest@gmail.com\"}]','[{\"cc_name\":null,\"cc_email\":null}]','2021-12-21 09:24:10','2022-01-20 16:35:02'),
	(5,'Application-rejection','[{\"r_name\":null,\"r_email\":null}]','Application-rejection','<p>Unfortunately your application was not accepted</p>','specific','[{\"r_name\":null,\"r_email\":null}]','[{\"cc_name\":null,\"cc_email\":null}]','2021-12-21 14:24:43','2021-12-21 14:24:43'),
	(6,'Payroll Generated',NULL,'Payroll Generated','<p>Dear Sir/Madam,</p><p>A new payroll was assigned.</p><p>Best Regards,</p>','group','1','[{\"cc_name\":null,\"cc_email\":null}]','2022-01-18 18:44:18','2022-01-27 18:16:52'),
	(7,'Payroll Processing',NULL,'Payroll ready for Processing','<p>Dear Sir/Madam,</p><p>A new payroll was moved to stage for review.</p><p>Best Regards,</p>','group','1,5','[{\"cc_name\":null,\"cc_email\":null}]','2022-01-19 12:28:30','2022-01-27 18:17:25'),
	(8,'Payroll Approved',NULL,'Payroll Approved','<p>The submitted payroll has been approved</p>','group','1,5','[{\"cc_name\":null,\"cc_email\":null}]','2022-01-19 12:32:07','2022-01-19 12:32:07'),
	(9,'Payroll Rejected',NULL,'Payroll Rejected','<p>The submitted payroll has been rejected.</p>','group','1,5','[{\"cc_name\":null,\"cc_email\":null}]','2022-01-19 12:32:44','2022-01-19 12:32:44'),
	(10,'Final Application confirmation',NULL,'Final Stage','<p>Hi Sir/Madam,</p><p>This is to inform you of all the work done.</p><p>Best Regards,</p>','group','1','[{\"cc_name\":null,\"cc_email\":null}]','2022-01-27 00:32:46','2022-01-27 00:32:46');



# Dump of table employment_details
# ------------------------------------------------------------

CREATE TABLE `employment_details` (
  `id` bigint unsigned NOT NULL AUTO_INCREMENT,
  `applicant_number` varchar(255) CHARACTER SET utf8mb4 COLLATE utf8mb4_unicode_ci NOT NULL,
  `employment_sector` varchar(255) CHARACTER SET utf8mb4 COLLATE utf8mb4_unicode_ci NOT NULL,
  `employment_type` varchar(255) CHARACTER SET utf8mb4 COLLATE utf8mb4_unicode_ci DEFAULT NULL,
  `employer_name` varchar(255) CHARACTER SET utf8mb4 COLLATE utf8mb4_unicode_ci DEFAULT NULL,
  `employer_telephone` varchar(255) CHARACTER SET utf8mb4 COLLATE utf8mb4_unicode_ci DEFAULT NULL,
  `employer_mobile` varchar(255) CHARACTER SET utf8mb4 COLLATE utf8mb4_unicode_ci DEFAULT NULL,
  `employer_email` varchar(255) CHARACTER SET utf8mb4 COLLATE utf8mb4_unicode_ci DEFAULT NULL,
  `employer_rmd` varchar(255) CHARACTER SET utf8mb4 COLLATE utf8mb4_unicode_ci DEFAULT NULL,
  `employer_bank_account_name` varchar(255) CHARACTER SET utf8mb4 COLLATE utf8mb4_unicode_ci DEFAULT NULL,
  `employer_bank_account_number` varchar(255) CHARACTER SET utf8mb4 COLLATE utf8mb4_unicode_ci DEFAULT NULL,
  `employer_postal_address` varchar(255) CHARACTER SET utf8mb4 COLLATE utf8mb4_unicode_ci DEFAULT NULL,
  `employer_island` varchar(255) CHARACTER SET utf8mb4 COLLATE utf8mb4_unicode_ci DEFAULT NULL,
  `employee_position` varchar(255) CHARACTER SET utf8mb4 COLLATE utf8mb4_unicode_ci DEFAULT NULL,
  `employee_manager` varchar(255) CHARACTER SET utf8mb4 COLLATE utf8mb4_unicode_ci DEFAULT NULL,
  `employment_start_date` varchar(255) CHARACTER SET utf8mb4 COLLATE utf8mb4_unicode_ci DEFAULT NULL,
  `employment_end_date` varchar(255) CHARACTER SET utf8mb4 COLLATE utf8mb4_unicode_ci DEFAULT NULL,
  `status` varchar(255) CHARACTER SET utf8mb4 COLLATE utf8mb4_unicode_ci DEFAULT 'New',
  `removed` tinyint(1) DEFAULT '0',
  `addedBy` int unsigned NOT NULL,
  `created_at` timestamp NULL DEFAULT NULL,
  `updated_at` timestamp NULL DEFAULT NULL,
  `deleted_at` timestamp NULL DEFAULT NULL,
  PRIMARY KEY (`id`)
) ENGINE=InnoDB DEFAULT CHARSET=utf8mb4 COLLATE=utf8mb4_unicode_ci;


INSERT INTO `employment_details` (`id`, `applicant_number`, `employment_sector`, `employment_type`, `employer_name`, `employer_telephone`, `employer_mobile`, `employer_email`, `employer_rmd`, `employer_bank_account_name`, `employer_bank_account_number`, `employer_postal_address`, `employer_island`, `employee_position`, `employee_manager`, `employment_start_date`, `employment_end_date`, `status`, `removed`, `addedBy`, `created_at`, `updated_at`, `deleted_at`)
VALUES
	(1,'MANG-19930616-1-007','Public','Full-Time','Airline','03022313222','0501375124','alfred@mail.com','234333','Airlines LTD','900023221111','Old Kent Road','Aitutaki','Head of Production','Dr. Yani Rocca','2022-02-22','1970-01-01','Verified',0,1,'2022-02-17 14:57:32','2022-02-18 13:19:46',NULL),
	(2,'MITI-19900507-1-003','Public','Full-Time','Airline','0501375124','0501375124','hos@mail.com','234333','Airlines LTD','900023221111','Old Kent Road','Atiu','Head of Production','Dr. Yani Rocca','2019-07-25','2021-11-24','New',0,1,'2022-02-17 16:04:08','2022-02-17 16:04:08',NULL),
	(3,'MITI-19900507-1-003','Private','Part-Time','Right To Dream','0501375124','0501375124','rtg@mail.com','09099831','Right To Dream','002289853661','P. O. Box TS 69, Teshie - Accra.','Mangaia','Operations Manager','Chris Bosh','2021-12-22','1970-01-01','New',0,1,'2022-02-17 16:04:08','2022-02-17 16:04:08',NULL),
	(4,'ATIU-19900130-1-001','Choose','Choose',NULL,NULL,NULL,NULL,NULL,NULL,NULL,NULL,'Choose',NULL,NULL,'1970-01-01','1970-01-01','New',0,1,'2022-02-21 08:49:25','2022-02-21 08:49:25',NULL),
	(5,'ALB-20100325-2-001','Private','Full-Time','Airline LTD','030322901','05012342345','info@airline.com','LO4333','Airlines LTD','900023221111','Trans Link Avenue, No. 10','Rarotonga','Head of Production','Dr. Yani Rocca','2022-02-14','2022-03-24','New',0,1,'2022-02-21 12:52:45','2022-02-21 12:52:45',NULL),
	(6,'AITU-19930214-1-001','Private','Full-Time','Google Incorporation','0501375124','0501375124','hos@mail.com','2323','Google','0501375124','Manna Valley','Manihiki','Chief','Laud Franklin','2022-10-03',NULL,'New',0,1,'2022-09-30 16:05:58','2022-11-23 11:34:22',NULL);



# Dump of table enumerations
# ------------------------------------------------------------

CREATE TABLE `enumerations` (
  `id` bigint unsigned NOT NULL AUTO_INCREMENT,
  `survery_id` bigint NOT NULL,
  `team_id` bigint NOT NULL,
  `target_areas` text CHARACTER SET utf8mb4 COLLATE utf8mb4_unicode_ci NOT NULL,
  `duration` varchar(255) CHARACTER SET utf8mb4 COLLATE utf8mb4_unicode_ci NOT NULL,
  `start_date` date NOT NULL,
  `end_date` date NOT NULL,
  `status` bigint NOT NULL DEFAULT '155',
  `created_by` bigint unsigned NOT NULL,
  `updated_by` bigint unsigned DEFAULT NULL,
  `created_at` timestamp NULL DEFAULT NULL,
  `updated_at` timestamp NULL DEFAULT NULL,
  PRIMARY KEY (`id`)
) ENGINE=InnoDB DEFAULT CHARSET=utf8mb4 COLLATE=utf8mb4_unicode_ci;



# Dump of table failed_jobs
# ------------------------------------------------------------

CREATE TABLE `failed_jobs` (
  `id` bigint unsigned NOT NULL AUTO_INCREMENT,
  `uuid` varchar(255) CHARACTER SET utf8mb4 COLLATE utf8mb4_unicode_ci NOT NULL,
  `connection` text CHARACTER SET utf8mb4 COLLATE utf8mb4_unicode_ci NOT NULL,
  `queue` text CHARACTER SET utf8mb4 COLLATE utf8mb4_unicode_ci NOT NULL,
  `payload` longtext CHARACTER SET utf8mb4 COLLATE utf8mb4_unicode_ci NOT NULL,
  `exception` longtext CHARACTER SET utf8mb4 COLLATE utf8mb4_unicode_ci NOT NULL,
  `failed_at` timestamp NOT NULL DEFAULT CURRENT_TIMESTAMP,
  PRIMARY KEY (`id`),
  UNIQUE KEY `failed_jobs_uuid_unique` (`uuid`)
) ENGINE=InnoDB DEFAULT CHARSET=utf8mb4 COLLATE=utf8mb4_unicode_ci;



# Dump of table family
# ------------------------------------------------------------

CREATE TABLE `family` (
  `id` bigint unsigned NOT NULL AUTO_INCREMENT,
  `applicant_number` varchar(255) CHARACTER SET utf8mb4 COLLATE utf8mb4_unicode_ci NOT NULL,
  `type` varchar(255) CHARACTER SET utf8mb4 COLLATE utf8mb4_unicode_ci NOT NULL,
  `surname` varchar(255) CHARACTER SET utf8mb4 COLLATE utf8mb4_unicode_ci NOT NULL,
  `first_name` varchar(255) CHARACTER SET utf8mb4 COLLATE utf8mb4_unicode_ci NOT NULL,
  `other_name` varchar(255) CHARACTER SET utf8mb4 COLLATE utf8mb4_unicode_ci DEFAULT NULL,
  `date_of_birth` date NOT NULL,
  `id_type` varchar(255) CHARACTER SET utf8mb4 COLLATE utf8mb4_unicode_ci DEFAULT NULL,
  `dependent_reference_id` varchar(255) CHARACTER SET utf8mb4 COLLATE utf8mb4_unicode_ci DEFAULT NULL,
  `is_dependent` char(3) CHARACTER SET utf8mb4 COLLATE utf8mb4_unicode_ci NOT NULL DEFAULT 'Yes',
  `addedBy` int NOT NULL,
  `status` varchar(255) CHARACTER SET utf8mb4 COLLATE utf8mb4_unicode_ci DEFAULT 'New',
  `removed` tinyint(1) NOT NULL DEFAULT '0',
  `created_at` timestamp NULL DEFAULT NULL,
  `updated_at` timestamp NULL DEFAULT NULL,
  `deleted_at` timestamp NULL DEFAULT NULL,
  PRIMARY KEY (`id`)
) ENGINE=InnoDB DEFAULT CHARSET=utf8mb4 COLLATE=utf8mb4_unicode_ci;


INSERT INTO `family` (`id`, `applicant_number`, `type`, `surname`, `first_name`, `other_name`, `date_of_birth`, `id_type`, `dependent_reference_id`, `is_dependent`, `addedBy`, `status`, `removed`, `created_at`, `updated_at`, `deleted_at`)
VALUES
	(1,'ALB-20100325-2-001','Brother','Regan','Trigger','Mike','1999-06-08',NULL,'9000909009','No',1,'New',0,'2022-03-08 13:55:31','2022-03-08 13:55:31',NULL),
	(2,'ALB-20100325-2-001','Niece','Gina','Lomotey','Yaa','2022-02-01',NULL,'0009POW-23','Yes',1,'New',0,'2022-03-08 13:55:31','2022-03-09 13:59:01',NULL),
	(3,'AITU-19930214-1-001','Son','Sowa','Enoch','Adotey','2022-07-01','Birth Certificate','GHA9093883-23','Yes',1,'New',0,'2022-09-29 19:43:20','2022-11-23 18:40:24',NULL),
	(4,'AITU-19930214-1-001','Sister','Davidson','Joyce','Yaa','1966-04-06','Birth Certificate','9909POW-211','Yes',1,'New',0,'2022-10-13 09:00:14','2022-11-23 11:32:51',NULL),
	(6,'MANG-19900601-2-001','Son','Jones','Greg','Junior','2019-06-13','Birth Certificate','12234389-34','Yes',2,'Verified',0,'2022-12-01 12:58:00','2022-12-01 13:32:10',NULL),
	(7,'MANG-19930616-1-007','Daughter','Sowa','Joyce','Naa','2022-09-09','Birth Certificate','12234389-10','Yes',1,'Verified',0,'2022-12-06 15:44:35','2022-12-06 15:44:35',NULL);



# Dump of table faqs
# ------------------------------------------------------------

CREATE TABLE `faqs` (
  `id` int NOT NULL AUTO_INCREMENT,
  `question` text,
  `answer` text,
  `created_at` datetime DEFAULT NULL,
  `updated_at` datetime DEFAULT NULL,
  PRIMARY KEY (`id`)
) ENGINE=InnoDB DEFAULT CHARSET=utf8mb3;


INSERT INTO `faqs` (`id`, `question`, `answer`, `created_at`, `updated_at`)
VALUES
	(2,'Can I customize the design of my FAQ section?','<p>Food truck quinoa nesciunt laborum eiusmod. Brunch 3 wolf moon tempor, sunt aliqua put a bird on it squid single-origin coffee nulla assumenda shoreditch et.</p>','2022-08-31 11:09:41','2022-08-31 23:41:28');



# Dump of table fields
# ------------------------------------------------------------

CREATE TABLE `fields` (
  `id` int unsigned NOT NULL AUTO_INCREMENT,
  `form_id` int unsigned NOT NULL,
  `input_type` varchar(100) CHARACTER SET utf8mb4 COLLATE utf8mb4_unicode_ci NOT NULL,
  `name` varchar(250) CHARACTER SET utf8mb4 COLLATE utf8mb4_unicode_ci NOT NULL,
  `label` varchar(250) CHARACTER SET utf8mb4 COLLATE utf8mb4_unicode_ci NOT NULL,
  `description` text CHARACTER SET utf8mb4 COLLATE utf8mb4_unicode_ci,
  `order` tinyint unsigned NOT NULL,
  `attributes` json DEFAULT NULL,
  `options` json DEFAULT NULL,
  `rules` json DEFAULT NULL,
  `data_type` varchar(50) CHARACTER SET utf8mb4 COLLATE utf8mb4_unicode_ci DEFAULT NULL,
  `placeholder` varchar(250) CHARACTER SET utf8mb4 COLLATE utf8mb4_unicode_ci DEFAULT NULL,
  `class` varchar(250) CHARACTER SET utf8mb4 COLLATE utf8mb4_unicode_ci DEFAULT NULL,
  `inline_css` varchar(250) CHARACTER SET utf8mb4 COLLATE utf8mb4_unicode_ci DEFAULT NULL,
  `column_size` tinyint NOT NULL DEFAULT '6',
  `file_types` varchar(100) CHARACTER SET utf8mb4 COLLATE utf8mb4_unicode_ci DEFAULT NULL,
  `file_size` int DEFAULT NULL,
  `min` int DEFAULT NULL,
  `max` int DEFAULT NULL,
  `default_value` varchar(254) CHARACTER SET utf8mb4 COLLATE utf8mb4_unicode_ci DEFAULT NULL,
  `required` tinyint(1) NOT NULL DEFAULT '0',
  `disabled` tinyint(1) NOT NULL DEFAULT '0',
  `autocomplete` tinyint(1) NOT NULL DEFAULT '1',
  `step` double(8,2) NOT NULL DEFAULT '1.00',
  `checked` tinyint(1) NOT NULL DEFAULT '0',
  `is_multiple` tinyint(1) NOT NULL DEFAULT '0',
  `is_dropdown_button` tinyint(1) NOT NULL DEFAULT '0',
  `button_dropdown_options` text CHARACTER SET utf8mb4 COLLATE utf8mb4_unicode_ci,
  `button_url` text CHARACTER SET utf8mb4 COLLATE utf8mb4_unicode_ci,
  `showBy` tinyint NOT NULL DEFAULT '2',
  `auto_options` smallint DEFAULT NULL,
  `has_auto_options` tinyint NOT NULL DEFAULT '0',
  `hasChild` tinyint DEFAULT '0',
  `forms` json DEFAULT NULL,
  `workflow_actors` varchar(100) CHARACTER SET utf8mb4 COLLATE utf8mb4_unicode_ci DEFAULT NULL,
  `contains_data` tinyint(1) NOT NULL DEFAULT '1',
  `created_at` timestamp NULL DEFAULT NULL,
  `updated_at` timestamp NULL DEFAULT NULL,
  PRIMARY KEY (`id`),
  KEY `fields_form_id_foreign` (`form_id`),
  CONSTRAINT `fields_form_id_foreign` FOREIGN KEY (`form_id`) REFERENCES `forms` (`id`) ON DELETE CASCADE
) ENGINE=InnoDB DEFAULT CHARSET=utf8mb4 COLLATE=utf8mb4_unicode_ci;


INSERT INTO `fields` (`id`, `form_id`, `input_type`, `name`, `label`, `description`, `order`, `attributes`, `options`, `rules`, `data_type`, `placeholder`, `class`, `inline_css`, `column_size`, `file_types`, `file_size`, `min`, `max`, `default_value`, `required`, `disabled`, `autocomplete`, `step`, `checked`, `is_multiple`, `is_dropdown_button`, `button_dropdown_options`, `button_url`, `showBy`, `auto_options`, `has_auto_options`, `hasChild`, `forms`, `workflow_actors`, `contains_data`, `created_at`, `updated_at`)
VALUES
	(1,1,'text','titles','Benefit Name',NULL,1,NULL,'\"null\"','\"required|string\"',NULL,'Enter Benefit Title',NULL,NULL,6,'[]',NULL,NULL,NULL,NULL,1,0,0,1.00,0,0,0,'\"[{\\\"opt_name\\\":null,\\\"opt_value\\\":\\\"0\\\"}]\"',NULL,2,0,0,NULL,'\"null\"',NULL,1,'2021-11-29 11:51:36','2022-02-18 08:49:32'),
	(2,1,'textarea','benefit_types','Benefit Type',NULL,4,NULL,'\"null\"','\"nullable|string\"',NULL,NULL,'richtext',NULL,12,'[]',NULL,NULL,NULL,NULL,0,0,0,1.00,0,0,0,'\"[{\\\"opt_name\\\":null,\\\"opt_value\\\":\\\"0\\\"}]\"',NULL,2,0,0,NULL,'\"null\"',NULL,1,'2021-11-29 13:36:33','2022-01-27 09:32:37'),
	(3,1,'textarea','benefit_criterias','Benefit Criteria',NULL,5,NULL,'\"null\"','\"nullable|string\"',NULL,NULL,'richtext',NULL,12,'[]',NULL,NULL,NULL,NULL,0,0,0,1.00,0,0,0,'\"[{\\\"opt_name\\\":null,\\\"opt_value\\\":\\\"0\\\"}]\"',NULL,2,0,0,NULL,'\"null\"',NULL,1,'2021-11-29 13:37:18','2022-01-27 09:32:45'),
	(4,1,'textarea','supporting_documents','Supporting Documents',NULL,6,NULL,'\"null\"','\"nullable|string\"',NULL,NULL,'richtext',NULL,12,'[]',NULL,NULL,NULL,NULL,0,0,0,1.00,0,0,0,'\"[{\\\"opt_name\\\":null,\\\"opt_value\\\":\\\"0\\\"}]\"',NULL,2,0,0,NULL,'\"null\"',NULL,1,'2021-11-29 13:38:22','2022-01-27 09:33:19'),
	(41,8,'text','project_names','Project Name',NULL,1,NULL,'\"[{\\\"opt_name\\\":null,\\\"opt_value\\\":null}]\"','\"required|string\"',NULL,NULL,NULL,NULL,6,'[]',NULL,NULL,NULL,NULL,1,0,0,1.00,0,0,0,'\"[{\\\"opt_name\\\":null,\\\"opt_value\\\":\\\"0\\\"}]\"',NULL,0,0,0,0,'\"[{\\\"opt_name\\\":null,\\\"opt_value\\\":null,\\\"c_form\\\":\\\"0\\\"}]\"',NULL,1,'2021-12-16 08:59:20','2021-12-16 08:59:20'),
	(42,8,'select','islands','Island',NULL,2,NULL,'\"[{\\\"opt_name\\\":null,\\\"opt_value\\\":null}]\"','\"required|string\"',NULL,NULL,NULL,NULL,6,'[]',NULL,NULL,NULL,NULL,1,0,1,1.00,0,0,0,'\"[{\\\"opt_name\\\":null,\\\"opt_value\\\":\\\"0\\\"}]\"',NULL,2,9,1,NULL,'\"[{\\\"opt_name\\\":null,\\\"opt_value\\\":null,\\\"c_form\\\":\\\"0\\\"}]\"',NULL,1,'2021-12-16 08:59:41','2022-01-17 14:54:59'),
	(43,8,'text','project_owners','Project Owner',NULL,3,NULL,'\"[{\\\"opt_name\\\":null,\\\"opt_value\\\":null}]\"','\"required|string\"',NULL,NULL,NULL,NULL,6,'[]',NULL,NULL,NULL,NULL,1,0,0,1.00,0,0,0,'\"[{\\\"opt_name\\\":null,\\\"opt_value\\\":\\\"0\\\"}]\"',NULL,0,0,0,0,'\"[{\\\"opt_name\\\":null,\\\"opt_value\\\":null,\\\"c_form\\\":\\\"0\\\"}]\"',NULL,1,'2021-12-16 09:00:07','2021-12-16 09:00:07'),
	(44,8,'number','project_costs','Project Cost',NULL,4,NULL,'\"[{\\\"opt_name\\\":null,\\\"opt_value\\\":null}]\"','\"required|numeric\"',NULL,NULL,NULL,NULL,3,'[]',NULL,NULL,NULL,'0',1,0,0,0.01,0,0,0,'\"[{\\\"opt_name\\\":null,\\\"opt_value\\\":\\\"0\\\"}]\"',NULL,2,0,0,0,'\"[{\\\"opt_name\\\":null,\\\"opt_value\\\":null,\\\"c_form\\\":\\\"0\\\"}]\"',NULL,1,'2021-12-16 09:01:00','2021-12-16 13:37:18'),
	(45,8,'text','times','Time',NULL,5,NULL,'\"[{\\\"opt_name\\\":null,\\\"opt_value\\\":null}]\"','\"required|string\"',NULL,NULL,NULL,NULL,3,'[]',NULL,NULL,NULL,NULL,1,0,0,1.00,0,0,0,'\"[{\\\"opt_name\\\":null,\\\"opt_value\\\":\\\"0\\\"}]\"',NULL,0,0,0,0,'\"[{\\\"opt_name\\\":null,\\\"opt_value\\\":null,\\\"c_form\\\":\\\"0\\\"}]\"',NULL,1,'2021-12-16 09:01:44','2021-12-16 09:01:44'),
	(46,8,'text','recipient_beneficiaries','Recipient Beneficiary',NULL,6,NULL,'\"[{\\\"opt_name\\\":null,\\\"opt_value\\\":null}]\"','\"required|string\"',NULL,NULL,NULL,NULL,12,'[]',NULL,NULL,NULL,NULL,1,0,0,1.00,0,0,0,'\"[{\\\"opt_name\\\":null,\\\"opt_value\\\":\\\"0\\\"}]\"',NULL,2,0,0,0,'\"[{\\\"opt_name\\\":null,\\\"opt_value\\\":null,\\\"c_form\\\":\\\"0\\\"}]\"',NULL,1,'2021-12-16 09:02:33','2021-12-16 09:02:42'),
	(47,8,'textarea','scopes','Scope',NULL,7,NULL,'\"[{\\\"opt_name\\\":null,\\\"opt_value\\\":null}]\"','\"nullable|string\"',NULL,NULL,NULL,NULL,12,'[]',NULL,NULL,NULL,NULL,0,0,0,1.00,0,0,0,'\"[{\\\"opt_name\\\":null,\\\"opt_value\\\":\\\"0\\\"}]\"',NULL,0,0,0,0,'\"[{\\\"opt_name\\\":null,\\\"opt_value\\\":null,\\\"c_form\\\":\\\"0\\\"}]\"',NULL,1,'2021-12-16 09:03:14','2021-12-16 09:03:14'),
	(48,9,'text','activity_names','Activity Name',NULL,1,NULL,'\"[{\\\"opt_name\\\":null,\\\"opt_value\\\":null}]\"','\"required|string\"',NULL,NULL,NULL,NULL,12,'[]',NULL,NULL,NULL,NULL,1,0,0,1.00,0,0,0,'\"[{\\\"opt_name\\\":null,\\\"opt_value\\\":\\\"0\\\"}]\"',NULL,0,0,0,0,'\"[{\\\"opt_name\\\":null,\\\"opt_value\\\":null,\\\"c_form\\\":\\\"0\\\"}]\"',NULL,1,'2021-12-16 09:06:15','2021-12-16 09:06:15'),
	(49,9,'date','start_dates','Start Date',NULL,2,NULL,'\"[{\\\"opt_name\\\":null,\\\"opt_value\\\":null}]\"','\"required\"',NULL,NULL,NULL,NULL,4,'[]',NULL,NULL,NULL,NULL,1,0,0,1.00,0,0,0,'\"[{\\\"opt_name\\\":null,\\\"opt_value\\\":\\\"0\\\"}]\"',NULL,0,0,0,0,'\"[{\\\"opt_name\\\":null,\\\"opt_value\\\":null,\\\"c_form\\\":\\\"0\\\"}]\"',NULL,1,'2021-12-16 09:07:46','2021-12-16 09:07:46'),
	(50,9,'date','end_dates','End Date',NULL,3,NULL,'\"[{\\\"opt_name\\\":null,\\\"opt_value\\\":null}]\"','\"required\"',NULL,NULL,NULL,NULL,4,'[]',NULL,NULL,NULL,NULL,1,0,0,1.00,0,0,0,'\"[{\\\"opt_name\\\":null,\\\"opt_value\\\":\\\"0\\\"}]\"',NULL,0,0,0,0,'\"[{\\\"opt_name\\\":null,\\\"opt_value\\\":null,\\\"c_form\\\":\\\"0\\\"}]\"',NULL,1,'2021-12-16 09:08:05','2021-12-16 09:08:05'),
	(51,9,'select','statuses','Status',NULL,4,NULL,'\"[{\\\"opt_name\\\":null,\\\"opt_value\\\":null}]\"','\"nullable|string\"',NULL,NULL,NULL,NULL,4,'[]',NULL,NULL,NULL,NULL,0,0,1,1.00,0,0,0,'\"[{\\\"opt_name\\\":null,\\\"opt_value\\\":\\\"0\\\"}]\"',NULL,2,7,1,0,'\"[{\\\"opt_name\\\":null,\\\"opt_value\\\":null,\\\"c_form\\\":\\\"0\\\"}]\"',NULL,1,'2021-12-16 09:33:26','2021-12-16 14:00:08'),
	(52,9,'textarea','delayed_reasons','Delayed Reasons',NULL,5,NULL,'\"[{\\\"opt_name\\\":null,\\\"opt_value\\\":null}]\"','\"nullable|string\"',NULL,NULL,NULL,NULL,12,'[]',NULL,NULL,NULL,NULL,0,0,0,1.00,0,0,0,'\"[{\\\"opt_name\\\":null,\\\"opt_value\\\":\\\"0\\\"}]\"',NULL,0,0,0,0,'\"[{\\\"opt_name\\\":null,\\\"opt_value\\\":null,\\\"c_form\\\":\\\"0\\\"}]\"',NULL,1,'2021-12-16 09:34:05','2021-12-16 09:34:05'),
	(53,9,'textarea','comments','Comment',NULL,6,NULL,'\"[{\\\"opt_name\\\":null,\\\"opt_value\\\":null}]\"','\"nullable|string\"',NULL,NULL,NULL,NULL,12,'[]',NULL,NULL,NULL,NULL,0,0,0,1.00,0,0,0,'\"[{\\\"opt_name\\\":null,\\\"opt_value\\\":\\\"0\\\"}]\"',NULL,0,0,0,0,'\"[{\\\"opt_name\\\":null,\\\"opt_value\\\":null,\\\"c_form\\\":\\\"0\\\"}]\"',NULL,1,'2021-12-16 09:34:34','2021-12-16 09:34:34'),
	(55,10,'radio','application_types','Application Type',NULL,1,NULL,'\"[{\\\"opt_name\\\":\\\"New Application\\\",\\\"opt_value\\\":\\\"New Application\\\"},{\\\"opt_name\\\":\\\"Reapplying\\\",\\\"opt_value\\\":\\\"Reapplying\\\"}]\"','\"required\"',NULL,NULL,NULL,NULL,12,'[]',NULL,NULL,NULL,NULL,1,0,0,2.00,0,0,0,'\"[{\\\"opt_name\\\":null,\\\"opt_value\\\":\\\"0\\\"}]\"',NULL,2,0,0,0,'\"[{\\\"opt_name\\\":null,\\\"opt_value\\\":null,\\\"c_form\\\":\\\"0\\\"}]\"',NULL,1,'2021-12-20 12:17:12','2021-12-21 09:56:55'),
	(56,10,'heading','supporting_documents','Supporting Documents',NULL,2,NULL,'\"[{\\\"opt_name\\\":null,\\\"opt_value\\\":null}]\"','\"nullable\"',NULL,NULL,NULL,NULL,12,'[]',NULL,NULL,NULL,NULL,0,0,0,1.00,0,0,0,'\"[{\\\"opt_name\\\":null,\\\"opt_value\\\":\\\"0\\\"}]\"',NULL,0,0,0,0,'\"[{\\\"opt_name\\\":null,\\\"opt_value\\\":null,\\\"c_form\\\":\\\"0\\\"}]\"',NULL,1,'2021-12-20 12:18:22','2021-12-20 12:18:22'),
	(57,10,'label','supp_documents','I have provided all the required supporting documents',NULL,3,NULL,'\"[{\\\"opt_name\\\":null,\\\"opt_value\\\":null}]\"','\"nullable\"',NULL,NULL,NULL,NULL,12,'[]',NULL,NULL,NULL,NULL,0,0,0,1.00,0,0,0,'\"[{\\\"opt_name\\\":null,\\\"opt_value\\\":\\\"0\\\"}]\"',NULL,0,0,0,0,'\"[{\\\"opt_name\\\":null,\\\"opt_value\\\":null,\\\"c_form\\\":\\\"0\\\"}]\"',NULL,1,'2021-12-20 12:27:33','2021-12-20 12:27:33'),
	(61,10,'label','birth_certs','Birth Certificate/ Birth Notification',NULL,4,NULL,'\"[{\\\"opt_name\\\":null,\\\"opt_value\\\":null}]\"','\"nullable\"',NULL,NULL,NULL,NULL,12,'[]',NULL,NULL,NULL,NULL,0,0,0,1.00,0,0,0,'\"[{\\\"opt_name\\\":null,\\\"opt_value\\\":\\\"0\\\"}]\"',NULL,2,0,0,0,'\"[{\\\"opt_name\\\":null,\\\"opt_value\\\":null,\\\"c_form\\\":\\\"0\\\"}]\"',NULL,1,'2021-12-20 13:06:52','2021-12-20 13:08:24'),
	(62,10,'text','birth_cert_refs','Ref:',NULL,5,NULL,'\"[{\\\"opt_name\\\":null,\\\"opt_value\\\":null}]\"','\"nullable|string\"',NULL,NULL,NULL,NULL,4,'[]',NULL,NULL,NULL,NULL,0,0,0,1.00,0,0,0,'\"[{\\\"opt_name\\\":null,\\\"opt_value\\\":\\\"0\\\"}]\"',NULL,0,0,0,0,'\"[{\\\"opt_name\\\":null,\\\"opt_value\\\":null,\\\"c_form\\\":\\\"0\\\"}]\"',NULL,1,'2021-12-20 13:07:46','2021-12-20 13:07:46'),
	(63,10,'number','rmd_nos','RMD No#:',NULL,6,NULL,'\"[{\\\"opt_name\\\":null,\\\"opt_value\\\":null}]\"','\"nullable|numeric\"',NULL,NULL,NULL,NULL,4,'[]',NULL,NULL,NULL,NULL,0,0,0,1.00,0,0,0,'\"[{\\\"opt_name\\\":null,\\\"opt_value\\\":\\\"0\\\"}]\"',NULL,0,0,0,0,'\"[{\\\"opt_name\\\":null,\\\"opt_value\\\":null,\\\"c_form\\\":\\\"0\\\"}]\"',NULL,1,'2021-12-20 13:09:17','2021-12-20 13:09:17'),
	(64,10,'text','tax_rates','Tax Rate:',NULL,7,NULL,'\"[{\\\"opt_name\\\":null,\\\"opt_value\\\":null}]\"','\"nullable|string\"',NULL,NULL,NULL,NULL,4,'[]',NULL,NULL,NULL,NULL,0,0,0,1.00,0,0,0,'\"[{\\\"opt_name\\\":null,\\\"opt_value\\\":\\\"0\\\"}]\"',NULL,0,0,0,0,'\"[{\\\"opt_name\\\":null,\\\"opt_value\\\":null,\\\"c_form\\\":\\\"0\\\"}]\"',NULL,1,'2021-12-20 13:09:58','2021-12-20 13:09:58'),
	(65,10,'label','passports','Passport',NULL,8,NULL,'\"[{\\\"opt_name\\\":null,\\\"opt_value\\\":null}]\"','\"nullable\"',NULL,NULL,NULL,NULL,12,'[]',NULL,NULL,NULL,NULL,0,0,0,1.00,0,0,0,'\"[{\\\"opt_name\\\":null,\\\"opt_value\\\":\\\"0\\\"}]\"',NULL,0,0,0,0,'\"[{\\\"opt_name\\\":null,\\\"opt_value\\\":null,\\\"c_form\\\":\\\"0\\\"}]\"',NULL,1,'2021-12-20 13:11:11','2021-12-20 13:11:11'),
	(66,10,'text','passport_refs','Ref:',NULL,9,NULL,'\"[{\\\"opt_name\\\":null,\\\"opt_value\\\":null}]\"','\"nullable|string\"',NULL,NULL,NULL,NULL,4,'[]',NULL,NULL,NULL,NULL,0,0,0,1.00,0,0,0,'\"[{\\\"opt_name\\\":null,\\\"opt_value\\\":\\\"0\\\"}]\"',NULL,0,0,0,0,'\"[{\\\"opt_name\\\":null,\\\"opt_value\\\":null,\\\"c_form\\\":\\\"0\\\"}]\"',NULL,1,'2021-12-20 13:12:58','2021-12-20 13:12:58'),
	(67,10,'date','passport_exps','EXP:',NULL,10,NULL,'\"[{\\\"opt_name\\\":null,\\\"opt_value\\\":null}]\"','\"nullable\"',NULL,NULL,NULL,NULL,4,'[]',NULL,NULL,NULL,NULL,0,0,0,1.00,0,0,0,'\"[{\\\"opt_name\\\":null,\\\"opt_value\\\":\\\"0\\\"}]\"',NULL,0,0,0,0,'\"[{\\\"opt_name\\\":null,\\\"opt_value\\\":null,\\\"c_form\\\":\\\"0\\\"}]\"',NULL,1,'2021-12-20 13:14:58','2021-12-20 13:14:58'),
	(68,10,'label','bci_bank_cards','BCI Bank Card/ Passbooks',NULL,11,NULL,'\"[{\\\"opt_name\\\":null,\\\"opt_value\\\":null}]\"','\"nullable\"',NULL,NULL,NULL,NULL,12,'[]',NULL,NULL,NULL,NULL,0,0,0,1.00,0,0,0,'\"[{\\\"opt_name\\\":null,\\\"opt_value\\\":\\\"0\\\"}]\"',NULL,0,0,0,0,'\"[{\\\"opt_name\\\":null,\\\"opt_value\\\":null,\\\"c_form\\\":\\\"0\\\"}]\"',NULL,1,'2021-12-20 13:16:34','2021-12-20 13:16:34'),
	(69,10,'text','bci_bank_card__accountnames','A/C Name:',NULL,12,NULL,'\"[{\\\"opt_name\\\":null,\\\"opt_value\\\":null}]\"','\"nullable|string\"',NULL,NULL,NULL,NULL,4,'[]',NULL,NULL,NULL,NULL,0,0,0,1.00,0,0,0,'\"[{\\\"opt_name\\\":null,\\\"opt_value\\\":\\\"0\\\"}]\"',NULL,0,0,0,0,'\"[{\\\"opt_name\\\":null,\\\"opt_value\\\":null,\\\"c_form\\\":\\\"0\\\"}]\"',NULL,1,'2021-12-20 13:17:31','2021-12-20 13:17:31'),
	(70,10,'number','bci_account_numbers','A/C No:',NULL,12,NULL,'\"[{\\\"opt_name\\\":null,\\\"opt_value\\\":null}]\"','\"nullable|numeric\"',NULL,NULL,NULL,NULL,4,'[]',NULL,NULL,NULL,NULL,0,0,0,1.00,0,0,0,'\"[{\\\"opt_name\\\":null,\\\"opt_value\\\":\\\"0\\\"}]\"',NULL,2,0,0,NULL,'\"[{\\\"opt_name\\\":null,\\\"opt_value\\\":null,\\\"c_form\\\":\\\"0\\\"}]\"',NULL,1,'2021-12-20 13:18:14','2022-02-01 07:21:58'),
	(71,10,'heading','beneficiary_details','BENEFICIARYS’ DETAILS',NULL,13,NULL,'\"[{\\\"opt_name\\\":null,\\\"opt_value\\\":null}]\"','\"nullable\"',NULL,NULL,NULL,NULL,12,'[]',NULL,NULL,NULL,NULL,0,0,0,1.00,0,0,0,'\"[{\\\"opt_name\\\":null,\\\"opt_value\\\":\\\"0\\\"}]\"',NULL,0,0,0,0,'\"[{\\\"opt_name\\\":null,\\\"opt_value\\\":null,\\\"c_form\\\":\\\"0\\\"}]\"',NULL,1,'2021-12-20 13:19:20','2021-12-20 13:19:20'),
	(72,10,'text','first_names','First Name',NULL,14,NULL,'\"[{\\\"opt_name\\\":null,\\\"opt_value\\\":null}]\"','\"nullable|string\"',NULL,NULL,NULL,NULL,6,'[]',NULL,NULL,NULL,NULL,0,0,0,1.00,0,0,0,'\"[{\\\"opt_name\\\":null,\\\"opt_value\\\":\\\"0\\\"}]\"',NULL,0,0,0,0,'\"[{\\\"opt_name\\\":null,\\\"opt_value\\\":null,\\\"c_form\\\":\\\"0\\\"}]\"',NULL,1,'2021-12-20 13:21:37','2021-12-20 13:21:37'),
	(73,10,'text','surnames','Surname',NULL,15,NULL,'\"[{\\\"opt_name\\\":null,\\\"opt_value\\\":null}]\"','\"nullable|string\"',NULL,NULL,NULL,NULL,6,'[]',NULL,NULL,NULL,NULL,0,0,0,1.00,0,0,0,'\"[{\\\"opt_name\\\":null,\\\"opt_value\\\":\\\"0\\\"}]\"',NULL,2,0,0,0,'\"[{\\\"opt_name\\\":null,\\\"opt_value\\\":null,\\\"c_form\\\":\\\"0\\\"}]\"',NULL,1,'2021-12-20 13:23:03','2021-12-20 13:27:32'),
	(74,10,'dob','bef_dobs','Date Of Birth:',NULL,16,NULL,'\"[{\\\"opt_name\\\":null,\\\"opt_value\\\":null}]\"','\"nullable\"',NULL,NULL,NULL,NULL,6,'[]',NULL,NULL,NULL,NULL,0,0,0,1.00,0,0,0,'\"[{\\\"opt_name\\\":null,\\\"opt_value\\\":\\\"0\\\"}]\"',NULL,2,0,0,0,'\"[{\\\"opt_name\\\":null,\\\"opt_value\\\":null,\\\"c_form\\\":\\\"0\\\"}]\"',NULL,1,'2021-12-20 13:23:56','2021-12-20 13:27:54'),
	(75,10,'radio','genders','Gender',NULL,17,NULL,'\"null\"','\"nullable\"',NULL,NULL,NULL,NULL,6,'[]',NULL,NULL,NULL,NULL,0,0,1,1.00,0,0,0,'\"[{\\\"opt_name\\\":null,\\\"opt_value\\\":\\\"0\\\"}]\"',NULL,2,1,1,NULL,'\"[{\\\"opt_name\\\":null,\\\"opt_value\\\":null,\\\"c_form\\\":\\\"0\\\"}]\"',NULL,1,'2021-12-20 13:24:53','2022-01-17 13:51:25'),
	(76,10,'heading','contact_details','Contact Details',NULL,18,NULL,'\"[{\\\"opt_name\\\":null,\\\"opt_value\\\":null}]\"','\"nullable\"',NULL,NULL,NULL,NULL,12,'[]',NULL,NULL,NULL,NULL,0,0,0,1.00,0,0,0,'\"[{\\\"opt_name\\\":null,\\\"opt_value\\\":\\\"0\\\"}]\"',NULL,0,0,0,0,'\"[{\\\"opt_name\\\":null,\\\"opt_value\\\":null,\\\"c_form\\\":\\\"0\\\"}]\"',NULL,1,'2021-12-20 13:30:07','2021-12-20 13:30:07'),
	(77,10,'select','islands','Island',NULL,19,NULL,'\"null\"','\"required|string\"',NULL,NULL,NULL,NULL,6,'[]',NULL,NULL,NULL,NULL,1,0,1,1.00,0,0,0,'\"[{\\\"opt_name\\\":null,\\\"opt_value\\\":\\\"0\\\"}]\"',NULL,2,9,1,NULL,'\"[{\\\"opt_name\\\":null,\\\"opt_value\\\":null,\\\"c_form\\\":\\\"0\\\"}]\"',NULL,1,'2021-12-20 21:33:29','2022-01-17 14:02:49'),
	(78,10,'text','villages','Village',NULL,20,NULL,'\"[{\\\"opt_name\\\":null,\\\"opt_value\\\":null}]\"','\"nullable|string\"',NULL,NULL,NULL,NULL,6,'[]',NULL,NULL,NULL,NULL,0,0,0,1.00,0,0,0,'\"[{\\\"opt_name\\\":null,\\\"opt_value\\\":\\\"0\\\"}]\"',NULL,0,0,0,0,'\"[{\\\"opt_name\\\":null,\\\"opt_value\\\":null,\\\"c_form\\\":\\\"0\\\"}]\"',NULL,1,'2021-12-20 21:34:07','2021-12-20 21:34:07'),
	(79,10,'tel','phones','Phone:',NULL,21,NULL,'\"[{\\\"opt_name\\\":null,\\\"opt_value\\\":null}]\"','\"nullable|string|min:10|max:15\"',NULL,NULL,NULL,NULL,4,'[]',NULL,NULL,NULL,NULL,0,0,0,1.00,0,0,0,'\"[{\\\"opt_name\\\":null,\\\"opt_value\\\":\\\"0\\\"}]\"',NULL,0,0,0,0,'\"[{\\\"opt_name\\\":null,\\\"opt_value\\\":null,\\\"c_form\\\":\\\"0\\\"}]\"',NULL,1,'2021-12-20 21:34:54','2021-12-20 21:34:54'),
	(80,10,'tel','mobiles','Mobile:',NULL,22,NULL,'\"[{\\\"opt_name\\\":null,\\\"opt_value\\\":null}]\"','\"nullable|string|min:10|max:15\"',NULL,NULL,NULL,NULL,4,'[]',NULL,NULL,NULL,NULL,0,0,0,1.00,0,0,0,'\"[{\\\"opt_name\\\":null,\\\"opt_value\\\":\\\"0\\\"}]\"',NULL,0,0,0,0,'\"[{\\\"opt_name\\\":null,\\\"opt_value\\\":null,\\\"c_form\\\":\\\"0\\\"}]\"',NULL,1,'2021-12-20 21:35:29','2021-12-20 21:35:29'),
	(81,10,'email','emails','Email',NULL,23,NULL,'\"[{\\\"opt_name\\\":null,\\\"opt_value\\\":null}]\"','\"nullable|email\"',NULL,NULL,NULL,NULL,4,'[]',NULL,NULL,NULL,NULL,0,0,0,1.00,0,0,0,'\"[{\\\"opt_name\\\":null,\\\"opt_value\\\":\\\"0\\\"}]\"',NULL,0,0,0,0,'\"[{\\\"opt_name\\\":null,\\\"opt_value\\\":null,\\\"c_form\\\":\\\"0\\\"}]\"',NULL,1,'2021-12-20 21:36:04','2021-12-20 21:36:04'),
	(82,10,'textarea','postal_addresses','Postal Address',NULL,24,NULL,'\"[{\\\"opt_name\\\":null,\\\"opt_value\\\":null}]\"','\"nullable|string\"',NULL,NULL,NULL,NULL,12,'[]',NULL,NULL,NULL,NULL,0,0,0,1.00,0,0,0,'\"[{\\\"opt_name\\\":null,\\\"opt_value\\\":\\\"0\\\"}]\"',NULL,0,0,0,0,'\"[{\\\"opt_name\\\":null,\\\"opt_value\\\":null,\\\"c_form\\\":\\\"0\\\"}]\"',NULL,1,'2021-12-20 21:37:40','2021-12-20 21:37:40'),
	(83,10,'heading','residencies','Residency',NULL,25,NULL,'\"[{\\\"opt_name\\\":null,\\\"opt_value\\\":null}]\"','\"nullable\"',NULL,NULL,NULL,NULL,12,'[]',NULL,NULL,NULL,NULL,0,0,0,1.00,0,0,0,'\"[{\\\"opt_name\\\":null,\\\"opt_value\\\":\\\"0\\\"}]\"',NULL,0,0,0,0,'\"[{\\\"opt_name\\\":null,\\\"opt_value\\\":null,\\\"c_form\\\":\\\"0\\\"}]\"',NULL,1,'2021-12-20 21:54:01','2021-12-20 21:54:01'),
	(84,10,'radio','bef_residencies','I (the beneficiary) am a:',NULL,26,NULL,'\"[{\\\"opt_name\\\":\\\"Cook Islander born in the Cook Islands\\\",\\\"opt_value\\\":\\\"Cook Islander born in the Cook Islands\\\"},{\\\"opt_name\\\":\\\"Cook Islander born overseas\\\",\\\"opt_value\\\":\\\"Cook Islander born overseas\\\"},{\\\"opt_name\\\":\\\"Cook Islands permanent resident\\\",\\\"opt_value\\\":\\\"Cook Islands permanent resident\\\"},{\\\"opt_name\\\":\\\"Other\\\",\\\"opt_value\\\":\\\"Other\\\"}]\"','\"nullable\"',NULL,NULL,NULL,NULL,12,'[]',NULL,NULL,NULL,NULL,0,0,0,4.00,0,0,0,'\"[{\\\"opt_name\\\":null,\\\"opt_value\\\":\\\"0\\\"}]\"',NULL,2,0,0,0,'\"[{\\\"opt_name\\\":null,\\\"opt_value\\\":null,\\\"c_form\\\":\\\"0\\\"}]\"',NULL,1,'2021-12-20 21:57:15','2021-12-21 18:22:11'),
	(85,10,'text','other_bef_residencies','Other (details):',NULL,27,NULL,'\"[{\\\"opt_name\\\":null,\\\"opt_value\\\":null}]\"','\"nullable|string\"',NULL,NULL,NULL,NULL,6,'[]',NULL,NULL,NULL,NULL,0,0,0,1.00,0,0,0,'\"[{\\\"opt_name\\\":null,\\\"opt_value\\\":\\\"0\\\"}]\"',NULL,0,0,0,0,'\"[{\\\"opt_name\\\":null,\\\"opt_value\\\":null,\\\"c_form\\\":\\\"0\\\"}]\"',NULL,1,'2021-12-20 22:03:39','2021-12-20 22:03:39'),
	(86,10,'date','bef_permanent_dates','Cook Islands permanent resident date',NULL,28,NULL,'\"[{\\\"opt_name\\\":null,\\\"opt_value\\\":null}]\"','\"nullable\"',NULL,NULL,NULL,NULL,6,'[]',NULL,NULL,NULL,NULL,0,0,0,1.00,0,0,0,'\"[{\\\"opt_name\\\":null,\\\"opt_value\\\":\\\"0\\\"}]\"',NULL,0,0,0,0,'\"[{\\\"opt_name\\\":null,\\\"opt_value\\\":null,\\\"c_form\\\":\\\"0\\\"}]\"',NULL,1,'2021-12-20 22:05:00','2021-12-20 22:05:00'),
	(87,10,'date','ci_arrivals','When did you (the beneficiary) arrive in the Cook Islands:',NULL,29,NULL,'\"[{\\\"opt_name\\\":null,\\\"opt_value\\\":null}]\"','\"nullable\"',NULL,NULL,NULL,NULL,6,'[]',NULL,NULL,NULL,NULL,0,0,0,1.00,0,0,0,'\"[{\\\"opt_name\\\":null,\\\"opt_value\\\":\\\"0\\\"}]\"',NULL,0,0,0,0,'\"[{\\\"opt_name\\\":null,\\\"opt_value\\\":null,\\\"c_form\\\":\\\"0\\\"}]\"',NULL,1,'2021-12-20 22:06:19','2021-12-20 22:06:19'),
	(88,10,'heading','your_details','YOUR DETAILS (person whom completed the application form)',NULL,30,NULL,'\"[{\\\"opt_name\\\":null,\\\"opt_value\\\":null}]\"','\"nullable\"',NULL,NULL,NULL,NULL,12,'[]',NULL,NULL,NULL,NULL,0,0,0,1.00,0,0,0,'\"[{\\\"opt_name\\\":null,\\\"opt_value\\\":\\\"0\\\"}]\"',NULL,0,0,0,0,'\"[{\\\"opt_name\\\":null,\\\"opt_value\\\":null,\\\"c_form\\\":\\\"0\\\"}]\"',NULL,1,'2021-12-20 22:09:18','2021-12-20 22:09:18'),
	(89,10,'text','complete_names','FIRST NAME:',NULL,31,NULL,'\"[{\\\"opt_name\\\":null,\\\"opt_value\\\":null}]\"','\"nullable|string\"',NULL,NULL,NULL,NULL,6,'[]',NULL,NULL,NULL,NULL,0,0,0,1.00,0,0,0,'\"[{\\\"opt_name\\\":null,\\\"opt_value\\\":\\\"0\\\"}]\"',NULL,0,0,0,0,'\"[{\\\"opt_name\\\":null,\\\"opt_value\\\":null,\\\"c_form\\\":\\\"0\\\"}]\"',NULL,1,'2021-12-20 22:10:18','2021-12-20 22:10:18'),
	(90,10,'text','complete_surnames','SURNAME:',NULL,32,NULL,'\"[{\\\"opt_name\\\":null,\\\"opt_value\\\":null}]\"','\"nullable|string\"',NULL,NULL,NULL,NULL,6,'[]',NULL,NULL,NULL,NULL,0,0,0,1.00,0,0,0,'\"[{\\\"opt_name\\\":null,\\\"opt_value\\\":\\\"0\\\"}]\"',NULL,0,0,0,0,'\"[{\\\"opt_name\\\":null,\\\"opt_value\\\":null,\\\"c_form\\\":\\\"0\\\"}]\"',NULL,1,'2021-12-20 22:10:42','2021-12-20 22:10:42'),
	(91,10,'text','relationships','Your relationship to the beneficiary:',NULL,33,NULL,'\"[{\\\"opt_name\\\":null,\\\"opt_value\\\":null}]\"','\"nullable|string\"',NULL,NULL,NULL,NULL,6,'[]',NULL,NULL,NULL,NULL,0,0,0,1.00,0,0,0,'\"[{\\\"opt_name\\\":null,\\\"opt_value\\\":\\\"0\\\"}]\"',NULL,0,0,0,0,'\"[{\\\"opt_name\\\":null,\\\"opt_value\\\":null,\\\"c_form\\\":\\\"0\\\"}]\"',NULL,1,'2021-12-20 22:11:10','2021-12-20 22:11:10'),
	(92,10,'tel','complete_numbers','Your contact number:',NULL,34,NULL,'\"[{\\\"opt_name\\\":null,\\\"opt_value\\\":null}]\"','\"nullable|string|min:10|max:15\"',NULL,NULL,NULL,NULL,6,'[]',NULL,NULL,NULL,NULL,0,0,0,1.00,0,0,0,'\"[{\\\"opt_name\\\":null,\\\"opt_value\\\":\\\"0\\\"}]\"',NULL,0,0,0,0,'\"[{\\\"opt_name\\\":null,\\\"opt_value\\\":null,\\\"c_form\\\":\\\"0\\\"}]\"',NULL,1,'2021-12-20 22:11:57','2021-12-20 22:11:57'),
	(93,10,'label','labels','The information I have provided is true and complete. The conditions of receiving this benefit/assistance have been explained to me and I understand these conditions.',NULL,35,NULL,'\"[{\\\"opt_name\\\":null,\\\"opt_value\\\":null}]\"','\"nullable\"',NULL,NULL,NULL,NULL,12,'[]',NULL,NULL,NULL,NULL,0,0,0,1.00,0,0,0,'\"[{\\\"opt_name\\\":null,\\\"opt_value\\\":\\\"0\\\"}]\"',NULL,0,0,0,0,'\"[{\\\"opt_name\\\":null,\\\"opt_value\\\":null,\\\"c_form\\\":\\\"0\\\"}]\"',NULL,1,'2021-12-20 22:12:18','2021-12-20 22:12:18'),
	(94,10,'textarea','signatures','Signature of applicant:',NULL,36,NULL,'\"[{\\\"opt_name\\\":null,\\\"opt_value\\\":null}]\"','\"nullable|string\"',NULL,NULL,NULL,NULL,6,'[]',NULL,NULL,NULL,NULL,0,0,0,1.00,0,0,0,'\"[{\\\"opt_name\\\":null,\\\"opt_value\\\":\\\"0\\\"}]\"',NULL,0,0,0,0,'\"[{\\\"opt_name\\\":null,\\\"opt_value\\\":null,\\\"c_form\\\":\\\"0\\\"}]\"',NULL,1,'2021-12-20 22:14:57','2021-12-20 22:14:57'),
	(95,10,'date','sign_dates','Date:',NULL,37,NULL,'\"[{\\\"opt_name\\\":null,\\\"opt_value\\\":null}]\"','\"nullable\"',NULL,NULL,NULL,NULL,6,'[]',NULL,NULL,NULL,NULL,0,0,0,1.00,0,0,0,'\"[{\\\"opt_name\\\":null,\\\"opt_value\\\":\\\"0\\\"}]\"',NULL,2,0,0,0,'\"[{\\\"opt_name\\\":null,\\\"opt_value\\\":null,\\\"c_form\\\":\\\"0\\\"}]\"',NULL,1,'2021-12-20 22:15:32','2021-12-21 09:39:35'),
	(96,11,'text','surnames','Surname',NULL,1,NULL,'\"[{\\\"opt_name\\\":null,\\\"opt_value\\\":null}]\"','\"required|string\"',NULL,NULL,NULL,NULL,3,'[]',NULL,NULL,NULL,NULL,1,0,0,1.00,0,0,0,'\"[{\\\"opt_name\\\":null,\\\"opt_value\\\":\\\"0\\\"}]\"',NULL,0,0,0,0,'\"[{\\\"opt_name\\\":null,\\\"opt_value\\\":null,\\\"c_form\\\":\\\"0\\\"}]\"',NULL,1,'2021-12-21 15:13:37','2021-12-21 15:13:37'),
	(97,11,'text','first_names','First Name',NULL,2,NULL,'\"[{\\\"opt_name\\\":null,\\\"opt_value\\\":null}]\"','\"required|string\"',NULL,NULL,NULL,NULL,3,'[]',NULL,NULL,NULL,NULL,1,0,0,1.00,0,0,0,'\"[{\\\"opt_name\\\":null,\\\"opt_value\\\":\\\"0\\\"}]\"',NULL,0,0,0,0,'\"[{\\\"opt_name\\\":null,\\\"opt_value\\\":null,\\\"c_form\\\":\\\"0\\\"}]\"',NULL,1,'2021-12-21 15:14:27','2021-12-21 15:14:27'),
	(99,11,'dob','dobs','Date of Birth',NULL,3,NULL,'\"[{\\\"opt_name\\\":null,\\\"opt_value\\\":null}]\"','\"required\"',NULL,NULL,NULL,NULL,3,'[]',NULL,NULL,NULL,NULL,1,0,0,1.00,0,0,0,'\"[{\\\"opt_name\\\":null,\\\"opt_value\\\":\\\"0\\\"}]\"',NULL,0,0,0,0,'\"[{\\\"opt_name\\\":null,\\\"opt_value\\\":null,\\\"c_form\\\":\\\"0\\\"}]\"',NULL,1,'2021-12-21 15:16:02','2021-12-21 15:16:02'),
	(100,11,'radio','genders','Gender',NULL,4,NULL,'\"null\"','\"nullable\"',NULL,NULL,NULL,NULL,6,'[]',NULL,NULL,NULL,NULL,0,0,1,1.00,0,0,0,'\"[{\\\"opt_name\\\":null,\\\"opt_value\\\":\\\"0\\\"}]\"',NULL,2,1,1,NULL,'\"[{\\\"opt_name\\\":null,\\\"opt_value\\\":null,\\\"c_form\\\":\\\"0\\\"}]\"',NULL,1,'2021-12-21 18:53:14','2022-01-17 13:40:11'),
	(101,11,'select','islands','Island',NULL,5,NULL,'\"[{\\\"opt_name\\\":null,\\\"opt_value\\\":null}]\"','\"nullable|string\"',NULL,NULL,NULL,NULL,6,'[]',NULL,NULL,NULL,NULL,0,0,1,1.00,0,0,0,'\"[{\\\"opt_name\\\":null,\\\"opt_value\\\":\\\"0\\\"}]\"',NULL,2,9,1,NULL,'\"[{\\\"opt_name\\\":null,\\\"opt_value\\\":null,\\\"c_form\\\":\\\"0\\\"}]\"',NULL,1,'2021-12-21 19:08:17','2022-01-19 11:47:33'),
	(103,12,'label','labels','Please complete all questions – if not applicable write N/A',NULL,2,NULL,'\"[{\\\"opt_name\\\":null,\\\"opt_value\\\":null}]\"','\"nullable\"',NULL,NULL,NULL,NULL,12,'[]',NULL,NULL,NULL,NULL,0,0,0,1.00,0,0,0,'\"[{\\\"opt_name\\\":null,\\\"opt_value\\\":\\\"0\\\"}]\"',NULL,2,0,0,0,'\"[{\\\"opt_name\\\":null,\\\"opt_value\\\":null,\\\"c_form\\\":\\\"0\\\"}]\"',NULL,1,'2021-12-21 19:18:08','2021-12-21 19:24:21'),
	(105,12,'radio','assistance_types','Please Indicate The Type of Assistance The Beneficiary Is Receiving:',NULL,3,NULL,'\"[{\\\"opt_name\\\":\\\"CI Old Age Pension\\\",\\\"opt_value\\\":\\\"CI Old Age Pension\\\"},{\\\"opt_name\\\":\\\"NZ Old Age Pension\\\",\\\"opt_value\\\":\\\"NZ Old Age Pension\\\"},{\\\"opt_name\\\":\\\"Child Benefit\\\",\\\"opt_value\\\":\\\"Child Benefit\\\"},{\\\"opt_name\\\":\\\"Infirm Relief\\\",\\\"opt_value\\\":\\\"Infirm Relief\\\"}]\"','\"nullable\"',NULL,NULL,NULL,NULL,12,'[]',NULL,NULL,NULL,NULL,0,0,0,1.00,0,0,0,'\"[{\\\"opt_name\\\":null,\\\"opt_value\\\":\\\"0\\\"}]\"',NULL,2,0,0,0,'\"[{\\\"opt_name\\\":null,\\\"opt_value\\\":null,\\\"c_form\\\":\\\"0\\\"}]\"',NULL,1,'2021-12-21 19:22:17','2021-12-21 19:24:36'),
	(106,12,'heading','supporting_documents','Supporting Documents',NULL,4,NULL,'\"[{\\\"opt_name\\\":null,\\\"opt_value\\\":null}]\"','\"nullable\"',NULL,NULL,NULL,NULL,12,'[]',NULL,NULL,NULL,NULL,0,0,0,1.00,0,0,0,'\"[{\\\"opt_name\\\":null,\\\"opt_value\\\":\\\"0\\\"}]\"',NULL,2,0,0,NULL,'\"[{\\\"opt_name\\\":null,\\\"opt_value\\\":null,\\\"c_form\\\":\\\"0\\\"}]\"',NULL,1,'2021-12-21 19:23:20','2022-02-16 14:20:38'),
	(107,12,'label','supp_docs_availables','I have provided all the required supporting documents',NULL,6,NULL,'\"[{\\\"opt_name\\\":null,\\\"opt_value\\\":null}]\"','\"nullable\"',NULL,NULL,NULL,NULL,12,'[]',NULL,NULL,NULL,NULL,0,0,0,1.00,0,0,0,'\"[{\\\"opt_name\\\":null,\\\"opt_value\\\":\\\"0\\\"}]\"',NULL,2,0,0,NULL,'\"[{\\\"opt_name\\\":null,\\\"opt_value\\\":null,\\\"c_form\\\":\\\"0\\\"}]\"',NULL,1,'2021-12-21 19:23:53','2022-02-16 14:10:04'),
	(118,12,'heading','caregiver_details','CAREGIVERS’ DETAILS',NULL,15,NULL,'\"[{\\\"opt_name\\\":null,\\\"opt_value\\\":null}]\"','\"nullable\"',NULL,NULL,NULL,NULL,12,'[]',NULL,NULL,NULL,NULL,0,0,0,1.00,0,0,0,'\"[{\\\"opt_name\\\":null,\\\"opt_value\\\":\\\"0\\\"}]\"',NULL,0,0,0,0,'\"[{\\\"opt_name\\\":null,\\\"opt_value\\\":null,\\\"c_form\\\":\\\"0\\\"}]\"',NULL,1,'2021-12-21 19:39:41','2021-12-21 19:39:41'),
	(120,12,'text','surnames','Reference ID',NULL,17,NULL,'\"[{\\\"opt_name\\\":null,\\\"opt_value\\\":null}]\"','\"nullable|string\"',NULL,NULL,NULL,NULL,4,'[]',NULL,NULL,NULL,NULL,0,0,0,1.00,0,0,0,'\"[{\\\"opt_name\\\":null,\\\"opt_value\\\":\\\"0\\\"}]\"',NULL,2,0,0,NULL,'\"[{\\\"opt_name\\\":null,\\\"opt_value\\\":null,\\\"c_form\\\":\\\"0\\\"}]\"',NULL,1,'2021-12-21 19:42:16','2022-02-16 14:21:47'),
	(128,12,'text','caregiver_bef_relations','Relation to the beneficiary:',NULL,25,NULL,'\"[{\\\"opt_name\\\":null,\\\"opt_value\\\":null}]\"','\"nullable|string\"',NULL,NULL,NULL,NULL,4,'[]',NULL,NULL,NULL,NULL,0,0,0,1.00,0,0,0,'\"[{\\\"opt_name\\\":null,\\\"opt_value\\\":\\\"0\\\"}]\"',NULL,2,0,0,0,'\"[{\\\"opt_name\\\":null,\\\"opt_value\\\":null,\\\"c_form\\\":\\\"0\\\"}]\"',NULL,1,'2021-12-21 19:58:52','2021-12-22 09:34:15'),
	(129,12,'heading','beneficiary_details','BENEFICIARIES’ DETAILS',NULL,26,NULL,'\"[{\\\"opt_name\\\":null,\\\"opt_value\\\":null}]\"','\"nullable\"',NULL,NULL,NULL,NULL,12,'[]',NULL,NULL,NULL,NULL,0,0,0,1.00,0,0,0,'\"[{\\\"opt_name\\\":null,\\\"opt_value\\\":\\\"0\\\"}]\"',NULL,0,0,0,0,'\"[{\\\"opt_name\\\":null,\\\"opt_value\\\":null,\\\"c_form\\\":\\\"0\\\"}]\"',NULL,1,'2021-12-21 19:59:41','2021-12-21 19:59:41'),
	(130,12,'text','first_name_surnames','Reference ID',NULL,27,NULL,'\"[{\\\"opt_name\\\":null,\\\"opt_value\\\":null}]\"','\"nullable|string\"',NULL,NULL,NULL,NULL,4,'[]',NULL,NULL,NULL,NULL,0,0,0,1.00,0,0,0,'\"[{\\\"opt_name\\\":null,\\\"opt_value\\\":\\\"0\\\"}]\"',NULL,2,0,0,NULL,'\"[{\\\"opt_name\\\":null,\\\"opt_value\\\":null,\\\"c_form\\\":\\\"0\\\"}]\"',NULL,1,'2021-12-21 20:01:24','2022-02-16 14:22:51'),
	(144,12,'textarea','signatures','Signature of applicant',NULL,41,NULL,'\"[{\\\"opt_name\\\":null,\\\"opt_value\\\":null}]\"','\"nullable|string\"',NULL,NULL,NULL,NULL,6,'[]',NULL,NULL,NULL,NULL,0,0,0,1.00,0,0,0,'\"[{\\\"opt_name\\\":null,\\\"opt_value\\\":\\\"0\\\"}]\"',NULL,0,0,0,0,'\"[{\\\"opt_name\\\":null,\\\"opt_value\\\":null,\\\"c_form\\\":\\\"0\\\"}]\"',NULL,1,'2021-12-21 20:23:58','2021-12-21 20:23:58'),
	(147,12,'textarea','applicant_home_directions','APPLICANT TO COMPLETE: Please write the direction and also draw a map to your house, in the space below.',NULL,44,NULL,'\"[{\\\"opt_name\\\":null,\\\"opt_value\\\":null}]\"','\"nullable|string\"',NULL,NULL,NULL,NULL,12,'[]',NULL,NULL,NULL,NULL,0,0,0,1.00,0,0,0,'\"[{\\\"opt_name\\\":null,\\\"opt_value\\\":\\\"0\\\"}]\"',NULL,2,0,0,0,'\"[{\\\"opt_name\\\":null,\\\"opt_value\\\":null,\\\"c_form\\\":\\\"0\\\"}]\"',NULL,1,'2021-12-22 09:51:09','2022-01-17 09:15:15'),
	(149,13,'heading','headings','OFFICE USE ONLY',NULL,1,NULL,'\"[{\\\"opt_name\\\":null,\\\"opt_value\\\":null}]\"','\"nullable\"',NULL,NULL,NULL,NULL,12,'[]',NULL,NULL,NULL,NULL,0,0,0,1.00,0,0,0,'\"[{\\\"opt_name\\\":null,\\\"opt_value\\\":\\\"0\\\"}]\"',NULL,2,0,0,0,'\"[{\\\"opt_name\\\":null,\\\"opt_value\\\":null,\\\"c_form\\\":\\\"0\\\"}]\"',NULL,1,'2021-12-22 09:58:19','2021-12-22 13:44:32'),
	(150,13,'wysiwyg','officer_statements','Statement By Officer','I have explained the conditions for receiving of this benefit/ assistance and explained what the client’s obligations means and the reason for them. The client has indicated that he/ she understands and accepts responsibility to provide true and complete information and to advise immediately of any changes in circumstances. All questions have been completed.',2,NULL,'\"[{\\\"opt_name\\\":null,\\\"opt_value\\\":null}]\"','\"nullable\"',NULL,NULL,NULL,NULL,12,'[]',NULL,NULL,NULL,NULL,0,0,0,1.00,0,0,0,'\"[{\\\"opt_name\\\":null,\\\"opt_value\\\":\\\"0\\\"}]\"',NULL,2,0,0,0,'\"[{\\\"opt_name\\\":null,\\\"opt_value\\\":null,\\\"c_form\\\":\\\"0\\\"}]\"',NULL,1,'2021-12-22 10:10:06','2021-12-22 13:44:45'),
	(151,13,'text','officer_names','Name (print)',NULL,3,NULL,'\"[{\\\"opt_name\\\":null,\\\"opt_value\\\":null}]\"','\"required|string\"',NULL,NULL,NULL,NULL,6,'[]',NULL,NULL,NULL,NULL,1,0,0,1.00,0,0,0,'\"[{\\\"opt_name\\\":null,\\\"opt_value\\\":\\\"0\\\"}]\"',NULL,0,0,0,0,'\"[{\\\"opt_name\\\":null,\\\"opt_value\\\":null,\\\"c_form\\\":\\\"0\\\"}]\"',NULL,1,'2021-12-22 13:37:31','2021-12-22 13:37:31'),
	(152,13,'text','signature_names','Signature (Enter full name in caps to represent signature):',NULL,4,NULL,'\"[{\\\"opt_name\\\":null,\\\"opt_value\\\":null}]\"','\"required|string\"',NULL,NULL,NULL,NULL,6,'[]',NULL,NULL,NULL,NULL,1,0,0,1.00,0,0,0,'\"[{\\\"opt_name\\\":null,\\\"opt_value\\\":\\\"0\\\"}]\"',NULL,0,0,0,0,'\"[{\\\"opt_name\\\":null,\\\"opt_value\\\":null,\\\"c_form\\\":\\\"0\\\"}]\"',NULL,1,'2021-12-22 13:38:57','2021-12-22 13:38:57'),
	(153,13,'date','officer_dates','Date:',NULL,5,NULL,'\"[{\\\"opt_name\\\":null,\\\"opt_value\\\":null}]\"','\"nullable\"',NULL,NULL,NULL,NULL,6,'[]',NULL,NULL,NULL,NULL,0,0,0,1.00,0,0,0,'\"[{\\\"opt_name\\\":null,\\\"opt_value\\\":\\\"0\\\"}]\"',NULL,0,0,0,0,'\"[{\\\"opt_name\\\":null,\\\"opt_value\\\":null,\\\"c_form\\\":\\\"0\\\"}]\"',NULL,1,'2021-12-22 13:39:54','2021-12-22 13:39:54'),
	(154,13,'text','home_visits','Home visit completed:',NULL,6,NULL,'\"[{\\\"opt_name\\\":null,\\\"opt_value\\\":null}]\"','\"required|string\"',NULL,NULL,NULL,NULL,6,'[]',NULL,NULL,NULL,NULL,1,0,0,1.00,0,0,0,'\"[{\\\"opt_name\\\":null,\\\"opt_value\\\":\\\"0\\\"}]\"',NULL,0,0,0,0,'\"[{\\\"opt_name\\\":null,\\\"opt_value\\\":null,\\\"c_form\\\":\\\"0\\\"}]\"',NULL,1,'2021-12-22 13:40:17','2021-12-22 13:40:17'),
	(155,13,'textarea','additional_infos','Additional information:',NULL,7,NULL,'\"[{\\\"opt_name\\\":null,\\\"opt_value\\\":null}]\"','\"nullable|string\"',NULL,NULL,NULL,NULL,6,'[]',NULL,NULL,NULL,NULL,0,0,0,1.00,0,0,0,'\"[{\\\"opt_name\\\":null,\\\"opt_value\\\":\\\"0\\\"}]\"',NULL,0,0,0,0,'\"[{\\\"opt_name\\\":null,\\\"opt_value\\\":null,\\\"c_form\\\":\\\"0\\\"}]\"',NULL,1,'2021-12-22 13:40:55','2021-12-22 13:40:55'),
	(156,13,'textarea','officer_recommendations','Recommendation:',NULL,8,NULL,'\"[{\\\"opt_name\\\":null,\\\"opt_value\\\":null}]\"','\"nullable|string\"',NULL,NULL,NULL,NULL,6,'[]',NULL,NULL,NULL,NULL,0,0,0,1.00,0,0,0,'\"[{\\\"opt_name\\\":null,\\\"opt_value\\\":\\\"0\\\"}]\"',NULL,0,0,0,0,'\"[{\\\"opt_name\\\":null,\\\"opt_value\\\":null,\\\"c_form\\\":\\\"0\\\"}]\"',NULL,1,'2021-12-22 13:41:33','2021-12-22 13:41:33'),
	(157,13,'heading','officer_headings','Outer Islands/ Rarotonga',NULL,9,NULL,'\"[{\\\"opt_name\\\":null,\\\"opt_value\\\":null}]\"','\"nullable\"',NULL,NULL,NULL,NULL,6,'[]',NULL,NULL,NULL,NULL,0,0,0,1.00,0,0,0,'\"[{\\\"opt_name\\\":null,\\\"opt_value\\\":\\\"0\\\"}]\"',NULL,2,0,0,0,'\"[{\\\"opt_name\\\":null,\\\"opt_value\\\":null,\\\"c_form\\\":\\\"0\\\"}]\"',NULL,1,'2021-12-22 13:42:34','2021-12-22 13:43:06'),
	(158,13,'heading','raro_headings','Rarotonga ONLY',NULL,10,NULL,'\"[{\\\"opt_name\\\":null,\\\"opt_value\\\":null}]\"','\"nullable\"',NULL,NULL,NULL,NULL,6,'[]',NULL,NULL,NULL,NULL,0,0,0,1.00,0,0,0,'\"[{\\\"opt_name\\\":null,\\\"opt_value\\\":\\\"0\\\"}]\"',NULL,0,0,0,0,'\"[{\\\"opt_name\\\":null,\\\"opt_value\\\":null,\\\"c_form\\\":\\\"0\\\"}]\"',NULL,1,'2021-12-22 13:43:50','2021-12-22 13:43:50'),
	(159,13,'text','outer_recieved_bies','Application received by:',NULL,11,NULL,'\"[{\\\"opt_name\\\":null,\\\"opt_value\\\":null}]\"','\"nullable|string\"',NULL,NULL,NULL,NULL,6,'[]',NULL,NULL,NULL,NULL,0,0,0,1.00,0,0,0,'\"[{\\\"opt_name\\\":null,\\\"opt_value\\\":\\\"0\\\"}]\"',NULL,0,0,0,0,'\"[{\\\"opt_name\\\":null,\\\"opt_value\\\":null,\\\"c_form\\\":\\\"0\\\"}]\"',NULL,1,'2021-12-22 13:49:31','2021-12-22 13:49:31'),
	(160,13,'text','raro_received_bies','Application received by:',NULL,12,NULL,'\"[{\\\"opt_name\\\":null,\\\"opt_value\\\":null}]\"','\"nullable|string\"',NULL,NULL,NULL,NULL,6,'[]',NULL,NULL,NULL,NULL,0,0,0,1.00,0,0,0,'\"[{\\\"opt_name\\\":null,\\\"opt_value\\\":\\\"0\\\"}]\"',NULL,0,0,0,0,'\"[{\\\"opt_name\\\":null,\\\"opt_value\\\":null,\\\"c_form\\\":\\\"0\\\"}]\"',NULL,1,'2021-12-22 13:50:36','2021-12-22 13:50:36'),
	(161,13,'label','outer_labels','Dates',NULL,13,NULL,'\"[{\\\"opt_name\\\":null,\\\"opt_value\\\":null}]\"','\"nullable\"',NULL,NULL,NULL,NULL,6,'[]',NULL,NULL,NULL,NULL,0,0,0,1.00,0,0,0,'\"[{\\\"opt_name\\\":null,\\\"opt_value\\\":\\\"0\\\"}]\"',NULL,0,0,0,0,'\"[{\\\"opt_name\\\":null,\\\"opt_value\\\":null,\\\"c_form\\\":\\\"0\\\"}]\"',NULL,1,'2021-12-22 13:51:30','2021-12-22 13:51:30'),
	(162,13,'label','raro_dates','Dates',NULL,14,NULL,'\"[{\\\"opt_name\\\":null,\\\"opt_value\\\":null}]\"','\"nullable\"',NULL,NULL,NULL,NULL,6,'[]',NULL,NULL,NULL,NULL,0,0,0,1.00,0,0,0,'\"[{\\\"opt_name\\\":null,\\\"opt_value\\\":\\\"0\\\"}]\"',NULL,0,0,0,0,'\"[{\\\"opt_name\\\":null,\\\"opt_value\\\":null,\\\"c_form\\\":\\\"0\\\"}]\"',NULL,1,'2021-12-22 13:52:04','2021-12-22 13:52:04'),
	(163,13,'date','outer_date_receiveds','Application received:',NULL,15,NULL,'\"[{\\\"opt_name\\\":null,\\\"opt_value\\\":null}]\"','\"nullable\"',NULL,NULL,NULL,NULL,6,'[]',NULL,NULL,NULL,NULL,0,0,0,1.00,0,0,0,'\"[{\\\"opt_name\\\":null,\\\"opt_value\\\":\\\"0\\\"}]\"',NULL,0,0,0,0,'\"[{\\\"opt_name\\\":null,\\\"opt_value\\\":null,\\\"c_form\\\":\\\"0\\\"}]\"',NULL,1,'2021-12-22 13:53:05','2021-12-22 13:53:05'),
	(164,13,'date','raro_pay_periods','Pay period:',NULL,16,NULL,'\"[{\\\"opt_name\\\":null,\\\"opt_value\\\":null}]\"','\"nullable\"',NULL,NULL,NULL,NULL,6,'[]',NULL,NULL,NULL,NULL,0,0,0,1.00,0,0,0,'\"[{\\\"opt_name\\\":null,\\\"opt_value\\\":\\\"0\\\"}]\"',NULL,0,0,0,0,'\"[{\\\"opt_name\\\":null,\\\"opt_value\\\":null,\\\"c_form\\\":\\\"0\\\"}]\"',NULL,1,'2021-12-22 13:54:14','2021-12-22 13:54:14'),
	(165,13,'date','outer_supporting_docs','Supporting documents :',NULL,17,NULL,'\"[{\\\"opt_name\\\":null,\\\"opt_value\\\":null}]\"','\"nullable\"',NULL,NULL,NULL,NULL,6,'[]',NULL,NULL,NULL,NULL,0,0,0,1.00,0,0,0,'\"[{\\\"opt_name\\\":null,\\\"opt_value\\\":\\\"0\\\"}]\"',NULL,0,0,0,0,'\"[{\\\"opt_name\\\":null,\\\"opt_value\\\":null,\\\"c_form\\\":\\\"0\\\"}]\"',NULL,1,'2021-12-22 13:56:01','2021-12-22 13:56:01'),
	(166,13,'date','raro_payment_amounts','Payment amount:',NULL,18,NULL,'\"[{\\\"opt_name\\\":null,\\\"opt_value\\\":null}]\"','\"nullable\"',NULL,NULL,NULL,NULL,6,'[]',NULL,NULL,NULL,NULL,0,0,0,1.00,0,0,0,'\"[{\\\"opt_name\\\":null,\\\"opt_value\\\":\\\"0\\\"}]\"',NULL,0,0,0,0,'\"[{\\\"opt_name\\\":null,\\\"opt_value\\\":null,\\\"c_form\\\":\\\"0\\\"}]\"',NULL,1,'2021-12-22 13:56:41','2021-12-22 13:56:41'),
	(167,13,'date','outer_supplementary_docs','Supplementary documents:',NULL,19,NULL,'\"[{\\\"opt_name\\\":null,\\\"opt_value\\\":null}]\"','\"nullable\"',NULL,NULL,NULL,NULL,6,'[]',NULL,NULL,NULL,NULL,0,0,0,1.00,0,0,0,'\"[{\\\"opt_name\\\":null,\\\"opt_value\\\":\\\"0\\\"}]\"',NULL,0,0,0,0,'\"[{\\\"opt_name\\\":null,\\\"opt_value\\\":null,\\\"c_form\\\":\\\"0\\\"}]\"',NULL,1,'2021-12-22 13:57:55','2021-12-22 13:57:55'),
	(168,13,'date','raro_other_payments','Other payment:',NULL,20,NULL,'\"[{\\\"opt_name\\\":null,\\\"opt_value\\\":null}]\"','\"nullable\"',NULL,NULL,NULL,NULL,6,'[]',NULL,NULL,NULL,NULL,0,0,0,1.00,0,0,0,'\"[{\\\"opt_name\\\":null,\\\"opt_value\\\":\\\"0\\\"}]\"',NULL,0,0,0,0,'\"[{\\\"opt_name\\\":null,\\\"opt_value\\\":null,\\\"c_form\\\":\\\"0\\\"}]\"',NULL,1,'2021-12-22 13:58:47','2021-12-22 13:58:47'),
	(169,13,'date','outer_referals','Referred to Main Office',NULL,21,NULL,'\"[{\\\"opt_name\\\":null,\\\"opt_value\\\":null}]\"','\"nullable\"',NULL,NULL,NULL,NULL,6,'[]',NULL,NULL,NULL,NULL,0,0,0,1.00,0,0,0,'\"[{\\\"opt_name\\\":null,\\\"opt_value\\\":\\\"0\\\"}]\"',NULL,0,0,0,0,'\"[{\\\"opt_name\\\":null,\\\"opt_value\\\":null,\\\"c_form\\\":\\\"0\\\"}]\"',NULL,1,'2021-12-22 13:59:43','2021-12-22 13:59:43'),
	(170,13,'date','raro_payments','Payment amount:',NULL,22,NULL,'\"[{\\\"opt_name\\\":null,\\\"opt_value\\\":null}]\"','\"nullable\"',NULL,NULL,NULL,NULL,6,'[]',NULL,NULL,NULL,NULL,0,0,0,1.00,0,0,0,'\"[{\\\"opt_name\\\":null,\\\"opt_value\\\":\\\"0\\\"}]\"',NULL,0,0,0,0,'\"[{\\\"opt_name\\\":null,\\\"opt_value\\\":null,\\\"c_form\\\":\\\"0\\\"}]\"',NULL,1,'2021-12-22 14:00:42','2021-12-22 14:00:42'),
	(171,13,'date','outer_application_nos','O/Island Application No.',NULL,23,NULL,'\"[{\\\"opt_name\\\":null,\\\"opt_value\\\":null}]\"','\"nullable\"',NULL,NULL,NULL,NULL,6,'[]',NULL,NULL,NULL,NULL,0,0,0,1.00,0,0,0,'\"[{\\\"opt_name\\\":null,\\\"opt_value\\\":\\\"0\\\"}]\"',NULL,0,0,0,0,'\"[{\\\"opt_name\\\":null,\\\"opt_value\\\":null,\\\"c_form\\\":\\\"0\\\"}]\"',NULL,1,'2021-12-22 14:03:20','2021-12-22 14:03:20'),
	(172,13,'date','raro_additional_voucher_nos','Addition Voucher No.',NULL,24,NULL,'\"[{\\\"opt_name\\\":null,\\\"opt_value\\\":null}]\"','\"nullable\"',NULL,NULL,NULL,NULL,6,'[]',NULL,NULL,NULL,NULL,0,0,0,1.00,0,0,0,'\"[{\\\"opt_name\\\":null,\\\"opt_value\\\":\\\"0\\\"}]\"',NULL,0,0,0,0,'\"[{\\\"opt_name\\\":null,\\\"opt_value\\\":null,\\\"c_form\\\":\\\"0\\\"}]\"',NULL,1,'2021-12-22 14:04:05','2021-12-22 14:04:05'),
	(173,13,'date','outer_head_app_nos','Head Office Application No.',NULL,25,NULL,'\"[{\\\"opt_name\\\":null,\\\"opt_value\\\":null}]\"','\"nullable\"',NULL,NULL,NULL,NULL,6,'[]',NULL,NULL,NULL,NULL,0,0,0,1.00,0,0,0,'\"[{\\\"opt_name\\\":null,\\\"opt_value\\\":\\\"0\\\"}]\"',NULL,0,0,0,0,'\"[{\\\"opt_name\\\":null,\\\"opt_value\\\":null,\\\"c_form\\\":\\\"0\\\"}]\"',NULL,1,'2021-12-22 14:04:47','2021-12-22 14:04:47'),
	(174,13,'date','raro_main_vchrs','Main Vchr from:',NULL,26,NULL,'\"[{\\\"opt_name\\\":null,\\\"opt_value\\\":null}]\"','\"nullable\"',NULL,NULL,NULL,NULL,6,'[]',NULL,NULL,NULL,NULL,0,0,0,1.00,0,0,0,'\"[{\\\"opt_name\\\":null,\\\"opt_value\\\":\\\"0\\\"}]\"',NULL,0,0,0,0,'\"[{\\\"opt_name\\\":null,\\\"opt_value\\\":null,\\\"c_form\\\":\\\"0\\\"}]\"',NULL,1,'2021-12-22 14:07:14','2021-12-22 14:07:14'),
	(175,13,'heading','committee_headings','FOR COMMITEE',NULL,27,NULL,'\"[{\\\"opt_name\\\":null,\\\"opt_value\\\":null}]\"','\"nullable\"',NULL,NULL,NULL,NULL,12,'[]',NULL,NULL,NULL,NULL,0,0,0,1.00,0,0,0,'\"[{\\\"opt_name\\\":null,\\\"opt_value\\\":\\\"0\\\"}]\"',NULL,2,0,0,0,'\"[{\\\"opt_name\\\":null,\\\"opt_value\\\":null,\\\"c_form\\\":\\\"0\\\"}]\"',NULL,1,'2021-12-22 14:08:29','2021-12-22 14:10:54'),
	(176,13,'textarea','decisions','Decision:',NULL,28,NULL,'\"[{\\\"opt_name\\\":null,\\\"opt_value\\\":null}]\"','\"nullable|string\"',NULL,NULL,NULL,NULL,6,'[]',NULL,NULL,NULL,NULL,0,0,0,1.00,0,0,0,'\"[{\\\"opt_name\\\":null,\\\"opt_value\\\":\\\"0\\\"}]\"',NULL,0,0,0,0,'\"[{\\\"opt_name\\\":null,\\\"opt_value\\\":null,\\\"c_form\\\":\\\"0\\\"}]\"',NULL,1,'2021-12-22 14:09:17','2021-12-22 14:09:17'),
	(177,13,'textarea','meeting_helds','Meeting held:',NULL,29,NULL,'\"[{\\\"opt_name\\\":null,\\\"opt_value\\\":null}]\"','\"nullable|string\"',NULL,NULL,NULL,NULL,6,'[]',NULL,NULL,NULL,NULL,0,0,0,1.00,0,0,0,'\"[{\\\"opt_name\\\":null,\\\"opt_value\\\":\\\"0\\\"}]\"',NULL,0,0,0,0,'\"[{\\\"opt_name\\\":null,\\\"opt_value\\\":null,\\\"c_form\\\":\\\"0\\\"}]\"',NULL,1,'2021-12-22 14:10:07','2021-12-22 14:10:07'),
	(178,13,'text','commitee_names','Name (print)',NULL,30,NULL,'\"[{\\\"opt_name\\\":null,\\\"opt_value\\\":null}]\"','\"nullable|string\"',NULL,NULL,NULL,NULL,4,'[]',NULL,NULL,NULL,NULL,0,0,0,1.00,0,0,0,'\"[{\\\"opt_name\\\":null,\\\"opt_value\\\":\\\"0\\\"}]\"',NULL,0,0,0,0,'\"[{\\\"opt_name\\\":null,\\\"opt_value\\\":null,\\\"c_form\\\":\\\"0\\\"}]\"',NULL,1,'2021-12-22 14:12:18','2021-12-22 14:12:18'),
	(179,13,'text','signature_committees','Signature',NULL,31,NULL,'\"[{\\\"opt_name\\\":null,\\\"opt_value\\\":null}]\"','\"nullable|string\"',NULL,NULL,NULL,NULL,4,'[]',NULL,NULL,NULL,NULL,0,0,0,1.00,0,0,0,'\"[{\\\"opt_name\\\":null,\\\"opt_value\\\":\\\"0\\\"}]\"',NULL,2,0,0,0,'\"[{\\\"opt_name\\\":null,\\\"opt_value\\\":null,\\\"c_form\\\":\\\"0\\\"}]\"',NULL,1,'2021-12-22 14:12:54','2021-12-22 14:13:11'),
	(180,13,'date','committee_dates','Date:',NULL,32,NULL,'\"[{\\\"opt_name\\\":null,\\\"opt_value\\\":null}]\"','\"nullable\"',NULL,NULL,NULL,NULL,4,'[]',NULL,NULL,NULL,NULL,0,0,0,1.00,0,0,0,'\"[{\\\"opt_name\\\":null,\\\"opt_value\\\":\\\"0\\\"}]\"',NULL,0,0,0,0,'\"[{\\\"opt_name\\\":null,\\\"opt_value\\\":null,\\\"c_form\\\":\\\"0\\\"}]\"',NULL,1,'2021-12-22 14:15:28','2021-12-22 14:15:28'),
	(182,14,'text','subjects','Subject',NULL,1,NULL,'\"[{\\\"opt_name\\\":null,\\\"opt_value\\\":null}]\"','\"required|string\"',NULL,NULL,NULL,NULL,8,'[]',NULL,NULL,NULL,NULL,1,0,0,1.00,0,0,0,'\"[{\\\"opt_name\\\":null,\\\"opt_value\\\":\\\"0\\\"}]\"',NULL,2,0,0,0,'\"[{\\\"opt_name\\\":null,\\\"opt_value\\\":null,\\\"c_form\\\":\\\"0\\\"}]\"',NULL,1,'2021-12-23 21:02:58','2021-12-23 21:13:39'),
	(183,14,'textarea','reasons','What are you complaining about?',NULL,3,NULL,'\"[{\\\"opt_name\\\":null,\\\"opt_value\\\":null}]\"','\"required|string\"',NULL,NULL,NULL,NULL,12,'[]',NULL,NULL,NULL,NULL,1,0,0,1.00,0,0,0,'\"[{\\\"opt_name\\\":null,\\\"opt_value\\\":\\\"0\\\"}]\"',NULL,2,0,0,0,'\"[{\\\"opt_name\\\":null,\\\"opt_value\\\":null,\\\"c_form\\\":\\\"0\\\"}]\"',NULL,1,'2021-12-23 21:10:31','2021-12-23 21:21:52'),
	(184,14,'select','categories','Select Category',NULL,2,NULL,'\"[{\\\"opt_name\\\":null,\\\"opt_value\\\":null}]\"','\"required|string\"',NULL,NULL,NULL,NULL,4,'[]',NULL,NULL,NULL,NULL,1,0,1,1.00,0,0,0,'\"[{\\\"opt_name\\\":null,\\\"opt_value\\\":\\\"0\\\"}]\"',NULL,2,11,1,0,'\"[{\\\"opt_name\\\":null,\\\"opt_value\\\":null,\\\"c_form\\\":\\\"0\\\"}]\"',NULL,1,'2021-12-23 21:21:43','2021-12-28 18:18:13'),
	(185,1,'number','age_ranges','Age (From)',NULL,2,NULL,'\"[{\\\"opt_name\\\":null,\\\"opt_value\\\":null}]\"','\"nullable|numeric\"',NULL,NULL,NULL,NULL,2,'[]',NULL,NULL,NULL,NULL,0,0,0,1.00,0,0,0,'\"[{\\\"opt_name\\\":null,\\\"opt_value\\\":\\\"0\\\"}]\"',NULL,2,0,0,NULL,'\"[{\\\"opt_name\\\":null,\\\"opt_value\\\":null,\\\"c_form\\\":\\\"0\\\"}]\"',NULL,1,'2022-01-02 22:29:09','2022-01-27 09:35:46'),
	(186,15,'radio','benefit_types','PLEASE INDICATE THE TYPE OF BENEFIT THE DECEASED WAS RECEIVING',NULL,1,NULL,'\"[{\\\"opt_name\\\":\\\"OLD AGE PENSION\\\",\\\"opt_value\\\":\\\"OLD AGE PENSION\\\"},{\\\"opt_name\\\":\\\"CHILD BENEFIT\\\",\\\"opt_value\\\":\\\"CHILD BENEFIT\\\"},{\\\"opt_name\\\":\\\"INFIRM RELIEF\\\",\\\"opt_value\\\":\\\"INFIRM RELIEF\\\"},{\\\"opt_name\\\":\\\"DESTITUTE RELIEF\\\",\\\"opt_value\\\":\\\"DESTITUTE RELIEF\\\"}]\"','\"required\"',NULL,NULL,NULL,NULL,12,'[]',NULL,NULL,NULL,NULL,1,0,0,1.00,0,0,0,'\"[{\\\"opt_name\\\":null,\\\"opt_value\\\":\\\"0\\\"}]\"',NULL,2,0,0,0,'\"[{\\\"opt_name\\\":null,\\\"opt_value\\\":null,\\\"c_form\\\":\\\"0\\\"}]\"',NULL,1,'2022-01-11 14:30:07','2022-01-12 11:56:51'),
	(187,15,'heading','d_e_c_e_a_s_e_d_b_e_n_e_f_i_c_i_a_r_y_s’_d_e_t_a_i_l_s','DECEASED BENEFICIARYS’ DETAILS',NULL,2,NULL,'\"[{\\\"opt_name\\\":null,\\\"opt_value\\\":null}]\"','\"nullable\"',NULL,NULL,NULL,NULL,12,'[]',NULL,NULL,NULL,NULL,0,0,0,1.00,0,0,0,'\"[{\\\"opt_name\\\":null,\\\"opt_value\\\":\\\"0\\\"}]\"',NULL,0,0,0,0,'\"[{\\\"opt_name\\\":null,\\\"opt_value\\\":null,\\\"c_form\\\":\\\"0\\\"}]\"',NULL,1,'2022-01-11 14:31:09','2022-01-11 14:31:09'),
	(188,15,'text','first_names','FIRST NAME',NULL,3,NULL,'\"[{\\\"opt_name\\\":null,\\\"opt_value\\\":null}]\"','\"required|string\"',NULL,NULL,NULL,NULL,4,'[]',NULL,NULL,NULL,NULL,1,0,0,1.00,0,0,0,'\"[{\\\"opt_name\\\":null,\\\"opt_value\\\":\\\"0\\\"}]\"',NULL,2,0,0,NULL,'\"[{\\\"opt_name\\\":null,\\\"opt_value\\\":null,\\\"c_form\\\":\\\"0\\\"}]\"',NULL,1,'2022-01-11 14:32:02','2022-01-17 14:50:58'),
	(189,15,'text','surnames','SURNAME',NULL,4,NULL,'\"[{\\\"opt_name\\\":null,\\\"opt_value\\\":null}]\"','\"required|string\"',NULL,NULL,NULL,NULL,4,'[]',NULL,NULL,NULL,NULL,1,0,0,1.00,0,0,0,'\"[{\\\"opt_name\\\":null,\\\"opt_value\\\":\\\"0\\\"}]\"',NULL,2,0,0,NULL,'\"[{\\\"opt_name\\\":null,\\\"opt_value\\\":null,\\\"c_form\\\":\\\"0\\\"}]\"',NULL,1,'2022-01-11 14:32:27','2022-01-17 15:08:52'),
	(190,15,'date','date_of_births','Date Of Birth',NULL,5,NULL,'\"[{\\\"opt_name\\\":null,\\\"opt_value\\\":null}]\"','\"required\"',NULL,NULL,NULL,NULL,6,'[]',NULL,NULL,NULL,NULL,1,0,0,1.00,0,0,0,'\"[{\\\"opt_name\\\":null,\\\"opt_value\\\":\\\"0\\\"}]\"',NULL,2,0,0,0,'\"[{\\\"opt_name\\\":null,\\\"opt_value\\\":null,\\\"c_form\\\":\\\"0\\\"}]\"',NULL,1,'2022-01-11 14:33:19','2022-01-12 11:57:31'),
	(191,15,'date','date_deceaseds','Date Deceased',NULL,6,NULL,'\"[{\\\"opt_name\\\":null,\\\"opt_value\\\":null}]\"','\"required\"',NULL,NULL,NULL,NULL,6,'[]',NULL,NULL,NULL,NULL,1,0,0,1.00,0,0,0,'\"[{\\\"opt_name\\\":null,\\\"opt_value\\\":\\\"0\\\"}]\"',NULL,2,0,0,0,'\"[{\\\"opt_name\\\":null,\\\"opt_value\\\":null,\\\"c_form\\\":\\\"0\\\"}]\"',NULL,1,'2022-01-11 14:34:18','2022-01-12 11:57:41'),
	(192,15,'radio','g_e_n_d_e_rs','GENDER',NULL,7,NULL,'\"null\"','\"nullable\"',NULL,NULL,NULL,NULL,4,'[]',NULL,NULL,NULL,NULL,0,0,1,1.00,0,0,0,'\"[{\\\"opt_name\\\":null,\\\"opt_value\\\":\\\"0\\\"}]\"',NULL,2,1,1,0,'\"[{\\\"opt_name\\\":null,\\\"opt_value\\\":null,\\\"c_form\\\":\\\"0\\\"}]\"',NULL,1,'2022-01-11 14:35:32','2022-01-13 12:31:06'),
	(193,15,'select','i_s_l_a_n_ds','ISLAND',NULL,8,NULL,'\"[{\\\"opt_name\\\":null,\\\"opt_value\\\":null}]\"','\"required|string\"',NULL,NULL,NULL,NULL,4,'[]',NULL,NULL,NULL,NULL,1,0,1,1.00,0,0,0,'\"[{\\\"opt_name\\\":null,\\\"opt_value\\\":\\\"0\\\"}]\"',NULL,2,9,1,0,'\"[{\\\"opt_name\\\":null,\\\"opt_value\\\":null,\\\"c_form\\\":\\\"0\\\"}]\"',NULL,1,'2022-01-11 14:36:15','2022-01-12 12:44:42'),
	(194,15,'text','v_i_l_l_a_g_es','VILLAGE',NULL,9,NULL,'\"[{\\\"opt_name\\\":null,\\\"opt_value\\\":null}]\"','\"nullable|string\"',NULL,NULL,NULL,NULL,4,'[]',NULL,NULL,NULL,NULL,0,0,0,1.00,0,0,0,'\"[{\\\"opt_name\\\":null,\\\"opt_value\\\":\\\"0\\\"}]\"',NULL,2,0,0,0,'\"[{\\\"opt_name\\\":null,\\\"opt_value\\\":null,\\\"c_form\\\":\\\"0\\\"}]\"',NULL,1,'2022-01-11 14:36:56','2022-01-12 11:58:18'),
	(195,15,'heading','supporting_documents','SUPPORTING DOCUMENTS',NULL,10,NULL,'\"[{\\\"opt_name\\\":null,\\\"opt_value\\\":null}]\"','\"nullable\"',NULL,NULL,NULL,NULL,12,'[]',NULL,NULL,NULL,NULL,0,0,0,1.00,0,0,0,'\"[{\\\"opt_name\\\":null,\\\"opt_value\\\":\\\"0\\\"}]\"',NULL,2,0,0,0,'\"[{\\\"opt_name\\\":null,\\\"opt_value\\\":null,\\\"c_form\\\":\\\"0\\\"}]\"',NULL,1,'2022-01-12 10:48:39','2022-01-12 10:48:52'),
	(197,15,'checkbox','death_certificates','I have provided all the required supporting documents',NULL,11,NULL,'\"[{\\\"opt_name\\\":\\\"Death Certificate\\\\/ Notice of Death\\\",\\\"opt_value\\\":\\\"Death Certificate\\\\/ Notice of Death\\\"},{\\\"opt_name\\\":\\\"BCI Bank Card\\\\/ Passbooks\\\",\\\"opt_value\\\":\\\"BCI Bank Card\\\\/ Passbooks\\\"}]\"','\"nullable|string\"',NULL,NULL,NULL,NULL,12,'[]',NULL,NULL,NULL,NULL,0,0,0,1.00,0,0,0,'\"[{\\\"opt_name\\\":null,\\\"opt_value\\\":\\\"0\\\"}]\"',NULL,2,0,0,NULL,'\"[{\\\"opt_name\\\":null,\\\"opt_value\\\":null,\\\"c_form\\\":\\\"0\\\"}]\"',NULL,1,'2022-01-12 10:52:49','2022-02-07 12:04:23'),
	(198,15,'text','death_refs','DEATH REF',NULL,12,NULL,'\"[{\\\"opt_name\\\":null,\\\"opt_value\\\":null}]\"','\"nullable|string\"',NULL,NULL,NULL,NULL,3,'[]',NULL,NULL,NULL,NULL,0,0,0,1.00,0,0,0,'\"[{\\\"opt_name\\\":null,\\\"opt_value\\\":\\\"0\\\"}]\"',NULL,2,0,0,0,'\"[{\\\"opt_name\\\":null,\\\"opt_value\\\":null,\\\"c_form\\\":\\\"0\\\"}]\"',NULL,1,'2022-01-12 10:56:20','2022-01-12 11:58:30'),
	(199,15,'text','a_c_names','A/C Name',NULL,13,NULL,'\"[{\\\"opt_name\\\":null,\\\"opt_value\\\":null}]\"','\"nullable|string\"',NULL,NULL,NULL,NULL,4,'[]',NULL,NULL,NULL,NULL,0,0,0,1.00,0,0,0,'\"[{\\\"opt_name\\\":null,\\\"opt_value\\\":\\\"0\\\"}]\"',NULL,2,0,0,0,'\"[{\\\"opt_name\\\":null,\\\"opt_value\\\":null,\\\"c_form\\\":\\\"0\\\"}]\"',NULL,1,'2022-01-12 10:59:08','2022-01-12 11:58:39'),
	(200,15,'number','bci_account_numbers','A/C No',NULL,14,NULL,'\"[{\\\"opt_name\\\":null,\\\"opt_value\\\":null}]\"','\"nullable|numeric\"',NULL,NULL,NULL,NULL,4,'[]',NULL,NULL,NULL,NULL,0,0,0,1.00,0,0,0,'\"[{\\\"opt_name\\\":null,\\\"opt_value\\\":\\\"0\\\"}]\"',NULL,2,0,0,NULL,'\"[{\\\"opt_name\\\":null,\\\"opt_value\\\":null,\\\"c_form\\\":\\\"0\\\"}]\"',NULL,1,'2022-01-12 11:00:01','2022-02-01 07:02:15'),
	(201,15,'file','uploads','Upload Supporting Documents',NULL,15,NULL,'\"[{\\\"opt_name\\\":null,\\\"opt_value\\\":null}]\"','\"nullable|file|mimes:pdf,docx,jpg,jpeg\"',NULL,NULL,NULL,NULL,6,'[\"pdf\",\"docx\",\"jpg\",\"jpeg\"]',NULL,NULL,NULL,NULL,0,0,0,1.00,0,0,0,'\"[{\\\"opt_name\\\":null,\\\"opt_value\\\":\\\"0\\\"}]\"',NULL,2,0,0,0,'\"[{\\\"opt_name\\\":null,\\\"opt_value\\\":null,\\\"c_form\\\":\\\"0\\\"}]\"',NULL,1,'2022-01-12 12:03:18','2022-01-12 12:03:46'),
	(202,15,'heading','expensesdetails','DETAIL OF EXPENSES – You must provide invoices & receipts',NULL,16,NULL,'\"[{\\\"opt_name\\\":null,\\\"opt_value\\\":null}]\"','\"nullable\"',NULL,NULL,NULL,NULL,12,'[]',NULL,NULL,NULL,NULL,0,0,0,1.00,0,0,0,'\"[{\\\"opt_name\\\":null,\\\"opt_value\\\":\\\"0\\\"}]\"',NULL,2,0,0,0,'\"[{\\\"opt_name\\\":null,\\\"opt_value\\\":null,\\\"c_form\\\":\\\"0\\\"}]\"',NULL,1,'2022-01-12 12:06:29','2022-01-12 12:20:18'),
	(203,15,'text','1_expensesand_invoice_numbers','1. Expenses and Invoice Numbers',NULL,17,NULL,'\"[{\\\"opt_name\\\":null,\\\"opt_value\\\":null}]\"','\"nullable|string\"',NULL,NULL,NULL,NULL,9,'[]',NULL,NULL,NULL,NULL,0,0,0,1.00,0,0,0,'\"[{\\\"opt_name\\\":null,\\\"opt_value\\\":\\\"0\\\"}]\"',NULL,0,0,0,0,'\"[{\\\"opt_name\\\":null,\\\"opt_value\\\":null,\\\"c_form\\\":\\\"0\\\"}]\"',NULL,1,'2022-01-12 12:36:00','2022-01-12 12:36:00'),
	(204,15,'number','1_costs','1. Cost',NULL,18,NULL,'\"[{\\\"opt_name\\\":null,\\\"opt_value\\\":null}]\"','\"nullable|numeric\"',NULL,NULL,NULL,NULL,3,'[]',NULL,NULL,NULL,NULL,0,0,0,1.00,0,0,0,'\"[{\\\"opt_name\\\":null,\\\"opt_value\\\":\\\"0\\\"}]\"',NULL,0,0,0,0,'\"[{\\\"opt_name\\\":null,\\\"opt_value\\\":null,\\\"c_form\\\":\\\"0\\\"}]\"',NULL,1,'2022-01-12 12:36:42','2022-01-12 12:36:42'),
	(205,15,'text','2expenses','2. Expenses And Invoice Numbers',NULL,19,NULL,'\"[{\\\"opt_name\\\":null,\\\"opt_value\\\":null}]\"','\"nullable|string\"',NULL,NULL,NULL,NULL,9,'[]',NULL,NULL,NULL,NULL,0,0,0,1.00,0,0,0,'\"[{\\\"opt_name\\\":null,\\\"opt_value\\\":\\\"0\\\"}]\"',NULL,0,0,0,0,'\"[{\\\"opt_name\\\":null,\\\"opt_value\\\":null,\\\"c_form\\\":\\\"0\\\"}]\"',NULL,1,'2022-01-12 13:51:07','2022-01-12 13:51:07'),
	(206,15,'number','2costs','2. Cost',NULL,20,NULL,'\"[{\\\"opt_name\\\":null,\\\"opt_value\\\":null}]\"','\"nullable|numeric\"',NULL,NULL,NULL,NULL,3,'[]',NULL,NULL,NULL,NULL,0,0,0,1.00,0,0,0,'\"[{\\\"opt_name\\\":null,\\\"opt_value\\\":\\\"0\\\"}]\"',NULL,0,0,0,0,'\"[{\\\"opt_name\\\":null,\\\"opt_value\\\":null,\\\"c_form\\\":\\\"0\\\"}]\"',NULL,1,'2022-01-12 13:51:39','2022-01-12 13:51:39'),
	(207,15,'text','3expenses','3. Expenses And Invoice Numbers',NULL,21,NULL,'\"[{\\\"opt_name\\\":null,\\\"opt_value\\\":null}]\"','\"nullable|string\"',NULL,NULL,NULL,NULL,9,'[]',NULL,NULL,NULL,NULL,0,0,0,1.00,0,0,0,'\"[{\\\"opt_name\\\":null,\\\"opt_value\\\":\\\"0\\\"}]\"',NULL,0,0,0,0,'\"[{\\\"opt_name\\\":null,\\\"opt_value\\\":null,\\\"c_form\\\":\\\"0\\\"}]\"',NULL,1,'2022-01-12 13:52:30','2022-01-12 13:52:30'),
	(208,15,'number','3costs','3. Cost',NULL,22,NULL,'\"[{\\\"opt_name\\\":null,\\\"opt_value\\\":null}]\"','\"nullable|numeric\"',NULL,NULL,NULL,NULL,3,'[]',NULL,NULL,NULL,NULL,0,0,0,1.00,0,0,0,'\"[{\\\"opt_name\\\":null,\\\"opt_value\\\":\\\"0\\\"}]\"',NULL,0,0,0,0,'\"[{\\\"opt_name\\\":null,\\\"opt_value\\\":null,\\\"c_form\\\":\\\"0\\\"}]\"',NULL,1,'2022-01-12 13:53:02','2022-01-12 13:53:02'),
	(209,15,'text','4expenses','4. Expenses And Invoice Numbers',NULL,23,NULL,'\"[{\\\"opt_name\\\":null,\\\"opt_value\\\":null}]\"','\"nullable|string\"',NULL,NULL,NULL,NULL,9,'[]',NULL,NULL,NULL,NULL,0,0,0,1.00,0,0,0,'\"[{\\\"opt_name\\\":null,\\\"opt_value\\\":\\\"0\\\"}]\"',NULL,0,0,0,0,'\"[{\\\"opt_name\\\":null,\\\"opt_value\\\":null,\\\"c_form\\\":\\\"0\\\"}]\"',NULL,1,'2022-01-12 13:53:43','2022-01-12 13:53:43'),
	(210,15,'number','4costs','4. Cost',NULL,24,NULL,'\"[{\\\"opt_name\\\":null,\\\"opt_value\\\":null}]\"','\"nullable|numeric\"',NULL,NULL,NULL,NULL,3,'[]',NULL,NULL,NULL,NULL,0,0,0,1.00,0,0,0,'\"[{\\\"opt_name\\\":null,\\\"opt_value\\\":\\\"0\\\"}]\"',NULL,0,0,0,0,'\"[{\\\"opt_name\\\":null,\\\"opt_value\\\":null,\\\"c_form\\\":\\\"0\\\"}]\"',NULL,1,'2022-01-12 13:54:17','2022-01-12 13:54:17'),
	(211,15,'text','5expenses','5. Expenses And Invoice Numbers',NULL,25,NULL,'\"[{\\\"opt_name\\\":null,\\\"opt_value\\\":null}]\"','\"nullable|string\"',NULL,NULL,NULL,NULL,9,'[]',NULL,NULL,NULL,NULL,0,0,0,1.00,0,0,0,'\"[{\\\"opt_name\\\":null,\\\"opt_value\\\":\\\"0\\\"}]\"',NULL,0,0,0,0,'\"[{\\\"opt_name\\\":null,\\\"opt_value\\\":null,\\\"c_form\\\":\\\"0\\\"}]\"',NULL,1,'2022-01-12 13:57:17','2022-01-12 13:57:17'),
	(212,15,'number','5costs','5. Cost',NULL,26,NULL,'\"[{\\\"opt_name\\\":null,\\\"opt_value\\\":null}]\"','\"nullable|numeric\"',NULL,NULL,NULL,NULL,3,'[]',NULL,NULL,NULL,NULL,0,0,0,1.00,0,0,0,'\"[{\\\"opt_name\\\":null,\\\"opt_value\\\":\\\"0\\\"}]\"',NULL,0,0,0,0,'\"[{\\\"opt_name\\\":null,\\\"opt_value\\\":null,\\\"c_form\\\":\\\"0\\\"}]\"',NULL,1,'2022-01-12 13:57:51','2022-01-12 13:57:51'),
	(213,15,'heading','detailsheadings','YOUR DETAILS (Person whom completed the application form must also provide a form of i.d eg: drivers licence, passport or birth certificate)',NULL,27,NULL,'\"[{\\\"opt_name\\\":null,\\\"opt_value\\\":null}]\"','\"nullable\"',NULL,NULL,NULL,NULL,12,'[]',NULL,NULL,NULL,NULL,0,0,0,1.00,0,0,0,'\"[{\\\"opt_name\\\":null,\\\"opt_value\\\":\\\"0\\\"}]\"',NULL,2,0,0,0,'\"[{\\\"opt_name\\\":null,\\\"opt_value\\\":null,\\\"c_form\\\":\\\"0\\\"}]\"',NULL,1,'2022-01-12 13:59:15','2022-01-12 13:59:38'),
	(214,15,'text','other_firstnames','FIRST NAME',NULL,28,NULL,'\"[{\\\"opt_name\\\":null,\\\"opt_value\\\":null}]\"','\"nullable|string\"',NULL,NULL,NULL,NULL,6,'[]',NULL,NULL,NULL,NULL,0,0,0,1.00,0,0,0,'\"[{\\\"opt_name\\\":null,\\\"opt_value\\\":\\\"0\\\"}]\"',NULL,2,0,0,0,'\"[{\\\"opt_name\\\":null,\\\"opt_value\\\":null,\\\"c_form\\\":\\\"0\\\"}]\"',NULL,1,'2022-01-12 14:00:22','2022-01-12 14:00:45'),
	(215,15,'text','other_s_u_r_n_a_m_es','SURNAME',NULL,29,NULL,'\"[{\\\"opt_name\\\":null,\\\"opt_value\\\":null}]\"','\"nullable|string\"',NULL,NULL,NULL,NULL,6,'[]',NULL,NULL,NULL,NULL,0,0,0,1.00,0,0,0,'\"[{\\\"opt_name\\\":null,\\\"opt_value\\\":\\\"0\\\"}]\"',NULL,0,0,0,0,'\"[{\\\"opt_name\\\":null,\\\"opt_value\\\":null,\\\"c_form\\\":\\\"0\\\"}]\"',NULL,1,'2022-01-12 14:04:03','2022-01-12 14:04:03'),
	(216,15,'text','beneficiaryrelationships','Your relationship to the beneficiary',NULL,30,NULL,'\"[{\\\"opt_name\\\":null,\\\"opt_value\\\":null}]\"','\"nullable|string\"',NULL,NULL,NULL,NULL,6,'[]',NULL,NULL,NULL,NULL,0,0,0,1.00,0,0,0,'\"[{\\\"opt_name\\\":null,\\\"opt_value\\\":\\\"0\\\"}]\"',NULL,0,0,0,0,'\"[{\\\"opt_name\\\":null,\\\"opt_value\\\":null,\\\"c_form\\\":\\\"0\\\"}]\"',NULL,1,'2022-01-12 14:04:53','2022-01-12 14:04:53'),
	(217,15,'text','contactnumbers','Your contact number',NULL,31,NULL,'\"[{\\\"opt_name\\\":null,\\\"opt_value\\\":null}]\"','\"nullable|string\"',NULL,NULL,NULL,NULL,6,'[]',NULL,NULL,NULL,NULL,0,0,0,1.00,0,0,0,'\"[{\\\"opt_name\\\":null,\\\"opt_value\\\":\\\"0\\\"}]\"',NULL,0,0,0,0,'\"[{\\\"opt_name\\\":null,\\\"opt_value\\\":null,\\\"c_form\\\":\\\"0\\\"}]\"',NULL,1,'2022-01-12 14:05:59','2022-01-12 14:05:59'),
	(218,15,'label','labels','The information I have provided is true and complete. The conditions of receiving this benefit/assistance have been explained to me and I understand these conditions.',NULL,32,NULL,'\"[{\\\"opt_name\\\":null,\\\"opt_value\\\":null}]\"','\"nullable\"',NULL,NULL,NULL,NULL,12,'[]',NULL,NULL,NULL,NULL,0,0,0,1.00,0,0,0,'\"[{\\\"opt_name\\\":null,\\\"opt_value\\\":\\\"0\\\"}]\"',NULL,0,0,0,0,'\"[{\\\"opt_name\\\":null,\\\"opt_value\\\":null,\\\"c_form\\\":\\\"0\\\"}]\"',NULL,1,'2022-01-12 14:06:43','2022-01-12 14:06:43'),
	(219,15,'text','signature_names','Signature of applicant',NULL,33,NULL,'\"[{\\\"opt_name\\\":null,\\\"opt_value\\\":null}]\"','\"nullable|string\"',NULL,NULL,NULL,NULL,6,'[]',NULL,NULL,NULL,NULL,0,0,0,1.00,0,0,0,'\"[{\\\"opt_name\\\":null,\\\"opt_value\\\":\\\"0\\\"}]\"',NULL,2,0,0,0,'\"[{\\\"opt_name\\\":null,\\\"opt_value\\\":null,\\\"c_form\\\":\\\"0\\\"}]\"',NULL,1,'2022-01-12 14:07:51','2022-01-12 14:08:45'),
	(220,15,'date','signature_dates','Date',NULL,34,NULL,'\"[{\\\"opt_name\\\":null,\\\"opt_value\\\":null}]\"','\"nullable\"',NULL,NULL,NULL,NULL,6,'[]',NULL,NULL,NULL,NULL,0,0,0,1.00,0,0,0,'\"[{\\\"opt_name\\\":null,\\\"opt_value\\\":\\\"0\\\"}]\"',NULL,0,0,0,0,'\"[{\\\"opt_name\\\":null,\\\"opt_value\\\":null,\\\"c_form\\\":\\\"0\\\"}]\"',NULL,1,'2022-01-12 14:08:31','2022-01-12 14:08:31'),
	(221,15,'heading','headings','OFFICE USE ONLY',NULL,35,NULL,'\"[{\\\"opt_name\\\":null,\\\"opt_value\\\":null}]\"','\"nullable\"',NULL,NULL,NULL,NULL,12,'[]',NULL,NULL,NULL,NULL,0,0,0,1.00,0,0,0,'\"[{\\\"opt_name\\\":null,\\\"opt_value\\\":\\\"0\\\"}]\"',NULL,0,0,0,0,'\"[{\\\"opt_name\\\":null,\\\"opt_value\\\":null,\\\"c_form\\\":\\\"0\\\"}]\"',NULL,1,'2022-01-13 10:07:34','2022-01-13 10:07:34'),
	(222,15,'wysiwyg','statement_labels','Statement by Officer','Statement by Officer: I have explained the conditions for receiving of this benefit/ assistance and explained what the clients obligations means and the reason for them. The client has indicated that he/ she understands and accepts responsibility to provide true and complete information and to advise immediately  any changes in circumstances. All questions have been completed.',36,NULL,'\"[{\\\"opt_name\\\":null,\\\"opt_value\\\":null}]\"','\"nullable\"',NULL,NULL,NULL,NULL,12,'[]',NULL,NULL,NULL,NULL,0,0,0,1.00,0,0,0,'\"[{\\\"opt_name\\\":null,\\\"opt_value\\\":\\\"0\\\"}]\"',NULL,2,0,0,0,'\"[{\\\"opt_name\\\":null,\\\"opt_value\\\":null,\\\"c_form\\\":\\\"0\\\"}]\"',NULL,1,'2022-01-13 10:12:00','2022-01-13 10:17:24'),
	(223,15,'text','names','Name',NULL,37,NULL,'\"[{\\\"opt_name\\\":null,\\\"opt_value\\\":null}]\"','\"nullable|string\"',NULL,NULL,NULL,NULL,4,'[]',NULL,NULL,NULL,NULL,0,0,0,1.00,0,0,0,'\"[{\\\"opt_name\\\":null,\\\"opt_value\\\":\\\"0\\\"}]\"',NULL,0,0,0,0,'\"[{\\\"opt_name\\\":null,\\\"opt_value\\\":null,\\\"c_form\\\":\\\"0\\\"}]\"',NULL,1,'2022-01-13 10:22:21','2022-01-13 10:22:21'),
	(224,15,'text','signatures','Signature',NULL,38,NULL,'\"[{\\\"opt_name\\\":null,\\\"opt_value\\\":null}]\"','\"nullable|string\"',NULL,NULL,NULL,NULL,4,'[]',NULL,NULL,NULL,NULL,0,0,0,1.00,0,0,0,'\"[{\\\"opt_name\\\":null,\\\"opt_value\\\":\\\"0\\\"}]\"',NULL,0,0,0,0,'\"[{\\\"opt_name\\\":null,\\\"opt_value\\\":null,\\\"c_form\\\":\\\"0\\\"}]\"',NULL,1,'2022-01-13 10:22:52','2022-01-13 10:22:52'),
	(225,15,'date','office_dates','Date',NULL,39,NULL,'\"[{\\\"opt_name\\\":null,\\\"opt_value\\\":null}]\"','\"nullable\"',NULL,NULL,NULL,NULL,4,'[]',NULL,NULL,NULL,NULL,0,0,0,1.00,0,0,0,'\"[{\\\"opt_name\\\":null,\\\"opt_value\\\":\\\"0\\\"}]\"',NULL,0,0,0,0,'\"[{\\\"opt_name\\\":null,\\\"opt_value\\\":null,\\\"c_form\\\":\\\"0\\\"}]\"',NULL,1,'2022-01-13 10:23:19','2022-01-13 10:23:19'),
	(226,15,'textarea','additional_informations','Additional Information',NULL,40,NULL,'\"[{\\\"opt_name\\\":null,\\\"opt_value\\\":null}]\"','\"nullable|string\"',NULL,NULL,NULL,NULL,6,'[]',NULL,NULL,NULL,NULL,0,0,0,1.00,0,0,0,'\"[{\\\"opt_name\\\":null,\\\"opt_value\\\":\\\"0\\\"}]\"',NULL,0,0,0,0,'\"[{\\\"opt_name\\\":null,\\\"opt_value\\\":null,\\\"c_form\\\":\\\"0\\\"}]\"',NULL,1,'2022-01-13 10:23:58','2022-01-13 10:23:58'),
	(227,15,'textarea','recommendations','Recommendation',NULL,41,NULL,'\"[{\\\"opt_name\\\":null,\\\"opt_value\\\":null}]\"','\"nullable|string\"',NULL,NULL,NULL,NULL,6,'[]',NULL,NULL,NULL,NULL,0,0,0,1.00,0,0,0,'\"[{\\\"opt_name\\\":null,\\\"opt_value\\\":\\\"0\\\"}]\"',NULL,0,0,0,0,'\"[{\\\"opt_name\\\":null,\\\"opt_value\\\":null,\\\"c_form\\\":\\\"0\\\"}]\"',NULL,1,'2022-01-13 10:24:22','2022-01-13 10:24:22'),
	(228,15,'heading','headings','Outer Islands/ Rarotonga',NULL,42,NULL,'\"[{\\\"opt_name\\\":null,\\\"opt_value\\\":null}]\"','\"nullable\"',NULL,NULL,NULL,NULL,12,'[]',NULL,NULL,NULL,NULL,0,0,0,1.00,0,0,0,'\"[{\\\"opt_name\\\":null,\\\"opt_value\\\":\\\"0\\\"}]\"',NULL,0,0,0,0,'\"[{\\\"opt_name\\\":null,\\\"opt_value\\\":null,\\\"c_form\\\":\\\"0\\\"}]\"',NULL,1,'2022-01-13 10:25:50','2022-01-13 10:25:50'),
	(229,15,'text','application_receiveds','Application received by',NULL,43,NULL,'\"[{\\\"opt_name\\\":null,\\\"opt_value\\\":null}]\"','\"nullable|string\"',NULL,NULL,NULL,NULL,6,'[]',NULL,NULL,NULL,NULL,0,0,0,1.00,0,0,0,'\"[{\\\"opt_name\\\":null,\\\"opt_value\\\":\\\"0\\\"}]\"',NULL,0,0,0,0,'\"[{\\\"opt_name\\\":null,\\\"opt_value\\\":null,\\\"c_form\\\":\\\"0\\\"}]\"',NULL,1,'2022-01-13 10:26:58','2022-01-13 10:26:58'),
	(230,15,'label','dates','Dates',NULL,44,NULL,'\"[{\\\"opt_name\\\":null,\\\"opt_value\\\":null}]\"','\"nullable\"',NULL,NULL,NULL,NULL,12,'[]',NULL,NULL,NULL,NULL,0,0,0,1.00,0,0,0,'\"[{\\\"opt_name\\\":null,\\\"opt_value\\\":\\\"0\\\"}]\"',NULL,0,0,0,0,'\"[{\\\"opt_name\\\":null,\\\"opt_value\\\":null,\\\"c_form\\\":\\\"0\\\"}]\"',NULL,1,'2022-01-13 10:27:30','2022-01-13 10:27:30'),
	(231,15,'date','application_received_dates','Application received',NULL,45,NULL,'\"[{\\\"opt_name\\\":null,\\\"opt_value\\\":null}]\"','\"nullable\"',NULL,NULL,NULL,NULL,4,'[]',NULL,NULL,NULL,NULL,0,0,0,1.00,0,0,0,'\"[{\\\"opt_name\\\":null,\\\"opt_value\\\":\\\"0\\\"}]\"',NULL,0,0,0,0,'\"[{\\\"opt_name\\\":null,\\\"opt_value\\\":null,\\\"c_form\\\":\\\"0\\\"}]\"',NULL,1,'2022-01-13 10:28:32','2022-01-13 10:28:32'),
	(232,15,'date','supporting_documents_dates','Supporting documents',NULL,46,NULL,'\"[{\\\"opt_name\\\":null,\\\"opt_value\\\":null}]\"','\"nullable\"',NULL,NULL,NULL,NULL,4,'[]',NULL,NULL,NULL,NULL,0,0,0,1.00,0,0,0,'\"[{\\\"opt_name\\\":null,\\\"opt_value\\\":\\\"0\\\"}]\"',NULL,0,0,0,0,'\"[{\\\"opt_name\\\":null,\\\"opt_value\\\":null,\\\"c_form\\\":\\\"0\\\"}]\"',NULL,1,'2022-01-13 10:31:00','2022-01-13 10:31:00'),
	(233,15,'date','supplementary_documents_dates','Supplementary documents',NULL,47,NULL,'\"[{\\\"opt_name\\\":null,\\\"opt_value\\\":null}]\"','\"nullable\"',NULL,NULL,NULL,NULL,4,'[]',NULL,NULL,NULL,NULL,0,0,0,1.00,0,0,0,'\"[{\\\"opt_name\\\":null,\\\"opt_value\\\":\\\"0\\\"}]\"',NULL,0,0,0,0,'\"[{\\\"opt_name\\\":null,\\\"opt_value\\\":null,\\\"c_form\\\":\\\"0\\\"}]\"',NULL,1,'2022-01-13 10:31:32','2022-01-13 10:31:32'),
	(234,15,'date','referred_to_main_office_dates','Referred to Main Office',NULL,48,NULL,'\"[{\\\"opt_name\\\":null,\\\"opt_value\\\":null}]\"','\"nullable\"',NULL,NULL,NULL,NULL,4,'[]',NULL,NULL,NULL,NULL,0,0,0,1.00,0,0,0,'\"[{\\\"opt_name\\\":null,\\\"opt_value\\\":\\\"0\\\"}]\"',NULL,0,0,0,0,'\"[{\\\"opt_name\\\":null,\\\"opt_value\\\":null,\\\"c_form\\\":\\\"0\\\"}]\"',NULL,1,'2022-01-13 10:32:01','2022-01-13 10:32:01'),
	(235,15,'number','o_island_application_nos','O/Island Application No',NULL,49,NULL,'\"[{\\\"opt_name\\\":null,\\\"opt_value\\\":null}]\"','\"nullable|numeric\"',NULL,NULL,NULL,NULL,4,'[]',NULL,NULL,NULL,NULL,0,0,0,1.00,0,0,0,'\"[{\\\"opt_name\\\":null,\\\"opt_value\\\":\\\"0\\\"}]\"',NULL,0,0,0,0,'\"[{\\\"opt_name\\\":null,\\\"opt_value\\\":null,\\\"c_form\\\":\\\"0\\\"}]\"',NULL,1,'2022-01-13 10:33:04','2022-01-13 10:33:04'),
	(236,15,'number','head_office_application_nos','Head Office Application No',NULL,50,NULL,'\"[{\\\"opt_name\\\":null,\\\"opt_value\\\":null}]\"','\"nullable|numeric\"',NULL,NULL,NULL,NULL,4,'[]',NULL,NULL,NULL,NULL,0,0,0,1.00,0,0,0,'\"[{\\\"opt_name\\\":null,\\\"opt_value\\\":\\\"0\\\"}]\"',NULL,0,0,0,0,'\"[{\\\"opt_name\\\":null,\\\"opt_value\\\":null,\\\"c_form\\\":\\\"0\\\"}]\"',NULL,1,'2022-01-13 10:33:29','2022-01-13 10:33:29'),
	(237,15,'heading','headings','Rarotonga ONLY',NULL,51,NULL,'\"[{\\\"opt_name\\\":null,\\\"opt_value\\\":null}]\"','\"nullable\"',NULL,NULL,NULL,NULL,12,'[]',NULL,NULL,NULL,NULL,0,0,0,1.00,0,0,0,'\"[{\\\"opt_name\\\":null,\\\"opt_value\\\":\\\"0\\\"}]\"',NULL,0,0,0,0,'\"[{\\\"opt_name\\\":null,\\\"opt_value\\\":null,\\\"c_form\\\":\\\"0\\\"}]\"',NULL,1,'2022-01-13 10:34:47','2022-01-13 10:34:47'),
	(246,15,'text','app__received__names','Application received by',NULL,52,NULL,'\"[{\\\"opt_name\\\":null,\\\"opt_value\\\":null}]\"','\"nullable|string\"',NULL,NULL,NULL,NULL,4,'[]',NULL,NULL,NULL,NULL,0,0,0,1.00,0,0,0,'\"[{\\\"opt_name\\\":null,\\\"opt_value\\\":\\\"0\\\"}]\"',NULL,0,0,0,0,'\"[{\\\"opt_name\\\":null,\\\"opt_value\\\":null,\\\"c_form\\\":\\\"0\\\"}]\"',NULL,1,'2022-01-13 12:05:01','2022-01-13 12:05:01'),
	(247,15,'label','dates_labels','Dates',NULL,53,NULL,'\"[{\\\"opt_name\\\":null,\\\"opt_value\\\":null}]\"','\"nullable\"',NULL,NULL,NULL,NULL,12,'[]',NULL,NULL,NULL,NULL,0,0,0,1.00,0,0,0,'\"[{\\\"opt_name\\\":null,\\\"opt_value\\\":\\\"0\\\"}]\"',NULL,0,0,0,0,'\"[{\\\"opt_name\\\":null,\\\"opt_value\\\":null,\\\"c_form\\\":\\\"0\\\"}]\"',NULL,1,'2022-01-13 12:05:38','2022-01-13 12:05:38'),
	(248,15,'date','pay__period__dates','Pay period',NULL,54,NULL,'\"[{\\\"opt_name\\\":null,\\\"opt_value\\\":null}]\"','\"nullable\"',NULL,NULL,NULL,NULL,4,'[]',NULL,NULL,NULL,NULL,0,0,0,1.00,0,0,0,'\"[{\\\"opt_name\\\":null,\\\"opt_value\\\":\\\"0\\\"}]\"',NULL,0,0,0,0,'\"[{\\\"opt_name\\\":null,\\\"opt_value\\\":null,\\\"c_form\\\":\\\"0\\\"}]\"',NULL,1,'2022-01-13 12:07:49','2022-01-13 12:07:49'),
	(249,15,'number','pay__amounts','Payment amount',NULL,55,NULL,'\"[{\\\"opt_name\\\":null,\\\"opt_value\\\":null}]\"','\"nullable|numeric\"',NULL,NULL,NULL,NULL,4,'[]',NULL,NULL,NULL,NULL,0,0,0,1.00,0,0,0,'\"[{\\\"opt_name\\\":null,\\\"opt_value\\\":\\\"0\\\"}]\"',NULL,0,0,0,0,'\"[{\\\"opt_name\\\":null,\\\"opt_value\\\":null,\\\"c_form\\\":\\\"0\\\"}]\"',NULL,1,'2022-01-13 12:08:18','2022-01-13 12:08:18'),
	(250,15,'date','other__payment__dates','Other payment',NULL,56,NULL,'\"[{\\\"opt_name\\\":null,\\\"opt_value\\\":null}]\"','\"nullable\"',NULL,NULL,NULL,NULL,4,'[]',NULL,NULL,NULL,NULL,0,0,0,1.00,0,0,0,'\"[{\\\"opt_name\\\":null,\\\"opt_value\\\":\\\"0\\\"}]\"',NULL,0,0,0,0,'\"[{\\\"opt_name\\\":null,\\\"opt_value\\\":null,\\\"c_form\\\":\\\"0\\\"}]\"',NULL,1,'2022-01-13 12:09:02','2022-01-13 12:09:02'),
	(251,15,'number','other__payment__amounts','Payment amount',NULL,57,NULL,'\"[{\\\"opt_name\\\":null,\\\"opt_value\\\":null}]\"','\"nullable|numeric\"',NULL,NULL,NULL,NULL,4,'[]',NULL,NULL,NULL,NULL,0,0,0,1.00,0,0,0,'\"[{\\\"opt_name\\\":null,\\\"opt_value\\\":\\\"0\\\"}]\"',NULL,0,0,0,0,'\"[{\\\"opt_name\\\":null,\\\"opt_value\\\":null,\\\"c_form\\\":\\\"0\\\"}]\"',NULL,1,'2022-01-13 12:09:42','2022-01-13 12:09:42'),
	(252,15,'number','addition__voucher__nos','Addition Voucher No',NULL,58,NULL,'\"[{\\\"opt_name\\\":null,\\\"opt_value\\\":null}]\"','\"nullable|numeric\"',NULL,NULL,NULL,NULL,4,'[]',NULL,NULL,NULL,NULL,0,0,0,1.00,0,0,0,'\"[{\\\"opt_name\\\":null,\\\"opt_value\\\":\\\"0\\\"}]\"',NULL,0,0,0,0,'\"[{\\\"opt_name\\\":null,\\\"opt_value\\\":null,\\\"c_form\\\":\\\"0\\\"}]\"',NULL,1,'2022-01-13 12:10:38','2022-01-13 12:10:38'),
	(253,15,'date','main__vchr__froms','Main Vchr from',NULL,59,NULL,'\"[{\\\"opt_name\\\":null,\\\"opt_value\\\":null}]\"','\"nullable\"',NULL,NULL,NULL,NULL,4,'[]',NULL,NULL,NULL,NULL,0,0,0,1.00,0,0,0,'\"[{\\\"opt_name\\\":null,\\\"opt_value\\\":\\\"0\\\"}]\"',NULL,0,0,0,0,'\"[{\\\"opt_name\\\":null,\\\"opt_value\\\":null,\\\"c_form\\\":\\\"0\\\"}]\"',NULL,1,'2022-01-13 12:11:41','2022-01-13 12:11:41'),
	(270,16,'heading','benefit_application_forms','Benefit Application Form',NULL,17,NULL,'\"[{\\\"opt_name\\\":null,\\\"opt_value\\\":null}]\"','\"nullable\"',NULL,NULL,NULL,NULL,12,'[]',NULL,NULL,NULL,NULL,0,0,0,1.00,0,0,0,'\"[{\\\"opt_name\\\":null,\\\"opt_value\\\":\\\"0\\\"}]\"',NULL,2,0,0,NULL,'\"[{\\\"opt_name\\\":null,\\\"opt_value\\\":null,\\\"c_form\\\":\\\"0\\\"}]\"',NULL,1,'2022-01-13 13:09:46','2022-02-21 13:52:07'),
	(271,16,'label','apps','Submit your application by completing the form below with the data on the physical application form',NULL,18,NULL,'\"[{\\\"opt_name\\\":null,\\\"opt_value\\\":null}]\"','\"nullable\"',NULL,NULL,NULL,NULL,12,'[]',NULL,NULL,NULL,NULL,0,0,0,1.00,0,0,0,'\"[{\\\"opt_name\\\":null,\\\"opt_value\\\":\\\"0\\\"}]\"',NULL,2,0,0,NULL,'\"[{\\\"opt_name\\\":null,\\\"opt_value\\\":null,\\\"c_form\\\":\\\"0\\\"}]\"',NULL,1,'2022-01-13 13:10:17','2022-02-21 13:53:48'),
	(281,16,'select','heading_residencies','Are you a Cook Islands Resident?',NULL,22,NULL,'\"[{\\\"opt_name\\\":\\\"Yes\\\",\\\"opt_value\\\":\\\"Yes\\\"},{\\\"opt_name\\\":\\\"No\\\",\\\"opt_value\\\":\\\"No\\\"}]\"','\"required|string\"',NULL,NULL,NULL,NULL,12,'[]',NULL,NULL,NULL,NULL,1,0,0,1.00,0,0,0,'\"[{\\\"opt_name\\\":null,\\\"opt_value\\\":\\\"0\\\"}]\"',NULL,2,0,0,NULL,'\"[{\\\"opt_name\\\":null,\\\"opt_value\\\":null,\\\"c_form\\\":\\\"0\\\"}]\"',NULL,1,'2022-01-13 13:52:59','2022-02-21 14:16:25'),
	(282,16,'label','residency_labels','Ensure that the proof of residency is uploaded under Contact Information section of your records',NULL,22,NULL,'\"[{\\\"opt_name\\\":null,\\\"opt_value\\\":null}]\"','\"nullable\"',NULL,NULL,NULL,NULL,12,'[]',NULL,NULL,NULL,NULL,0,0,0,1.00,0,0,0,'\"[{\\\"opt_name\\\":null,\\\"opt_value\\\":\\\"0\\\"}]\"',NULL,2,0,0,NULL,'\"[{\\\"opt_name\\\":null,\\\"opt_value\\\":null,\\\"c_form\\\":\\\"0\\\"}]\"',NULL,1,'2022-01-13 13:53:47','2022-02-21 16:08:34'),
	(288,16,'file','edd_files','Medical Certificate confirming Birth or EDD:',NULL,21,NULL,'\"[{\\\"opt_name\\\":null,\\\"opt_value\\\":null}]\"','\"nullable|file|mimes:pdf,docx\"',NULL,NULL,NULL,NULL,12,'[\"pdf\",\"docx\"]',NULL,NULL,NULL,NULL,0,0,0,1.00,0,0,0,'\"[{\\\"opt_name\\\":null,\\\"opt_value\\\":\\\"0\\\"}]\"',NULL,2,0,0,NULL,'\"[{\\\"opt_name\\\":null,\\\"opt_value\\\":null,\\\"c_form\\\":\\\"0\\\"}]\"',NULL,1,'2022-01-13 14:05:05','2022-02-21 14:07:52'),
	(289,16,'heading','declaration_headings','DECLARATION',NULL,36,NULL,'\"[{\\\"opt_name\\\":null,\\\"opt_value\\\":null}]\"','\"nullable\"',NULL,NULL,NULL,NULL,12,'[]',NULL,NULL,NULL,NULL,0,0,0,1.00,0,0,0,'\"[{\\\"opt_name\\\":null,\\\"opt_value\\\":\\\"0\\\"}]\"',NULL,0,0,0,0,'\"[{\\\"opt_name\\\":null,\\\"opt_value\\\":null,\\\"c_form\\\":\\\"0\\\"}]\"',NULL,1,'2022-01-13 14:06:18','2022-01-13 14:06:18'),
	(291,16,'label','i___declarations','I declare that the information I have provided is true and complete.',NULL,37,NULL,'\"[{\\\"opt_name\\\":null,\\\"opt_value\\\":null}]\"','\"nullable\"',NULL,NULL,NULL,NULL,12,'[]',NULL,NULL,NULL,NULL,0,0,0,1.00,0,0,0,'\"[{\\\"opt_name\\\":null,\\\"opt_value\\\":\\\"0\\\"}]\"',NULL,2,0,0,0,'\"[{\\\"opt_name\\\":null,\\\"opt_value\\\":null,\\\"c_form\\\":\\\"0\\\"}]\"',NULL,1,'2022-01-14 13:35:45','2022-01-14 13:40:09'),
	(292,16,'text','declaration_full_names','Enter full name',NULL,38,NULL,'\"[{\\\"opt_name\\\":null,\\\"opt_value\\\":null}]\"','\"nullable|string\"',NULL,NULL,NULL,NULL,12,'[]',NULL,NULL,NULL,NULL,0,0,0,1.00,0,0,0,'\"[{\\\"opt_name\\\":null,\\\"opt_value\\\":\\\"0\\\"}]\"',NULL,2,0,0,NULL,'\"[{\\\"opt_name\\\":null,\\\"opt_value\\\":null,\\\"c_form\\\":\\\"0\\\"}]\"',NULL,1,'2022-01-14 13:39:44','2022-02-21 16:09:03'),
	(321,16,'date','commencement_dates','Leave Start Date',NULL,25,NULL,'\"[{\\\"opt_name\\\":null,\\\"opt_value\\\":null}]\"','\"required\"',NULL,NULL,NULL,NULL,6,'[]',NULL,NULL,NULL,NULL,1,0,0,1.00,0,0,0,'\"[{\\\"opt_name\\\":null,\\\"opt_value\\\":\\\"0\\\"}]\"',NULL,2,0,0,NULL,'\"[{\\\"opt_name\\\":null,\\\"opt_value\\\":null,\\\"c_form\\\":\\\"0\\\"}]\"',NULL,1,'2022-01-14 14:28:00','2022-02-21 15:55:02'),
	(322,16,'date','last_days','Leave End Date',NULL,26,NULL,'\"[{\\\"opt_name\\\":null,\\\"opt_value\\\":null}]\"','\"nullable\"',NULL,NULL,NULL,NULL,6,'[]',NULL,NULL,NULL,NULL,0,0,0,1.00,0,0,0,'\"[{\\\"opt_name\\\":null,\\\"opt_value\\\":\\\"0\\\"}]\"',NULL,2,0,0,NULL,'\"[{\\\"opt_name\\\":null,\\\"opt_value\\\":null,\\\"c_form\\\":\\\"0\\\"}]\"',NULL,1,'2022-01-14 14:28:30','2022-02-21 15:55:35'),
	(332,16,'select','signeds','Signed:',NULL,77,NULL,'\"[{\\\"opt_name\\\":\\\"Yes\\\",\\\"opt_value\\\":\\\"Yes\\\"},{\\\"opt_name\\\":\\\"No\\\",\\\"opt_value\\\":\\\"No\\\"}]\"','\"nullable|string\"',NULL,NULL,NULL,NULL,6,'[]',NULL,NULL,NULL,NULL,0,0,0,1.00,0,0,0,'\"[{\\\"opt_name\\\":null,\\\"opt_value\\\":\\\"0\\\"}]\"',NULL,2,0,0,NULL,'\"[{\\\"opt_name\\\":null,\\\"opt_value\\\":null,\\\"c_form\\\":\\\"0\\\"}]\"',NULL,1,'2022-01-14 15:55:48','2022-02-21 16:17:47'),
	(333,16,'date','date_confirms','Date:',NULL,78,NULL,'\"[{\\\"opt_name\\\":null,\\\"opt_value\\\":null}]\"','\"nullable\"',NULL,NULL,NULL,NULL,6,'[]',NULL,NULL,NULL,NULL,0,0,0,1.00,0,0,0,'\"[{\\\"opt_name\\\":null,\\\"opt_value\\\":\\\"0\\\"}]\"',NULL,2,0,0,NULL,'\"[{\\\"opt_name\\\":null,\\\"opt_value\\\":null,\\\"c_form\\\":\\\"0\\\"}]\"',NULL,1,'2022-01-14 15:56:26','2022-02-21 16:18:00'),
	(352,12,'heading','office__use__only__headings','OFFICE USE ONLY',NULL,45,NULL,'\"[{\\\"opt_name\\\":null,\\\"opt_value\\\":null}]\"','\"nullable\"',NULL,NULL,NULL,NULL,12,'[]',NULL,NULL,NULL,NULL,0,0,0,1.00,0,0,0,'\"[{\\\"opt_name\\\":null,\\\"opt_value\\\":\\\"0\\\"}]\"',NULL,0,0,0,NULL,'\"[{\\\"opt_name\\\":null,\\\"opt_value\\\":null,\\\"c_form\\\":\\\"0\\\"}]\"',NULL,1,'2022-01-17 11:07:26','2022-01-17 11:07:26'),
	(353,12,'wysiwyg','statement__descs','Statement by Officer:','<p>&nbsp;<strong>Statement by Officer</strong>: I have explained the conditions for receiving of this benefit/ assistance and explained what the client’s obligations means and the reason for them. The client has indicated that he/ she understands and accepts responsibility to provide true and complete information and to advise immediately &nbsp;any changes in circumstances. All questions have been completed.</p>',46,NULL,'\"[{\\\"opt_name\\\":null,\\\"opt_value\\\":null}]\"','\"nullable\"',NULL,NULL,NULL,NULL,12,'[]',NULL,NULL,NULL,NULL,0,0,0,1.00,0,0,0,'\"[{\\\"opt_name\\\":null,\\\"opt_value\\\":\\\"0\\\"}]\"',NULL,2,0,0,NULL,'\"[{\\\"opt_name\\\":null,\\\"opt_value\\\":null,\\\"c_form\\\":\\\"0\\\"}]\"',NULL,1,'2022-01-17 12:33:25','2022-01-17 12:35:23'),
	(354,12,'text','officer__names','Name',NULL,47,NULL,'\"[{\\\"opt_name\\\":null,\\\"opt_value\\\":null}]\"','\"nullable|string\"',NULL,NULL,NULL,NULL,4,'[]',NULL,NULL,NULL,NULL,0,0,0,1.00,0,0,0,'\"[{\\\"opt_name\\\":null,\\\"opt_value\\\":\\\"0\\\"}]\"',NULL,0,0,0,NULL,'\"[{\\\"opt_name\\\":null,\\\"opt_value\\\":null,\\\"c_form\\\":\\\"0\\\"}]\"',NULL,1,'2022-01-17 12:35:58','2022-01-17 12:35:58'),
	(355,12,'text','officer__signatures','Signature',NULL,48,NULL,'\"[{\\\"opt_name\\\":null,\\\"opt_value\\\":null}]\"','\"nullable|string\"',NULL,NULL,NULL,NULL,4,'[]',NULL,NULL,NULL,NULL,0,0,0,1.00,0,0,0,'\"[{\\\"opt_name\\\":null,\\\"opt_value\\\":\\\"0\\\"}]\"',NULL,0,0,0,NULL,'\"[{\\\"opt_name\\\":null,\\\"opt_value\\\":null,\\\"c_form\\\":\\\"0\\\"}]\"',NULL,1,'2022-01-17 12:36:33','2022-01-17 12:36:33'),
	(356,12,'date','officer__dates','Date',NULL,49,NULL,'\"[{\\\"opt_name\\\":null,\\\"opt_value\\\":null}]\"','\"nullable\"',NULL,NULL,NULL,NULL,4,'[]',NULL,NULL,NULL,NULL,0,0,0,1.00,0,0,0,'\"[{\\\"opt_name\\\":null,\\\"opt_value\\\":\\\"0\\\"}]\"',NULL,0,0,0,NULL,'\"[{\\\"opt_name\\\":null,\\\"opt_value\\\":null,\\\"c_form\\\":\\\"0\\\"}]\"',NULL,1,'2022-01-17 12:37:09','2022-01-17 12:37:09'),
	(357,12,'text','officer__home__visiteds','Home visit completed:',NULL,50,NULL,'\"[{\\\"opt_name\\\":null,\\\"opt_value\\\":null}]\"','\"nullable|string\"',NULL,NULL,NULL,NULL,4,'[]',NULL,NULL,NULL,NULL,0,0,0,1.00,0,0,0,'\"[{\\\"opt_name\\\":null,\\\"opt_value\\\":\\\"0\\\"}]\"',NULL,0,0,0,NULL,'\"[{\\\"opt_name\\\":null,\\\"opt_value\\\":null,\\\"c_form\\\":\\\"0\\\"}]\"',NULL,1,'2022-01-17 12:40:05','2022-01-17 12:40:05'),
	(358,12,'textarea','add__infos','Additional information:',NULL,51,NULL,'\"[{\\\"opt_name\\\":null,\\\"opt_value\\\":null}]\"','\"nullable|string\"',NULL,NULL,NULL,NULL,4,'[]',NULL,NULL,NULL,NULL,0,0,0,1.00,0,0,0,'\"[{\\\"opt_name\\\":null,\\\"opt_value\\\":\\\"0\\\"}]\"',NULL,0,0,0,NULL,'\"[{\\\"opt_name\\\":null,\\\"opt_value\\\":null,\\\"c_form\\\":\\\"0\\\"}]\"',NULL,1,'2022-01-17 12:40:48','2022-01-17 12:40:48'),
	(359,12,'textarea','recommendations','Recommendation:',NULL,52,NULL,'\"[{\\\"opt_name\\\":null,\\\"opt_value\\\":null}]\"','\"nullable|string\"',NULL,NULL,NULL,NULL,4,'[]',NULL,NULL,NULL,NULL,0,0,0,1.00,0,0,0,'\"[{\\\"opt_name\\\":null,\\\"opt_value\\\":\\\"0\\\"}]\"',NULL,0,0,0,NULL,'\"[{\\\"opt_name\\\":null,\\\"opt_value\\\":null,\\\"c_form\\\":\\\"0\\\"}]\"',NULL,1,'2022-01-17 12:41:20','2022-01-17 12:41:20'),
	(360,12,'label','outer__islands','(Outer Islands/ Rarotonga)',NULL,53,NULL,'\"[{\\\"opt_name\\\":null,\\\"opt_value\\\":null}]\"','\"nullable\"',NULL,NULL,NULL,'font-size: 14px',12,'[]',NULL,NULL,NULL,NULL,0,0,0,1.00,0,0,0,'\"[{\\\"opt_name\\\":null,\\\"opt_value\\\":\\\"0\\\"}]\"',NULL,2,0,0,NULL,'\"[{\\\"opt_name\\\":null,\\\"opt_value\\\":null,\\\"c_form\\\":\\\"0\\\"}]\"',NULL,1,'2022-01-17 12:42:51','2022-01-17 12:49:46'),
	(361,12,'text','app__received__names','Application received by:',NULL,54,NULL,'\"[{\\\"opt_name\\\":null,\\\"opt_value\\\":null}]\"','\"nullable|string\"',NULL,NULL,NULL,NULL,4,'[]',NULL,NULL,NULL,NULL,0,0,0,1.00,0,0,0,'\"[{\\\"opt_name\\\":null,\\\"opt_value\\\":\\\"0\\\"}]\"',NULL,0,0,0,NULL,'\"[{\\\"opt_name\\\":null,\\\"opt_value\\\":null,\\\"c_form\\\":\\\"0\\\"}]\"',NULL,1,'2022-01-17 12:44:49','2022-01-17 12:44:49'),
	(362,12,'date','date__app__receiveds','Application received:',NULL,55,NULL,'\"[{\\\"opt_name\\\":null,\\\"opt_value\\\":null}]\"','\"nullable\"',NULL,NULL,NULL,NULL,4,'[]',NULL,NULL,NULL,NULL,0,0,0,1.00,0,0,0,'\"[{\\\"opt_name\\\":null,\\\"opt_value\\\":\\\"0\\\"}]\"',NULL,0,0,0,NULL,'\"[{\\\"opt_name\\\":null,\\\"opt_value\\\":null,\\\"c_form\\\":\\\"0\\\"}]\"',NULL,1,'2022-01-17 12:45:25','2022-01-17 12:45:25'),
	(363,12,'date','date__supp__docs','Supporting documents :',NULL,56,NULL,'\"[{\\\"opt_name\\\":null,\\\"opt_value\\\":null}]\"','\"nullable\"',NULL,NULL,NULL,NULL,4,'[]',NULL,NULL,NULL,NULL,0,0,0,1.00,0,0,0,'\"[{\\\"opt_name\\\":null,\\\"opt_value\\\":\\\"0\\\"}]\"',NULL,0,0,0,NULL,'\"[{\\\"opt_name\\\":null,\\\"opt_value\\\":null,\\\"c_form\\\":\\\"0\\\"}]\"',NULL,1,'2022-01-17 12:46:06','2022-01-17 12:46:06'),
	(364,12,'date','date__supple__docs','Supplementary documents:',NULL,57,NULL,'\"[{\\\"opt_name\\\":null,\\\"opt_value\\\":null}]\"','\"nullable\"',NULL,NULL,NULL,NULL,4,'[]',NULL,NULL,NULL,NULL,0,0,0,1.00,0,0,0,'\"[{\\\"opt_name\\\":null,\\\"opt_value\\\":\\\"0\\\"}]\"',NULL,0,0,0,NULL,'\"[{\\\"opt_name\\\":null,\\\"opt_value\\\":null,\\\"c_form\\\":\\\"0\\\"}]\"',NULL,1,'2022-01-17 12:46:40','2022-01-17 12:46:40'),
	(365,12,'date','date__ref__mains','Referred to Main Office:',NULL,58,NULL,'\"[{\\\"opt_name\\\":null,\\\"opt_value\\\":null}]\"','\"nullable\"',NULL,NULL,NULL,NULL,4,'[]',NULL,NULL,NULL,NULL,0,0,0,1.00,0,0,0,'\"[{\\\"opt_name\\\":null,\\\"opt_value\\\":\\\"0\\\"}]\"',NULL,0,0,0,NULL,'\"[{\\\"opt_name\\\":null,\\\"opt_value\\\":null,\\\"c_form\\\":\\\"0\\\"}]\"',NULL,1,'2022-01-17 12:47:28','2022-01-17 12:47:28'),
	(366,12,'date','date__outer__islands','O/Island Application No.',NULL,59,NULL,'\"[{\\\"opt_name\\\":null,\\\"opt_value\\\":null}]\"','\"nullable\"',NULL,NULL,NULL,NULL,4,'[]',NULL,NULL,NULL,NULL,0,0,0,1.00,0,0,0,'\"[{\\\"opt_name\\\":null,\\\"opt_value\\\":\\\"0\\\"}]\"',NULL,0,0,0,NULL,'\"[{\\\"opt_name\\\":null,\\\"opt_value\\\":null,\\\"c_form\\\":\\\"0\\\"}]\"',NULL,1,'2022-01-17 12:48:23','2022-01-17 12:48:23'),
	(367,12,'date','date__head__apps','Head Office Application No.',NULL,60,NULL,'\"[{\\\"opt_name\\\":null,\\\"opt_value\\\":null}]\"','\"nullable\"',NULL,NULL,NULL,NULL,4,'[]',NULL,NULL,NULL,NULL,0,0,0,1.00,0,0,0,'\"[{\\\"opt_name\\\":null,\\\"opt_value\\\":\\\"0\\\"}]\"',NULL,0,0,0,NULL,'\"[{\\\"opt_name\\\":null,\\\"opt_value\\\":null,\\\"c_form\\\":\\\"0\\\"}]\"',NULL,1,'2022-01-17 12:48:59','2022-01-17 12:48:59'),
	(368,12,'label','rarotonga__heads','(Rarotonga ONLY)',NULL,61,NULL,'\"[{\\\"opt_name\\\":null,\\\"opt_value\\\":null}]\"','\"nullable\"',NULL,NULL,NULL,'font-size: 14px',12,'[]',NULL,NULL,NULL,NULL,0,0,0,1.00,0,0,0,'\"[{\\\"opt_name\\\":null,\\\"opt_value\\\":\\\"0\\\"}]\"',NULL,0,0,0,NULL,'\"[{\\\"opt_name\\\":null,\\\"opt_value\\\":null,\\\"c_form\\\":\\\"0\\\"}]\"',NULL,1,'2022-01-17 12:50:43','2022-01-17 12:50:43'),
	(369,12,'text','name__app__receiveds','Application received by:',NULL,62,NULL,'\"[{\\\"opt_name\\\":null,\\\"opt_value\\\":null}]\"','\"nullable|string\"',NULL,NULL,NULL,NULL,4,'[]',NULL,NULL,NULL,NULL,0,0,0,1.00,0,0,0,'\"[{\\\"opt_name\\\":null,\\\"opt_value\\\":\\\"0\\\"}]\"',NULL,0,0,0,NULL,'\"[{\\\"opt_name\\\":null,\\\"opt_value\\\":null,\\\"c_form\\\":\\\"0\\\"}]\"',NULL,1,'2022-01-17 12:53:06','2022-01-17 12:53:06'),
	(370,12,'date','pay__period__dates','Pay period:',NULL,63,NULL,'\"[{\\\"opt_name\\\":null,\\\"opt_value\\\":null}]\"','\"nullable\"',NULL,NULL,NULL,NULL,4,'[]',NULL,NULL,NULL,NULL,0,0,0,1.00,0,0,0,'\"[{\\\"opt_name\\\":null,\\\"opt_value\\\":\\\"0\\\"}]\"',NULL,0,0,0,NULL,'\"[{\\\"opt_name\\\":null,\\\"opt_value\\\":null,\\\"c_form\\\":\\\"0\\\"}]\"',NULL,1,'2022-01-17 12:53:40','2022-01-17 12:53:40'),
	(371,12,'date','payment__amount__dates','Payment amount:',NULL,64,NULL,'\"[{\\\"opt_name\\\":null,\\\"opt_value\\\":null}]\"','\"nullable\"',NULL,NULL,NULL,NULL,4,'[]',NULL,NULL,NULL,NULL,0,0,0,1.00,0,0,0,'\"[{\\\"opt_name\\\":null,\\\"opt_value\\\":\\\"0\\\"}]\"',NULL,0,0,0,NULL,'\"[{\\\"opt_name\\\":null,\\\"opt_value\\\":null,\\\"c_form\\\":\\\"0\\\"}]\"',NULL,1,'2022-01-17 12:54:25','2022-01-17 12:54:25'),
	(372,12,'date','other__payment__dates','Other payment:',NULL,65,NULL,'\"[{\\\"opt_name\\\":null,\\\"opt_value\\\":null}]\"','\"nullable\"',NULL,NULL,NULL,NULL,4,'[]',NULL,NULL,NULL,NULL,0,0,0,1.00,0,0,0,'\"[{\\\"opt_name\\\":null,\\\"opt_value\\\":\\\"0\\\"}]\"',NULL,0,0,0,NULL,'\"[{\\\"opt_name\\\":null,\\\"opt_value\\\":null,\\\"c_form\\\":\\\"0\\\"}]\"',NULL,1,'2022-01-17 12:55:04','2022-01-17 12:55:04'),
	(373,12,'date','payment__amounts','Payment amount:',NULL,66,NULL,'\"[{\\\"opt_name\\\":null,\\\"opt_value\\\":null}]\"','\"nullable\"',NULL,NULL,NULL,NULL,4,'[]',NULL,NULL,NULL,NULL,0,0,0,1.00,0,0,0,'\"[{\\\"opt_name\\\":null,\\\"opt_value\\\":\\\"0\\\"}]\"',NULL,0,0,0,NULL,'\"[{\\\"opt_name\\\":null,\\\"opt_value\\\":null,\\\"c_form\\\":\\\"0\\\"}]\"',NULL,1,'2022-01-17 12:55:42','2022-01-17 12:55:42'),
	(374,12,'date','addition__voucher__nos','Addition Voucher No.',NULL,67,NULL,'\"[{\\\"opt_name\\\":null,\\\"opt_value\\\":null}]\"','\"nullable\"',NULL,NULL,NULL,NULL,4,'[]',NULL,NULL,NULL,NULL,0,0,0,1.00,0,0,0,'\"[{\\\"opt_name\\\":null,\\\"opt_value\\\":\\\"0\\\"}]\"',NULL,0,0,0,NULL,'\"[{\\\"opt_name\\\":null,\\\"opt_value\\\":null,\\\"c_form\\\":\\\"0\\\"}]\"',NULL,1,'2022-01-17 12:56:23','2022-01-17 12:56:23'),
	(375,12,'date','from__main__vches','Main Vchr from:',NULL,68,NULL,'\"[{\\\"opt_name\\\":null,\\\"opt_value\\\":null}]\"','\"nullable\"',NULL,NULL,NULL,NULL,4,'[]',NULL,NULL,NULL,NULL,0,0,0,1.00,0,0,0,'\"[{\\\"opt_name\\\":null,\\\"opt_value\\\":\\\"0\\\"}]\"',NULL,0,0,0,NULL,'\"[{\\\"opt_name\\\":null,\\\"opt_value\\\":null,\\\"c_form\\\":\\\"0\\\"}]\"',NULL,1,'2022-01-17 12:57:07','2022-01-17 12:57:07'),
	(376,12,'heading','for__commitees','FOR COMMITEE',NULL,69,NULL,'\"[{\\\"opt_name\\\":null,\\\"opt_value\\\":null}]\"','\"nullable\"',NULL,NULL,NULL,NULL,12,'[]',NULL,NULL,NULL,NULL,0,0,0,1.00,0,0,0,'\"[{\\\"opt_name\\\":null,\\\"opt_value\\\":\\\"0\\\"}]\"',NULL,0,0,0,NULL,'\"[{\\\"opt_name\\\":null,\\\"opt_value\\\":null,\\\"c_form\\\":\\\"0\\\"}]\"',NULL,1,'2022-01-17 12:58:38','2022-01-17 12:58:38'),
	(377,12,'textarea','commitee__decisions','Decision:',NULL,70,NULL,'\"[{\\\"opt_name\\\":null,\\\"opt_value\\\":null}]\"','\"nullable|string\"',NULL,NULL,NULL,NULL,6,'[]',NULL,NULL,NULL,NULL,0,0,0,1.00,0,0,0,'\"[{\\\"opt_name\\\":null,\\\"opt_value\\\":\\\"0\\\"}]\"',NULL,2,0,0,NULL,'\"[{\\\"opt_name\\\":null,\\\"opt_value\\\":null,\\\"c_form\\\":\\\"0\\\"}]\"',NULL,1,'2022-01-17 12:59:37','2022-01-17 13:01:25'),
	(378,12,'textarea','meeting__helds','Meeting held:',NULL,71,NULL,'\"[{\\\"opt_name\\\":null,\\\"opt_value\\\":null}]\"','\"nullable|string\"',NULL,NULL,NULL,NULL,5,'[]',NULL,NULL,NULL,NULL,0,0,0,1.00,0,0,0,'\"[{\\\"opt_name\\\":null,\\\"opt_value\\\":\\\"0\\\"}]\"',NULL,0,0,0,NULL,'\"[{\\\"opt_name\\\":null,\\\"opt_value\\\":null,\\\"c_form\\\":\\\"0\\\"}]\"',NULL,1,'2022-01-17 13:00:16','2022-01-17 13:00:16'),
	(379,12,'text','commitee__names','Name:',NULL,72,NULL,'\"[{\\\"opt_name\\\":null,\\\"opt_value\\\":null}]\"','\"nullable|string\"',NULL,NULL,NULL,NULL,4,'[]',NULL,NULL,NULL,NULL,0,0,0,1.00,0,0,0,'\"[{\\\"opt_name\\\":null,\\\"opt_value\\\":\\\"0\\\"}]\"',NULL,0,0,0,NULL,'\"[{\\\"opt_name\\\":null,\\\"opt_value\\\":null,\\\"c_form\\\":\\\"0\\\"}]\"',NULL,1,'2022-01-17 13:02:13','2022-01-17 13:02:13'),
	(380,12,'text','committee__signatures','Signature:',NULL,73,NULL,'\"[{\\\"opt_name\\\":null,\\\"opt_value\\\":null}]\"','\"nullable|string\"',NULL,NULL,NULL,NULL,4,'[]',NULL,NULL,NULL,NULL,0,0,0,1.00,0,0,0,'\"[{\\\"opt_name\\\":null,\\\"opt_value\\\":\\\"0\\\"}]\"',NULL,0,0,0,NULL,'\"[{\\\"opt_name\\\":null,\\\"opt_value\\\":null,\\\"c_form\\\":\\\"0\\\"}]\"',NULL,1,'2022-01-17 13:02:51','2022-01-17 13:02:51'),
	(381,12,'date','committee__dates','Date',NULL,74,NULL,'\"[{\\\"opt_name\\\":null,\\\"opt_value\\\":null}]\"','\"nullable\"',NULL,NULL,NULL,NULL,4,'[]',NULL,NULL,NULL,NULL,0,0,0,1.00,0,0,0,'\"[{\\\"opt_name\\\":null,\\\"opt_value\\\":\\\"0\\\"}]\"',NULL,0,0,0,NULL,'\"[{\\\"opt_name\\\":null,\\\"opt_value\\\":null,\\\"c_form\\\":\\\"0\\\"}]\"',NULL,1,'2022-01-17 13:03:16','2022-01-17 13:03:16'),
	(382,12,'heading','client__offices','CLIENTS OBLIGATIONS- OFFICE COPY',NULL,75,NULL,'\"[{\\\"opt_name\\\":null,\\\"opt_value\\\":null}]\"','\"nullable\"',NULL,NULL,NULL,NULL,12,'[]',NULL,NULL,NULL,NULL,0,0,0,1.00,0,0,0,'\"[{\\\"opt_name\\\":null,\\\"opt_value\\\":\\\"0\\\"}]\"',NULL,0,0,0,NULL,'\"[{\\\"opt_name\\\":null,\\\"opt_value\\\":null,\\\"c_form\\\":\\\"0\\\"}]\"',NULL,1,'2022-01-17 13:05:03','2022-01-17 13:05:03'),
	(383,12,'wysiwyg','details__c__obligations','CLIENTS OBLIGATIONS details- OFFICE COPY','<h3>Please read this statement carefully and sign.</h3><p><strong>I must tell Social Welfare immediately if:</strong></p><ul><li>I intend to TRAVEL OVERSEAS, whether for holiday or permanently</li><li>My personal details change (such as name, address or bank account)</li><li>I am granted an overseas benefit payment</li><li>My living arrangement and circumstances changes.</li></ul><p><strong>I understand that:</strong></p><ul><li>if I have made a false statement or</li><li>if I have failed to answer all the questions in full or</li><li>If I do not tell Social Welfare about changes that it might affect my entitlement or rate.</li></ul><p><strong>Then</strong>:</p><ul><li>The benefit/ assistance may be reviewed and cancelled and</li><li>I may have to pay back the total amount of any overpayment that I have received and</li><li>I may be prosecuted and fined</li></ul><p><strong>My obligations have been explained to me and I understand my responsibilities</strong></p>',76,NULL,'\"[{\\\"opt_name\\\":null,\\\"opt_value\\\":null}]\"','\"nullable\"',NULL,NULL,NULL,NULL,12,'[]',NULL,NULL,NULL,NULL,0,0,0,1.00,0,0,0,'\"[{\\\"opt_name\\\":null,\\\"opt_value\\\":\\\"0\\\"}]\"',NULL,0,0,0,NULL,'\"[{\\\"opt_name\\\":null,\\\"opt_value\\\":null,\\\"c_form\\\":\\\"0\\\"}]\"',NULL,1,'2022-01-17 13:08:00','2022-01-17 13:08:00'),
	(384,12,'text','client__names','Name:',NULL,77,NULL,'\"[{\\\"opt_name\\\":null,\\\"opt_value\\\":null}]\"','\"nullable|string\"',NULL,NULL,NULL,NULL,4,'[]',NULL,NULL,NULL,NULL,0,0,0,1.00,0,0,0,'\"[{\\\"opt_name\\\":null,\\\"opt_value\\\":\\\"0\\\"}]\"',NULL,0,0,0,NULL,'\"[{\\\"opt_name\\\":null,\\\"opt_value\\\":null,\\\"c_form\\\":\\\"0\\\"}]\"',NULL,1,'2022-01-17 13:08:55','2022-01-17 13:08:55'),
	(385,12,'text','client__signs','Signature:',NULL,78,NULL,'\"[{\\\"opt_name\\\":null,\\\"opt_value\\\":null}]\"','\"nullable|string\"',NULL,NULL,NULL,NULL,4,'[]',NULL,NULL,NULL,NULL,0,0,0,1.00,0,0,0,'\"[{\\\"opt_name\\\":null,\\\"opt_value\\\":\\\"0\\\"}]\"',NULL,0,0,0,NULL,'\"[{\\\"opt_name\\\":null,\\\"opt_value\\\":null,\\\"c_form\\\":\\\"0\\\"}]\"',NULL,1,'2022-01-17 13:09:18','2022-01-17 13:09:18'),
	(386,12,'date','client__dates','Date:',NULL,79,NULL,'\"[{\\\"opt_name\\\":null,\\\"opt_value\\\":null}]\"','\"nullable\"',NULL,NULL,NULL,NULL,4,'[]',NULL,NULL,NULL,NULL,0,0,0,1.00,0,0,0,'\"[{\\\"opt_name\\\":null,\\\"opt_value\\\":\\\"0\\\"}]\"',NULL,0,0,0,NULL,'\"[{\\\"opt_name\\\":null,\\\"opt_value\\\":null,\\\"c_form\\\":\\\"0\\\"}]\"',NULL,1,'2022-01-17 13:09:46','2022-01-17 13:09:46'),
	(387,12,'text','client__witnesses','Witnessed by:',NULL,80,NULL,'\"[{\\\"opt_name\\\":null,\\\"opt_value\\\":null}]\"','\"nullable|string\"',NULL,NULL,NULL,NULL,4,'[]',NULL,NULL,NULL,NULL,0,0,0,1.00,0,0,0,'\"[{\\\"opt_name\\\":null,\\\"opt_value\\\":\\\"0\\\"}]\"',NULL,0,0,0,NULL,'\"[{\\\"opt_name\\\":null,\\\"opt_value\\\":null,\\\"c_form\\\":\\\"0\\\"}]\"',NULL,1,'2022-01-17 13:10:21','2022-01-17 13:10:21'),
	(388,12,'heading','clients__client__copies','CLIENTS OBLIGATIONS -CLIENTS COPY',NULL,81,NULL,'\"[{\\\"opt_name\\\":null,\\\"opt_value\\\":null}]\"','\"nullable\"',NULL,NULL,NULL,NULL,12,'[]',NULL,NULL,NULL,NULL,0,0,0,1.00,0,0,0,'\"[{\\\"opt_name\\\":null,\\\"opt_value\\\":\\\"0\\\"}]\"',NULL,0,0,0,NULL,'\"[{\\\"opt_name\\\":null,\\\"opt_value\\\":null,\\\"c_form\\\":\\\"0\\\"}]\"',NULL,1,'2022-01-17 13:12:15','2022-01-17 13:12:15'),
	(389,12,'wysiwyg','cleint__details','CLIENTS OBLIGATIONS CLIENTS COPY Details','<h3><strong>Please read this statement carefully and sign.</strong></h3><p><strong>I must tell Social Welfare immediately if:</strong></p><ul><li>I intend to TRAVEL OVERSEAS, whether for holiday or permanently</li><li>My personal details change (such as name, address or bank account)</li><li>I am granted an overseas benefit payment</li><li>My living arrangement and circumstances changes.</li></ul><p><strong>I understand that:</strong></p><ul><li>if I have made a false statement or</li><li>if I have failed to answer all the questions in full or</li><li>If I do not tell Social Welfare about changes that it might affect my entitlement or rate.</li></ul><p><strong>Then:</strong></p><ul><li>The benefit/ assistance may be reviewed and cancelled and</li><li>I may have to pay back the total amount of any overpayment that I have received and</li><li>I may be prosecuted and fined</li></ul><p><strong>My obligations have been explained to me and I understand my responsibilities</strong></p>',82,NULL,'\"[{\\\"opt_name\\\":null,\\\"opt_value\\\":null}]\"','\"nullable\"',NULL,NULL,NULL,NULL,12,'[]',NULL,NULL,NULL,NULL,0,0,0,1.00,0,0,0,'\"[{\\\"opt_name\\\":null,\\\"opt_value\\\":\\\"0\\\"}]\"',NULL,0,0,0,NULL,'\"[{\\\"opt_name\\\":null,\\\"opt_value\\\":null,\\\"c_form\\\":\\\"0\\\"}]\"',NULL,1,'2022-01-17 13:14:45','2022-01-17 13:14:45'),
	(390,12,'text','name__clients','Name:',NULL,83,NULL,'\"[{\\\"opt_name\\\":null,\\\"opt_value\\\":null}]\"','\"nullable|string\"',NULL,NULL,NULL,NULL,4,'[]',NULL,NULL,NULL,NULL,0,0,0,1.00,0,0,0,'\"[{\\\"opt_name\\\":null,\\\"opt_value\\\":\\\"0\\\"}]\"',NULL,0,0,0,NULL,'\"[{\\\"opt_name\\\":null,\\\"opt_value\\\":null,\\\"c_form\\\":\\\"0\\\"}]\"',NULL,1,'2022-01-17 13:15:40','2022-01-17 13:15:40'),
	(391,12,'text','signatures','Signature:',NULL,84,NULL,'\"[{\\\"opt_name\\\":null,\\\"opt_value\\\":null}]\"','\"nullable|string\"',NULL,NULL,NULL,NULL,4,'[]',NULL,NULL,NULL,NULL,0,0,0,1.00,0,0,0,'\"[{\\\"opt_name\\\":null,\\\"opt_value\\\":\\\"0\\\"}]\"',NULL,0,0,0,NULL,'\"[{\\\"opt_name\\\":null,\\\"opt_value\\\":null,\\\"c_form\\\":\\\"0\\\"}]\"',NULL,1,'2022-01-17 13:16:26','2022-01-17 13:16:26'),
	(392,12,'date','date__clients','Date:',NULL,85,NULL,'\"[{\\\"opt_name\\\":null,\\\"opt_value\\\":null}]\"','\"nullable\"',NULL,NULL,NULL,NULL,4,'[]',NULL,NULL,NULL,NULL,0,0,0,1.00,0,0,0,'\"[{\\\"opt_name\\\":null,\\\"opt_value\\\":\\\"0\\\"}]\"',NULL,0,0,0,NULL,'\"[{\\\"opt_name\\\":null,\\\"opt_value\\\":null,\\\"c_form\\\":\\\"0\\\"}]\"',NULL,1,'2022-01-17 13:16:59','2022-01-17 13:16:59'),
	(393,12,'text','witness__clients','Witnessed by:',NULL,86,NULL,'\"[{\\\"opt_name\\\":null,\\\"opt_value\\\":null}]\"','\"nullable|string\"',NULL,NULL,NULL,NULL,4,'[]',NULL,NULL,NULL,NULL,0,0,0,1.00,0,0,0,'\"[{\\\"opt_name\\\":null,\\\"opt_value\\\":\\\"0\\\"}]\"',NULL,0,0,0,NULL,'\"[{\\\"opt_name\\\":null,\\\"opt_value\\\":null,\\\"c_form\\\":\\\"0\\\"}]\"',NULL,1,'2022-01-17 13:17:38','2022-01-17 13:17:38'),
	(395,18,'text','first__names','Firstname',NULL,1,NULL,'\"[{\\\"opt_name\\\":null,\\\"opt_value\\\":null}]\"','\"required|string\"',NULL,'Grace',NULL,NULL,4,'[]',NULL,NULL,NULL,NULL,1,0,0,1.00,0,0,0,'\"[{\\\"opt_name\\\":null,\\\"opt_value\\\":\\\"0\\\"}]\"',NULL,0,0,0,NULL,'\"[{\\\"opt_name\\\":null,\\\"opt_value\\\":null,\\\"c_form\\\":\\\"0\\\"}]\"',NULL,1,'2022-01-20 18:13:59','2022-01-20 18:13:59'),
	(396,18,'text','surnames','Surname',NULL,2,NULL,'\"[{\\\"opt_name\\\":null,\\\"opt_value\\\":null}]\"','\"required|string\"',NULL,NULL,NULL,NULL,4,'[]',NULL,NULL,NULL,NULL,1,0,0,1.00,0,0,0,'\"[{\\\"opt_name\\\":null,\\\"opt_value\\\":\\\"0\\\"}]\"',NULL,0,0,0,NULL,'\"[{\\\"opt_name\\\":null,\\\"opt_value\\\":null,\\\"c_form\\\":\\\"0\\\"}]\"',NULL,1,'2022-01-20 18:14:40','2022-01-20 18:14:40'),
	(397,18,'select','islands','Island',NULL,3,NULL,'\"null\"','\"nullable|string\"',NULL,NULL,NULL,NULL,6,'[]',NULL,NULL,NULL,NULL,0,0,1,1.00,0,0,0,'\"[{\\\"opt_name\\\":null,\\\"opt_value\\\":\\\"0\\\"}]\"',NULL,0,9,1,NULL,'\"[{\\\"opt_name\\\":null,\\\"opt_value\\\":null,\\\"c_form\\\":\\\"0\\\"}]\"',NULL,1,'2022-01-20 18:16:09','2022-01-20 18:16:09'),
	(398,18,'file','supports','Supporting Documents',NULL,4,NULL,'\"[{\\\"opt_name\\\":null,\\\"opt_value\\\":null}]\"','\"required|file\"',NULL,NULL,NULL,NULL,6,'[\"\"]',NULL,NULL,NULL,NULL,1,0,0,1.00,0,0,0,'\"[{\\\"opt_name\\\":null,\\\"opt_value\\\":\\\"0\\\"}]\"',NULL,0,0,0,NULL,'\"[{\\\"opt_name\\\":null,\\\"opt_value\\\":null,\\\"c_form\\\":\\\"0\\\"}]\"',NULL,1,'2022-01-20 18:31:11','2022-01-20 18:31:11'),
	(399,11,'numeric_text','bci_account_numbers','BCI Account Number',NULL,6,NULL,'\"[{\\\"opt_name\\\":null,\\\"opt_value\\\":null}]\"','\"nullable|numeric\"',NULL,'BCI Account Number',NULL,NULL,6,'[]',NULL,NULL,NULL,NULL,0,0,0,1.00,0,0,0,'\"[{\\\"opt_name\\\":null,\\\"opt_value\\\":\\\"0\\\"}]\"',NULL,2,0,0,NULL,'\"[{\\\"opt_name\\\":null,\\\"opt_value\\\":null,\\\"c_form\\\":\\\"0\\\"}]\"',NULL,1,'2022-01-24 18:08:30','2022-02-03 12:35:46'),
	(400,1,'number','age_tos','Age (To)',NULL,2,NULL,'\"[{\\\"opt_name\\\":null,\\\"opt_value\\\":null}]\"','\"nullable|numeric\"',NULL,NULL,NULL,NULL,2,'[]',NULL,NULL,NULL,NULL,0,0,0,1.00,0,0,0,'\"[{\\\"opt_name\\\":null,\\\"opt_value\\\":\\\"0\\\"}]\"',NULL,2,0,0,NULL,'\"[{\\\"opt_name\\\":null,\\\"opt_value\\\":null,\\\"c_form\\\":\\\"0\\\"}]\"',NULL,1,'2022-01-27 09:32:16','2022-02-18 09:03:00'),
	(401,19,'text','first_names','First Name',NULL,1,NULL,'\"[{\\\"opt_name\\\":null,\\\"opt_value\\\":null}]\"','\"required|string\"',NULL,NULL,NULL,NULL,6,'[]',NULL,NULL,NULL,NULL,1,0,0,1.00,0,0,0,'\"[{\\\"opt_name\\\":null,\\\"opt_value\\\":\\\"0\\\"}]\"',NULL,0,0,0,NULL,'\"[{\\\"opt_name\\\":null,\\\"opt_value\\\":null,\\\"c_form\\\":\\\"0\\\"}]\"',NULL,1,'2022-01-27 16:44:08','2022-01-27 16:44:08'),
	(402,19,'text','surnames','Surname',NULL,2,NULL,'\"[{\\\"opt_name\\\":null,\\\"opt_value\\\":null}]\"','\"required|string\"',NULL,NULL,NULL,NULL,6,'[]',NULL,NULL,NULL,NULL,1,0,0,1.00,0,0,0,'\"[{\\\"opt_name\\\":null,\\\"opt_value\\\":\\\"0\\\"}]\"',NULL,0,0,0,NULL,'\"[{\\\"opt_name\\\":null,\\\"opt_value\\\":null,\\\"c_form\\\":\\\"0\\\"}]\"',NULL,1,'2022-01-27 16:44:20','2022-01-27 16:44:20'),
	(403,19,'dob','dobs','DOB',NULL,3,NULL,'\"[{\\\"opt_name\\\":null,\\\"opt_value\\\":null}]\"','\"required\"',NULL,NULL,NULL,NULL,3,'[]',NULL,NULL,NULL,NULL,1,0,0,1.00,0,0,0,'\"[{\\\"opt_name\\\":null,\\\"opt_value\\\":\\\"0\\\"}]\"',NULL,2,0,0,NULL,'\"[{\\\"opt_name\\\":null,\\\"opt_value\\\":null,\\\"c_form\\\":\\\"0\\\"}]\"',NULL,1,'2022-01-27 16:44:49','2022-01-27 16:46:21'),
	(404,19,'select','islands','Island',NULL,4,NULL,'\"[{\\\"opt_name\\\":null,\\\"opt_value\\\":null}]\"','\"required|string\"',NULL,NULL,NULL,NULL,6,'[]',NULL,NULL,NULL,NULL,1,0,1,1.00,0,0,0,'\"[{\\\"opt_name\\\":null,\\\"opt_value\\\":\\\"0\\\"}]\"',NULL,0,9,1,NULL,'\"[{\\\"opt_name\\\":null,\\\"opt_value\\\":null,\\\"c_form\\\":\\\"0\\\"}]\"',NULL,1,'2022-01-27 16:45:34','2022-01-27 16:45:34'),
	(405,19,'select','genders','Gender',NULL,5,NULL,'\"[{\\\"opt_name\\\":null,\\\"opt_value\\\":null}]\"','\"nullable|string\"',NULL,NULL,NULL,NULL,3,'[]',NULL,NULL,NULL,NULL,0,0,1,1.00,0,0,0,'\"[{\\\"opt_name\\\":null,\\\"opt_value\\\":\\\"0\\\"}]\"',NULL,0,1,1,NULL,'\"[{\\\"opt_name\\\":null,\\\"opt_value\\\":null,\\\"c_form\\\":\\\"0\\\"}]\"',NULL,1,'2022-01-27 16:46:12','2022-01-27 16:46:12'),
	(406,19,'text','bci_account_numbers','Account Number',NULL,5,NULL,'\"[{\\\"opt_name\\\":null,\\\"opt_value\\\":null}]\"','\"required|string\"',NULL,NULL,NULL,NULL,6,'[]',NULL,NULL,NULL,NULL,1,0,0,1.00,0,0,0,'\"[{\\\"opt_name\\\":null,\\\"opt_value\\\":\\\"0\\\"}]\"',NULL,0,0,0,NULL,'\"[{\\\"opt_name\\\":null,\\\"opt_value\\\":null,\\\"c_form\\\":\\\"0\\\"}]\"',NULL,1,'2022-02-01 07:14:52','2022-02-01 07:14:52'),
	(407,18,'text','bci_account_numbers','BCI Account Number',NULL,5,NULL,'\"[{\\\"opt_name\\\":null,\\\"opt_value\\\":null}]\"','\"nullable|string\"',NULL,NULL,NULL,NULL,6,'[]',NULL,NULL,NULL,NULL,0,0,0,1.00,0,0,0,'\"[{\\\"opt_name\\\":null,\\\"opt_value\\\":\\\"0\\\"}]\"',NULL,2,0,0,NULL,'\"[{\\\"opt_name\\\":null,\\\"opt_value\\\":null,\\\"c_form\\\":\\\"0\\\"}]\"',NULL,1,'2022-02-01 07:31:05','2022-02-03 12:38:16'),
	(419,12,'file','doctor_reports','Doctor\'s Report',NULL,5,NULL,'\"[{\\\"opt_name\\\":null,\\\"opt_value\\\":null}]\"','\"nullable|file\"',NULL,NULL,NULL,NULL,6,'[\"\"]',NULL,NULL,NULL,NULL,0,0,0,1.00,0,0,0,'\"[{\\\"opt_name\\\":null,\\\"opt_value\\\":\\\"0\\\"}]\"',NULL,0,0,0,NULL,'\"[{\\\"opt_name\\\":null,\\\"opt_value\\\":null,\\\"c_form\\\":\\\"0\\\"}]\"',NULL,1,'2022-02-16 14:16:41','2022-02-16 14:16:41'),
	(420,12,'file','courts','Court Order',NULL,5,NULL,'\"[{\\\"opt_name\\\":null,\\\"opt_value\\\":null}]\"','\"nullable|file\"',NULL,NULL,NULL,NULL,6,'[\"\"]',NULL,NULL,NULL,NULL,0,0,0,1.00,0,0,0,'\"[{\\\"opt_name\\\":null,\\\"opt_value\\\":\\\"0\\\"}]\"',NULL,0,0,0,NULL,'\"[{\\\"opt_name\\\":null,\\\"opt_value\\\":null,\\\"c_form\\\":\\\"0\\\"}]\"',NULL,1,'2022-02-16 14:20:09','2022-02-16 14:20:09'),
	(421,1,'text','benefit_descriptions','Benefit Description',NULL,2,NULL,'\"[{\\\"opt_name\\\":null,\\\"opt_value\\\":null}]\"','\"required|string\"',NULL,NULL,NULL,NULL,8,'[]',NULL,NULL,NULL,NULL,1,0,0,1.00,0,0,0,'\"[{\\\"opt_name\\\":null,\\\"opt_value\\\":\\\"0\\\"}]\"',NULL,0,0,0,NULL,'\"[{\\\"opt_name\\\":null,\\\"opt_value\\\":null,\\\"c_form\\\":\\\"0\\\"}]\"',NULL,1,'2022-02-18 08:48:18','2022-02-18 08:48:18'),
	(422,1,'heading','eligibility_criterias','Eligibility Criteria',NULL,3,NULL,'\"[{\\\"opt_name\\\":null,\\\"opt_value\\\":null}]\"','\"nullable\"',NULL,NULL,NULL,NULL,12,'[]',NULL,NULL,NULL,NULL,0,0,0,1.00,0,0,0,'\"[{\\\"opt_name\\\":null,\\\"opt_value\\\":\\\"0\\\"}]\"',NULL,0,0,0,NULL,'\"[{\\\"opt_name\\\":null,\\\"opt_value\\\":null,\\\"c_form\\\":\\\"0\\\"}]\"',NULL,1,'2022-02-18 08:51:12','2022-02-18 08:51:12'),
	(424,21,'select','conditions','Applicant is',NULL,1,NULL,'\"[{\\\"opt_name\\\":\\\"Pregnant\\\",\\\"opt_value\\\":\\\"Pregnant\\\"},{\\\"opt_name\\\":\\\"Recently Given Birth\\\",\\\"opt_value\\\":\\\"Recently Given Birth\\\"}]\"','\"required|string\"',NULL,NULL,NULL,NULL,4,'[]',NULL,NULL,NULL,NULL,1,0,0,1.00,0,0,0,'\"[{\\\"opt_name\\\":null,\\\"opt_value\\\":\\\"0\\\"}]\"',NULL,0,0,0,NULL,'\"[{\\\"opt_name\\\":null,\\\"opt_value\\\":null,\\\"c_form\\\":\\\"0\\\"}]\"',NULL,1,'2022-02-21 10:16:06','2022-02-21 10:16:06'),
	(425,16,'select','pregnancy_statuses','Is the Applicant Pregnant or New Mother?',NULL,19,NULL,'\"[{\\\"opt_name\\\":\\\"Pregnant\\\",\\\"opt_value\\\":\\\"Pregnant\\\"},{\\\"opt_name\\\":\\\"Recently Given Birth\\\",\\\"opt_value\\\":\\\"Recently Given Birth\\\"}]\"','\"required|string\"',NULL,NULL,NULL,NULL,12,'[]',NULL,NULL,NULL,NULL,1,0,0,1.00,0,0,0,'\"[{\\\"opt_name\\\":null,\\\"opt_value\\\":\\\"0\\\"}]\"',NULL,0,0,0,NULL,'\"[{\\\"opt_name\\\":null,\\\"opt_value\\\":null,\\\"c_form\\\":\\\"0\\\"}]\"',NULL,1,'2022-02-21 14:04:32','2022-02-21 14:04:32'),
	(426,16,'date','edds','Date of Birth or EDD',NULL,20,NULL,'\"[{\\\"opt_name\\\":null,\\\"opt_value\\\":null}]\"','\"required\"',NULL,NULL,NULL,NULL,12,'[]',NULL,NULL,NULL,NULL,1,0,0,1.00,0,0,0,'\"[{\\\"opt_name\\\":null,\\\"opt_value\\\":\\\"0\\\"}]\"',NULL,0,0,0,NULL,'\"[{\\\"opt_name\\\":null,\\\"opt_value\\\":null,\\\"c_form\\\":\\\"0\\\"}]\"',NULL,1,'2022-02-21 14:06:27','2022-02-21 14:06:27'),
	(427,16,'select','taxpayers','Do you have RMD endorsement?',NULL,23,NULL,'\"[{\\\"opt_name\\\":\\\"Yes\\\",\\\"opt_value\\\":\\\"Yes\\\"},{\\\"opt_name\\\":\\\"No\\\",\\\"opt_value\\\":\\\"No\\\"}]\"','\"required|string\"',NULL,NULL,NULL,NULL,12,'[]',NULL,NULL,NULL,NULL,1,0,0,1.00,0,0,0,'\"[{\\\"opt_name\\\":null,\\\"opt_value\\\":\\\"0\\\"}]\"',NULL,2,0,0,NULL,'\"[{\\\"opt_name\\\":null,\\\"opt_value\\\":null,\\\"c_form\\\":\\\"0\\\"}]\"',NULL,1,'2022-02-21 14:19:13','2022-02-21 15:53:04'),
	(428,16,'text','rmd_numbers','Provide RMD Number',NULL,24,NULL,'\"[{\\\"opt_name\\\":null,\\\"opt_value\\\":null}]\"','\"required|string\"',NULL,NULL,NULL,NULL,12,'[]',NULL,NULL,NULL,NULL,1,0,0,1.00,0,0,0,'\"[{\\\"opt_name\\\":null,\\\"opt_value\\\":\\\"0\\\"}]\"',NULL,2,0,0,NULL,'\"[{\\\"opt_name\\\":null,\\\"opt_value\\\":null,\\\"c_form\\\":\\\"0\\\"}]\"',NULL,1,'2022-02-21 14:20:54','2022-02-21 14:21:23'),
	(429,16,'file','employer_endorsement_documents','Employer Endorsement (Scanned Portion of Document)',NULL,27,NULL,'\"[{\\\"opt_name\\\":null,\\\"opt_value\\\":null}]\"','\"required|file\"',NULL,NULL,NULL,NULL,12,'[\"\"]',NULL,NULL,NULL,NULL,1,0,0,1.00,0,0,0,'\"[{\\\"opt_name\\\":null,\\\"opt_value\\\":\\\"0\\\"}]\"',NULL,2,0,0,NULL,'\"[{\\\"opt_name\\\":null,\\\"opt_value\\\":null,\\\"c_form\\\":\\\"0\\\"}]\"',NULL,1,'2022-02-21 16:01:05','2022-02-21 16:06:58'),
	(430,16,'date','employer_endorsement_dates','Employer Endorsement',NULL,29,NULL,'\"[{\\\"opt_name\\\":null,\\\"opt_value\\\":null}]\"','\"required\"',NULL,NULL,NULL,NULL,6,'[]',NULL,NULL,NULL,NULL,1,0,0,1.00,0,0,0,'\"[{\\\"opt_name\\\":null,\\\"opt_value\\\":\\\"0\\\"}]\"',NULL,2,0,0,NULL,'\"[{\\\"opt_name\\\":null,\\\"opt_value\\\":null,\\\"c_form\\\":\\\"0\\\"}]\"',NULL,1,'2022-02-21 16:01:55','2022-02-21 16:17:33'),
	(431,16,'select','employer_contributions','Employer Contribution',NULL,28,NULL,'\"[{\\\"opt_name\\\":\\\"Top-Up Payment\\\",\\\"opt_value\\\":\\\"Top-Up Payment\\\"},{\\\"opt_name\\\":\\\"Extended Paid Leave\\\",\\\"opt_value\\\":\\\"Extended Paid Leave\\\"},{\\\"opt_name\\\":\\\"Extended Unpaid Leave\\\",\\\"opt_value\\\":\\\"Extended Unpaid Leave\\\"}]\"','\"nullable|string\"',NULL,NULL,NULL,NULL,6,'[]',NULL,NULL,NULL,NULL,0,0,0,1.00,0,0,0,'\"[{\\\"opt_name\\\":null,\\\"opt_value\\\":\\\"0\\\"}]\"',NULL,0,0,0,NULL,'\"[{\\\"opt_name\\\":null,\\\"opt_value\\\":null,\\\"c_form\\\":\\\"0\\\"}]\"',NULL,1,'2022-02-21 16:16:48','2022-02-21 16:16:48');



# Dump of table form_collectives
# ------------------------------------------------------------

CREATE TABLE `form_collectives` (
  `id` int unsigned NOT NULL AUTO_INCREMENT,
  `form_id` int unsigned NOT NULL,
  `structure_type` varchar(255) CHARACTER SET utf8mb4 COLLATE utf8mb4_unicode_ci NOT NULL DEFAULT 'tabs',
  `submit_type` varchar(255) CHARACTER SET utf8mb4 COLLATE utf8mb4_unicode_ci NOT NULL DEFAULT 'individual',
  `process_type` varchar(255) CHARACTER SET utf8mb4 COLLATE utf8mb4_unicode_ci NOT NULL DEFAULT 'steps',
  `active` tinyint(1) NOT NULL DEFAULT '1',
  `generate` tinyint(1) NOT NULL DEFAULT '0',
  `cover_page` tinyint(1) NOT NULL DEFAULT '0',
  `user_id` tinyint(1) NOT NULL,
  `created_at` timestamp NULL DEFAULT NULL,
  `updated_at` timestamp NULL DEFAULT NULL,
  PRIMARY KEY (`id`),
  KEY `form_collectives_form_id_foreign` (`form_id`),
  CONSTRAINT `form_collectives_form_id_foreign` FOREIGN KEY (`form_id`) REFERENCES `forms` (`id`) ON DELETE CASCADE
) ENGINE=InnoDB DEFAULT CHARSET=utf8mb4 COLLATE=utf8mb4_unicode_ci;



# Dump of table form_collectives_forms
# ------------------------------------------------------------

CREATE TABLE `form_collectives_forms` (
  `id` int unsigned NOT NULL AUTO_INCREMENT,
  `form_collective_id` int unsigned NOT NULL,
  `form_id` int unsigned NOT NULL,
  `order` tinyint NOT NULL,
  `active` tinyint(1) NOT NULL,
  `created_at` timestamp NULL DEFAULT NULL,
  `updated_at` timestamp NULL DEFAULT NULL,
  PRIMARY KEY (`id`),
  KEY `form_collectives_forms_form_collective_id_foreign` (`form_collective_id`),
  KEY `form_collectives_forms_form_id_foreign` (`form_id`),
  CONSTRAINT `form_collectives_forms_form_collective_id_foreign` FOREIGN KEY (`form_collective_id`) REFERENCES `form_collectives` (`id`) ON DELETE CASCADE,
  CONSTRAINT `form_collectives_forms_form_id_foreign` FOREIGN KEY (`form_id`) REFERENCES `forms` (`id`) ON DELETE CASCADE
) ENGINE=InnoDB DEFAULT CHARSET=utf8mb4 COLLATE=utf8mb4_unicode_ci;



# Dump of table form_field_children
# ------------------------------------------------------------

CREATE TABLE `form_field_children` (
  `id` int unsigned NOT NULL AUTO_INCREMENT,
  `form_id` int unsigned NOT NULL,
  `parent_form_id` int unsigned NOT NULL,
  `name` varchar(250) CHARACTER SET utf8mb4 COLLATE utf8mb4_unicode_ci NOT NULL,
  `value` varchar(250) CHARACTER SET utf8mb4 COLLATE utf8mb4_unicode_ci NOT NULL,
  `created_at` timestamp NULL DEFAULT NULL,
  `updated_at` timestamp NULL DEFAULT NULL,
  PRIMARY KEY (`id`),
  KEY `form_field_children_form_id_foreign` (`form_id`),
  CONSTRAINT `form_field_children_form_id_foreign` FOREIGN KEY (`form_id`) REFERENCES `forms` (`id`) ON DELETE CASCADE
) ENGINE=InnoDB DEFAULT CHARSET=utf8mb4 COLLATE=utf8mb4_unicode_ci;



# Dump of table forms
# ------------------------------------------------------------

CREATE TABLE `forms` (
  `id` int unsigned NOT NULL AUTO_INCREMENT,
  `title` varchar(255) CHARACTER SET utf8mb4 COLLATE utf8mb4_unicode_ci NOT NULL,
  `description` text CHARACTER SET utf8mb4 COLLATE utf8mb4_unicode_ci,
  `table_name` varchar(255) CHARACTER SET utf8mb4 COLLATE utf8mb4_unicode_ci NOT NULL,
  `slug` varchar(255) CHARACTER SET utf8mb4 COLLATE utf8mb4_unicode_ci NOT NULL,
  `form_type` varchar(255) CHARACTER SET utf8mb4 COLLATE utf8mb4_unicode_ci NOT NULL DEFAULT '0',
  `registration_form` tinyint(1) DEFAULT '0',
  `collective` tinyint(1) NOT NULL DEFAULT '0',
  `workflow` tinyint(1) NOT NULL DEFAULT '0',
  `rules` tinyint(1) DEFAULT NULL,
  `active` tinyint(1) NOT NULL DEFAULT '1',
  `system_form` tinyint(1) DEFAULT '0',
  `created_at` timestamp NULL DEFAULT NULL,
  `updated_at` timestamp NULL DEFAULT NULL,
  PRIMARY KEY (`id`),
  UNIQUE KEY `forms_title_unique` (`title`),
  UNIQUE KEY `forms_table_name_unique` (`table_name`),
  UNIQUE KEY `forms_slug_unique` (`slug`)
) ENGINE=InnoDB DEFAULT CHARSET=utf8mb4 COLLATE=utf8mb4_unicode_ci;


INSERT INTO `forms` (`id`, `title`, `description`, `table_name`, `slug`, `form_type`, `registration_form`, `collective`, `workflow`, `rules`, `active`, `system_form`, `created_at`, `updated_at`)
VALUES
	(1,'Benefits Form','<p>This form is only for adding benefits. Only accessed by permissions.</p>','benefits','benefits-form','0',0,0,0,NULL,1,1,'2021-11-29 10:41:53','2021-11-29 13:46:38'),
	(8,'Project','<p>Internal Projects</p>','projects','project','general',0,0,0,NULL,1,1,'2021-12-16 08:58:12','2021-12-16 08:58:12'),
	(9,'Project Timelines',NULL,'project_timelines','project-timeline','general',0,0,0,NULL,1,1,'2021-12-16 09:04:56','2021-12-16 09:04:56'),
	(10,'New Born Allowance Registration Form','<p>This form is used for the new born registration.</p>','new_born_registrations','new-born-registration','registration',0,0,0,NULL,1,0,'2021-12-20 12:15:34','2021-12-20 22:15:59'),
	(11,'Beneficiaries Details',NULL,'beneficiaries_details','beneficiaries-detail','general',0,0,0,NULL,1,1,'2021-12-21 15:13:12','2021-12-21 15:13:12'),
	(12,'Caregivers Application Form',NULL,'caregivers_application_forms','caregivers-application-form','registration',0,0,0,NULL,1,0,'2021-12-21 19:10:40','2021-12-21 19:10:40'),
	(13,'Office use only',NULL,'office_use_onlies','office-use-only','registration',0,0,0,NULL,1,0,'2021-12-22 09:55:55','2021-12-22 09:55:55'),
	(14,'Complaint',NULL,'complaints','complaint','general',0,0,0,NULL,1,1,'2021-12-23 21:02:29','2021-12-23 21:02:29'),
	(15,'Funeral Allowance',NULL,'funeral_allowances','funeral-allowance','registration',0,0,0,NULL,1,0,'2022-01-11 14:28:01','2022-01-12 10:47:33'),
	(16,'Government Funded Maternity Leave',NULL,'government_funded_maternity_leaves','government-funded-maternity-leave','registration',0,0,0,NULL,1,0,'2022-01-13 12:30:10','2022-01-13 12:30:10'),
	(18,'Child Benefit',NULL,'child_benefits','child-benefit','registration',0,0,0,NULL,1,0,'2022-01-20 18:12:09','2022-01-20 18:12:09'),
	(19,'Old Age Pension Form',NULL,'old_age_pensions','old-age-pension','registration',0,0,0,NULL,1,0,'2022-01-27 16:43:47','2022-01-27 16:43:47'),
	(21,'MATERNITY LEAVE (GFPML)',NULL,'m_a_t_e_r_n_i_t_y_l_e_a_v_e_s','maternity-leave','registration',0,0,0,NULL,1,0,'2022-02-21 10:14:00','2022-02-21 10:14:00');



# Dump of table funeral_allowances
# ------------------------------------------------------------

CREATE TABLE `funeral_allowances` (
  `id` int unsigned NOT NULL AUTO_INCREMENT,
  `benefit_types` varchar(255) CHARACTER SET utf8mb4 COLLATE utf8mb4_unicode_ci DEFAULT NULL,
  `f_i_r_s_t_n_a_m_e:` varchar(255) CHARACTER SET utf8mb4 COLLATE utf8mb4_unicode_ci DEFAULT NULL,
  `s_u_r_n_a_m_e:` varchar(255) CHARACTER SET utf8mb4 COLLATE utf8mb4_unicode_ci DEFAULT NULL,
  `date_of_births` date DEFAULT NULL,
  `date_deceaseds` date DEFAULT NULL,
  `g_e_n_d_e_rs` varchar(255) CHARACTER SET utf8mb4 COLLATE utf8mb4_unicode_ci DEFAULT NULL,
  `i_s_l_a_n_ds` text CHARACTER SET utf8mb4 COLLATE utf8mb4_unicode_ci,
  `v_i_l_l_a_g_es` varchar(255) CHARACTER SET utf8mb4 COLLATE utf8mb4_unicode_ci DEFAULT NULL,
  `created_at` timestamp NULL DEFAULT NULL,
  `updated_at` timestamp NULL DEFAULT NULL,
  `f_i_r_s_t_n_a_m_e` varchar(255) CHARACTER SET utf8mb4 COLLATE utf8mb4_unicode_ci DEFAULT NULL,
  `s_u_r_n_a_m_e` varchar(255) CHARACTER SET utf8mb4 COLLATE utf8mb4_unicode_ci DEFAULT NULL,
  `death_certificates` varchar(255) CHARACTER SET utf8mb4 COLLATE utf8mb4_unicode_ci DEFAULT NULL,
  `death_refs` varchar(255) CHARACTER SET utf8mb4 COLLATE utf8mb4_unicode_ci DEFAULT NULL,
  `a/_c_names` varchar(255) CHARACTER SET utf8mb4 COLLATE utf8mb4_unicode_ci DEFAULT NULL,
  `a/_c_nos` double(8,2) DEFAULT NULL,
  `f_i_r_s_t_n_a_m_es` varchar(255) CHARACTER SET utf8mb4 COLLATE utf8mb4_unicode_ci DEFAULT NULL,
  `s_u_r_n_a_m_es` varchar(255) CHARACTER SET utf8mb4 COLLATE utf8mb4_unicode_ci DEFAULT NULL,
  `a_c_names` varchar(255) CHARACTER SET utf8mb4 COLLATE utf8mb4_unicode_ci DEFAULT NULL,
  `bci_account_numbers` double DEFAULT NULL,
  `uploads` text CHARACTER SET utf8mb4 COLLATE utf8mb4_unicode_ci,
  `1_expensesand_invoice_numbers` varchar(255) CHARACTER SET utf8mb4 COLLATE utf8mb4_unicode_ci DEFAULT NULL,
  `1_costs` double DEFAULT NULL,
  `2expenses` varchar(255) CHARACTER SET utf8mb4 COLLATE utf8mb4_unicode_ci DEFAULT NULL,
  `2costs` double DEFAULT NULL,
  `3expenses` varchar(255) CHARACTER SET utf8mb4 COLLATE utf8mb4_unicode_ci DEFAULT NULL,
  `3costs` double DEFAULT NULL,
  `4expenses` varchar(255) CHARACTER SET utf8mb4 COLLATE utf8mb4_unicode_ci DEFAULT NULL,
  `4costs` double DEFAULT NULL,
  `5expenses` varchar(255) CHARACTER SET utf8mb4 COLLATE utf8mb4_unicode_ci DEFAULT NULL,
  `5costs` double DEFAULT NULL,
  `other_firstnames` varchar(255) CHARACTER SET utf8mb4 COLLATE utf8mb4_unicode_ci DEFAULT NULL,
  `other_s_u_r_n_a_m_es` varchar(255) CHARACTER SET utf8mb4 COLLATE utf8mb4_unicode_ci DEFAULT NULL,
  `beneficiaryrelationships` varchar(255) CHARACTER SET utf8mb4 COLLATE utf8mb4_unicode_ci DEFAULT NULL,
  `contactnumbers` varchar(255) CHARACTER SET utf8mb4 COLLATE utf8mb4_unicode_ci DEFAULT NULL,
  `signature_names` varchar(255) CHARACTER SET utf8mb4 COLLATE utf8mb4_unicode_ci DEFAULT NULL,
  `signature_dates` date DEFAULT NULL,
  `names` varchar(255) CHARACTER SET utf8mb4 COLLATE utf8mb4_unicode_ci DEFAULT NULL,
  `signatures` varchar(255) CHARACTER SET utf8mb4 COLLATE utf8mb4_unicode_ci DEFAULT NULL,
  `office_dates` date DEFAULT NULL,
  `additional_informations` text CHARACTER SET utf8mb4 COLLATE utf8mb4_unicode_ci,
  `recommendations` text CHARACTER SET utf8mb4 COLLATE utf8mb4_unicode_ci,
  `application_receiveds` varchar(255) CHARACTER SET utf8mb4 COLLATE utf8mb4_unicode_ci DEFAULT NULL,
  `application_received_dates` date DEFAULT NULL,
  `supporting_documents_dates` date DEFAULT NULL,
  `supplementary_documents_dates` date DEFAULT NULL,
  `referred_to_main_office_dates` date DEFAULT NULL,
  `o_island_application_nos` double DEFAULT NULL,
  `head_office_application_nos` double DEFAULT NULL,
  `app__received__names` varchar(255) CHARACTER SET utf8mb4 COLLATE utf8mb4_unicode_ci DEFAULT NULL,
  `pay__period__dates` date DEFAULT NULL,
  `pay__amounts` double DEFAULT NULL,
  `other__payment__dates` date DEFAULT NULL,
  `other__payment__amounts` double DEFAULT NULL,
  `addition__voucher__nos` double DEFAULT NULL,
  `main__vchr__froms` date DEFAULT NULL,
  `first_names` varchar(255) CHARACTER SET utf8mb4 COLLATE utf8mb4_unicode_ci DEFAULT NULL,
  `surnames` varchar(255) CHARACTER SET utf8mb4 COLLATE utf8mb4_unicode_ci DEFAULT NULL,
  PRIMARY KEY (`id`)
) ENGINE=MyISAM DEFAULT CHARSET=utf8mb4 COLLATE=utf8mb4_unicode_ci;



# Dump of table government_funded_maternity_leaves
# ------------------------------------------------------------

CREATE TABLE `government_funded_maternity_leaves` (
  `id` int unsigned NOT NULL AUTO_INCREMENT,
  `islands` text CHARACTER SET utf8mb4 COLLATE utf8mb4_unicode_ci,
  `villages` varchar(255) CHARACTER SET utf8mb4 COLLATE utf8mb4_unicode_ci DEFAULT NULL,
  `phones` varchar(20) CHARACTER SET utf8mb4 COLLATE utf8mb4_unicode_ci DEFAULT NULL,
  `mobiles` varchar(20) CHARACTER SET utf8mb4 COLLATE utf8mb4_unicode_ci DEFAULT NULL,
  `faxes` varchar(255) CHARACTER SET utf8mb4 COLLATE utf8mb4_unicode_ci DEFAULT NULL,
  `emails` varchar(255) CHARACTER SET utf8mb4 COLLATE utf8mb4_unicode_ci DEFAULT NULL,
  `postal__addresses` text CHARACTER SET utf8mb4 COLLATE utf8mb4_unicode_ci,
  `emp__statuses` text CHARACTER SET utf8mb4 COLLATE utf8mb4_unicode_ci,
  `employment_sectors` text CHARACTER SET utf8mb4 COLLATE utf8mb4_unicode_ci,
  `emps` text CHARACTER SET utf8mb4 COLLATE utf8mb4_unicode_ci,
  `industries` varchar(255) CHARACTER SET utf8mb4 COLLATE utf8mb4_unicode_ci DEFAULT NULL,
  `employers` varchar(255) CHARACTER SET utf8mb4 COLLATE utf8mb4_unicode_ci DEFAULT NULL,
  `positions` varchar(255) CHARACTER SET utf8mb4 COLLATE utf8mb4_unicode_ci DEFAULT NULL,
  `c__dates` varchar(255) CHARACTER SET utf8mb4 COLLATE utf8mb4_unicode_ci DEFAULT NULL,
  `other__employers` text CHARACTER SET utf8mb4 COLLATE utf8mb4_unicode_ci,
  `emp__residencies` varchar(255) CHARACTER SET utf8mb4 COLLATE utf8mb4_unicode_ci DEFAULT NULL,
  `rmd__nos` varchar(255) CHARACTER SET utf8mb4 COLLATE utf8mb4_unicode_ci DEFAULT NULL,
  `cinsf__nos` double DEFAULT NULL,
  `expected__delivery__dates` date DEFAULT NULL,
  `edd__files` varchar(255) CHARACTER SET utf8mb4 COLLATE utf8mb4_unicode_ci DEFAULT NULL,
  `created_at` timestamp NULL DEFAULT NULL,
  `updated_at` timestamp NULL DEFAULT NULL,
  `declaration__full_names` varchar(255) CHARACTER SET utf8mb4 COLLATE utf8mb4_unicode_ci DEFAULT NULL,
  `declaration__signatures` varchar(255) CHARACTER SET utf8mb4 COLLATE utf8mb4_unicode_ci DEFAULT NULL,
  `declaration_dates` date DEFAULT NULL,
  `rmd__names` varchar(255) CHARACTER SET utf8mb4 COLLATE utf8mb4_unicode_ci DEFAULT NULL,
  `rmd__signeds` varchar(255) CHARACTER SET utf8mb4 COLLATE utf8mb4_unicode_ci DEFAULT NULL,
  `rmd__dates` date DEFAULT NULL,
  `company__names` varchar(255) CHARACTER SET utf8mb4 COLLATE utf8mb4_unicode_ci DEFAULT NULL,
  `director__names` varchar(255) CHARACTER SET utf8mb4 COLLATE utf8mb4_unicode_ci DEFAULT NULL,
  `business__rmds` double DEFAULT NULL,
  `employees__rmds` double DEFAULT NULL,
  `contact__people` varchar(255) CHARACTER SET utf8mb4 COLLATE utf8mb4_unicode_ci DEFAULT NULL,
  `emp__islands` text CHARACTER SET utf8mb4 COLLATE utf8mb4_unicode_ci,
  `emp__locations` varchar(255) CHARACTER SET utf8mb4 COLLATE utf8mb4_unicode_ci DEFAULT NULL,
  `emp__phones` varchar(20) CHARACTER SET utf8mb4 COLLATE utf8mb4_unicode_ci DEFAULT NULL,
  `emp__mobiles` varchar(20) CHARACTER SET utf8mb4 COLLATE utf8mb4_unicode_ci DEFAULT NULL,
  `emp__faxes` varchar(255) CHARACTER SET utf8mb4 COLLATE utf8mb4_unicode_ci DEFAULT NULL,
  `emp__emails` varchar(255) CHARACTER SET utf8mb4 COLLATE utf8mb4_unicode_ci DEFAULT NULL,
  `emp__postal__addresses` text CHARACTER SET utf8mb4 COLLATE utf8mb4_unicode_ci,
  `account__names` varchar(255) CHARACTER SET utf8mb4 COLLATE utf8mb4_unicode_ci DEFAULT NULL,
  `bci_account_numbers` double DEFAULT NULL,
  `commencement__dates` date DEFAULT NULL,
  `last__days` date DEFAULT NULL,
  `emp__contributions` varchar(255) CHARACTER SET utf8mb4 COLLATE utf8mb4_unicode_ci DEFAULT NULL,
  `confirm__names` varchar(255) CHARACTER SET utf8mb4 COLLATE utf8mb4_unicode_ci DEFAULT NULL,
  `years` double DEFAULT NULL,
  `months` double DEFAULT NULL,
  `signeds` text CHARACTER SET utf8mb4 COLLATE utf8mb4_unicode_ci,
  `date__confirms` date DEFAULT NULL,
  `outer__island__dates` date DEFAULT NULL,
  `outer__date__received__bies` varchar(255) CHARACTER SET utf8mb4 COLLATE utf8mb4_unicode_ci DEFAULT NULL,
  `office__outers` varchar(255) CHARACTER SET utf8mb4 COLLATE utf8mb4_unicode_ci DEFAULT NULL,
  `raro__date__receiveds` date DEFAULT NULL,
  `raro__receiveds` varchar(255) CHARACTER SET utf8mb4 COLLATE utf8mb4_unicode_ci DEFAULT NULL,
  `raro__outers` varchar(255) CHARACTER SET utf8mb4 COLLATE utf8mb4_unicode_ci DEFAULT NULL,
  `rsds` text CHARACTER SET utf8mb4 COLLATE utf8mb4_unicode_ci,
  `mfems` varchar(255) CHARACTER SET utf8mb4 COLLATE utf8mb4_unicode_ci DEFAULT NULL,
  `vchr__nos` double DEFAULT NULL,
  `recommendations` varchar(255) CHARACTER SET utf8mb4 COLLATE utf8mb4_unicode_ci DEFAULT NULL,
  `rec__officers` varchar(255) CHARACTER SET utf8mb4 COLLATE utf8mb4_unicode_ci DEFAULT NULL,
  `office__signeds` varchar(255) CHARACTER SET utf8mb4 COLLATE utf8mb4_unicode_ci DEFAULT NULL,
  `secretary__statuses` varchar(255) CHARACTER SET utf8mb4 COLLATE utf8mb4_unicode_ci DEFAULT NULL,
  `secretary__signeds` varchar(255) CHARACTER SET utf8mb4 COLLATE utf8mb4_unicode_ci DEFAULT NULL,
  `secretary__dates` date DEFAULT NULL,
  `edd_files` text CHARACTER SET utf8mb4 COLLATE utf8mb4_unicode_ci,
  `commencement_dates` date DEFAULT NULL,
  `last_days` date DEFAULT NULL,
  `date_confirms` date DEFAULT NULL,
  `heading_residencies` text CHARACTER SET utf8mb4 COLLATE utf8mb4_unicode_ci,
  `declaration_full_names` varchar(255) CHARACTER SET utf8mb4 COLLATE utf8mb4_unicode_ci DEFAULT NULL,
  `pregnancy_statuses` text CHARACTER SET utf8mb4 COLLATE utf8mb4_unicode_ci,
  `edds` date DEFAULT NULL,
  `taxpayers` text CHARACTER SET utf8mb4 COLLATE utf8mb4_unicode_ci,
  `rmd_numbers` varchar(255) CHARACTER SET utf8mb4 COLLATE utf8mb4_unicode_ci DEFAULT NULL,
  `employer_endorsement_documents` text CHARACTER SET utf8mb4 COLLATE utf8mb4_unicode_ci,
  `employer_endorsement_dates` date DEFAULT NULL,
  `employer_contributions` text CHARACTER SET utf8mb4 COLLATE utf8mb4_unicode_ci,
  PRIMARY KEY (`id`)
) ENGINE=MyISAM DEFAULT CHARSET=utf8mb4 COLLATE=utf8mb4_unicode_ci;


INSERT INTO `government_funded_maternity_leaves` (`id`, `islands`, `villages`, `phones`, `mobiles`, `faxes`, `emails`, `postal__addresses`, `emp__statuses`, `employment_sectors`, `emps`, `industries`, `employers`, `positions`, `c__dates`, `other__employers`, `emp__residencies`, `rmd__nos`, `cinsf__nos`, `expected__delivery__dates`, `edd__files`, `created_at`, `updated_at`, `declaration__full_names`, `declaration__signatures`, `declaration_dates`, `rmd__names`, `rmd__signeds`, `rmd__dates`, `company__names`, `director__names`, `business__rmds`, `employees__rmds`, `contact__people`, `emp__islands`, `emp__locations`, `emp__phones`, `emp__mobiles`, `emp__faxes`, `emp__emails`, `emp__postal__addresses`, `account__names`, `bci_account_numbers`, `commencement__dates`, `last__days`, `emp__contributions`, `confirm__names`, `years`, `months`, `signeds`, `date__confirms`, `outer__island__dates`, `outer__date__received__bies`, `office__outers`, `raro__date__receiveds`, `raro__receiveds`, `raro__outers`, `rsds`, `mfems`, `vchr__nos`, `recommendations`, `rec__officers`, `office__signeds`, `secretary__statuses`, `secretary__signeds`, `secretary__dates`, `edd_files`, `commencement_dates`, `last_days`, `date_confirms`, `heading_residencies`, `declaration_full_names`, `pregnancy_statuses`, `edds`, `taxpayers`, `rmd_numbers`, `employer_endorsement_documents`, `employer_endorsement_dates`, `employer_contributions`)
VALUES
	(8,NULL,NULL,NULL,NULL,NULL,NULL,NULL,NULL,NULL,NULL,NULL,NULL,NULL,NULL,NULL,NULL,NULL,NULL,NULL,NULL,'2022-02-22 09:27:31','2022-02-22 09:27:31',NULL,NULL,NULL,NULL,NULL,NULL,NULL,NULL,NULL,NULL,NULL,NULL,NULL,NULL,NULL,NULL,NULL,NULL,NULL,NULL,NULL,NULL,NULL,NULL,NULL,NULL,'Yes',NULL,NULL,NULL,NULL,NULL,NULL,NULL,NULL,NULL,NULL,NULL,NULL,NULL,NULL,NULL,NULL,'default_1645525651.jpeg','2022-02-22','2022-02-22','2022-02-22','Yes','Frank Castle','Pregnant','2022-02-22','Yes','PO00909','default_1645525651.jpeg','2022-02-22','Extended Paid Leave'),
	(7,NULL,NULL,NULL,NULL,NULL,NULL,NULL,NULL,NULL,NULL,NULL,NULL,NULL,NULL,NULL,NULL,NULL,NULL,NULL,NULL,'2022-02-22 09:27:14','2022-02-22 09:27:14',NULL,NULL,NULL,NULL,NULL,NULL,NULL,NULL,NULL,NULL,NULL,NULL,NULL,NULL,NULL,NULL,NULL,NULL,NULL,NULL,NULL,NULL,NULL,NULL,NULL,NULL,'Yes',NULL,NULL,NULL,NULL,NULL,NULL,NULL,NULL,NULL,NULL,NULL,NULL,NULL,NULL,NULL,NULL,'default_1645525634.jpeg','2022-02-22','2022-02-22','2022-02-22','Yes','Frank Castle','Pregnant','2022-02-22','Yes','PO00909','default_1645525634.jpeg','2022-02-22','Extended Paid Leave'),
	(6,NULL,NULL,NULL,NULL,NULL,NULL,NULL,NULL,NULL,NULL,NULL,NULL,NULL,NULL,NULL,NULL,NULL,NULL,NULL,NULL,'2022-02-22 09:26:19','2022-02-22 09:26:19',NULL,NULL,NULL,NULL,NULL,NULL,NULL,NULL,NULL,NULL,NULL,NULL,NULL,NULL,NULL,NULL,NULL,NULL,NULL,NULL,NULL,NULL,NULL,NULL,NULL,NULL,'Yes',NULL,NULL,NULL,NULL,NULL,NULL,NULL,NULL,NULL,NULL,NULL,NULL,NULL,NULL,NULL,NULL,'default_1645525579.jpeg','2022-02-22','2022-02-22','2022-02-22','Yes','Frank Castle','Pregnant','2022-02-22','Yes','PO00909','default_1645525579.jpeg','2022-02-22','Extended Paid Leave'),
	(5,NULL,NULL,NULL,NULL,NULL,NULL,NULL,NULL,NULL,NULL,NULL,NULL,NULL,NULL,NULL,NULL,NULL,NULL,NULL,NULL,'2022-02-22 09:26:02','2022-02-22 09:26:02',NULL,NULL,NULL,NULL,NULL,NULL,NULL,NULL,NULL,NULL,NULL,NULL,NULL,NULL,NULL,NULL,NULL,NULL,NULL,NULL,NULL,NULL,NULL,NULL,NULL,NULL,'Yes',NULL,NULL,NULL,NULL,NULL,NULL,NULL,NULL,NULL,NULL,NULL,NULL,NULL,NULL,NULL,NULL,'default_1645525562.jpeg','2022-02-22','2022-02-22','2022-02-22','Yes','Frank Castle','Pregnant','2022-02-22','Yes','PO00909','default_1645525562.jpeg','2022-02-22','Extended Paid Leave'),
	(9,NULL,NULL,NULL,NULL,NULL,NULL,NULL,NULL,NULL,NULL,NULL,NULL,NULL,NULL,NULL,NULL,NULL,NULL,NULL,NULL,'2022-02-22 09:29:54','2022-02-22 09:29:54',NULL,NULL,NULL,NULL,NULL,NULL,NULL,NULL,NULL,NULL,NULL,NULL,NULL,NULL,NULL,NULL,NULL,NULL,NULL,NULL,NULL,NULL,NULL,NULL,NULL,NULL,'Yes',NULL,NULL,NULL,NULL,NULL,NULL,NULL,NULL,NULL,NULL,NULL,NULL,NULL,NULL,NULL,NULL,'default_1645525794.jpeg','2022-02-22','2022-02-22','2022-02-22','Yes','Frank Castle','Pregnant','2022-02-22','Yes','PO00909','default_1645525794.jpeg','2022-02-22','Extended Paid Leave'),
	(10,NULL,NULL,NULL,NULL,NULL,NULL,NULL,NULL,NULL,NULL,NULL,NULL,NULL,NULL,NULL,NULL,NULL,NULL,NULL,NULL,'2022-02-22 09:30:30','2022-02-22 09:30:30',NULL,NULL,NULL,NULL,NULL,NULL,NULL,NULL,NULL,NULL,NULL,NULL,NULL,NULL,NULL,NULL,NULL,NULL,NULL,NULL,NULL,NULL,NULL,NULL,NULL,NULL,'Yes',NULL,NULL,NULL,NULL,NULL,NULL,NULL,NULL,NULL,NULL,NULL,NULL,NULL,NULL,NULL,NULL,'default_1645525830.jpeg','2022-02-22','2022-02-22','2022-02-22','Yes','Frank Castle','Pregnant','2022-02-22','Yes','PO00909','default_1645525830.jpeg','2022-02-22','Extended Paid Leave'),
	(11,NULL,NULL,NULL,NULL,NULL,NULL,NULL,NULL,NULL,NULL,NULL,NULL,NULL,NULL,NULL,NULL,NULL,NULL,NULL,NULL,'2022-02-22 09:31:26','2022-02-22 09:31:26',NULL,NULL,NULL,NULL,NULL,NULL,NULL,NULL,NULL,NULL,NULL,NULL,NULL,NULL,NULL,NULL,NULL,NULL,NULL,NULL,NULL,NULL,NULL,NULL,NULL,NULL,'Yes',NULL,NULL,NULL,NULL,NULL,NULL,NULL,NULL,NULL,NULL,NULL,NULL,NULL,NULL,NULL,NULL,'default_1645525886.jpeg','2022-02-22','2022-02-22','2022-02-22','Yes','Frank Castle','Pregnant','2022-02-22','Yes','PO00909','default_1645525886.jpeg','2022-02-22','Extended Paid Leave'),
	(12,NULL,NULL,NULL,NULL,NULL,NULL,NULL,NULL,NULL,NULL,NULL,NULL,NULL,NULL,NULL,NULL,NULL,NULL,NULL,NULL,'2022-02-22 09:31:47','2022-02-22 09:31:47',NULL,NULL,NULL,NULL,NULL,NULL,NULL,NULL,NULL,NULL,NULL,NULL,NULL,NULL,NULL,NULL,NULL,NULL,NULL,NULL,NULL,NULL,NULL,NULL,NULL,NULL,'Yes',NULL,NULL,NULL,NULL,NULL,NULL,NULL,NULL,NULL,NULL,NULL,NULL,NULL,NULL,NULL,NULL,'default_1645525907.jpeg','2022-02-22','2022-02-22','2022-02-22','Yes','Frank Castle','Pregnant','2022-02-22','Yes','PO00909','default_1645525907.jpeg','2022-02-22','Extended Paid Leave'),
	(13,NULL,NULL,NULL,NULL,NULL,NULL,NULL,NULL,NULL,NULL,NULL,NULL,NULL,NULL,NULL,NULL,NULL,NULL,NULL,NULL,'2022-02-22 09:32:10','2022-02-22 09:32:10',NULL,NULL,NULL,NULL,NULL,NULL,NULL,NULL,NULL,NULL,NULL,NULL,NULL,NULL,NULL,NULL,NULL,NULL,NULL,NULL,NULL,NULL,NULL,NULL,NULL,NULL,'Yes',NULL,NULL,NULL,NULL,NULL,NULL,NULL,NULL,NULL,NULL,NULL,NULL,NULL,NULL,NULL,NULL,'default_1645525930.jpeg','2022-02-22','2022-02-22','2022-02-22','Yes','Frank Castle','Pregnant','2022-02-22','Yes','PO00909','default_1645525930.jpeg','2022-02-22','Extended Paid Leave'),
	(14,NULL,NULL,NULL,NULL,NULL,NULL,NULL,NULL,NULL,NULL,NULL,NULL,NULL,NULL,NULL,NULL,NULL,NULL,NULL,NULL,'2022-02-22 09:34:20','2022-02-22 09:34:20',NULL,NULL,NULL,NULL,NULL,NULL,NULL,NULL,NULL,NULL,NULL,NULL,NULL,NULL,NULL,NULL,NULL,NULL,NULL,NULL,NULL,NULL,NULL,NULL,NULL,NULL,'Yes',NULL,NULL,NULL,NULL,NULL,NULL,NULL,NULL,NULL,NULL,NULL,NULL,NULL,NULL,NULL,NULL,'default_1645526060.jpeg','2022-02-22','2022-02-22','2022-02-22','Yes','Frank Castle','Pregnant','2022-02-22','Yes','PO00909','default_1645526060.jpeg','2022-02-22','Extended Paid Leave'),
	(15,NULL,NULL,NULL,NULL,NULL,NULL,NULL,NULL,NULL,NULL,NULL,NULL,NULL,NULL,NULL,NULL,NULL,NULL,NULL,NULL,'2022-02-22 09:35:27','2022-02-22 09:35:27',NULL,NULL,NULL,NULL,NULL,NULL,NULL,NULL,NULL,NULL,NULL,NULL,NULL,NULL,NULL,NULL,NULL,NULL,NULL,NULL,NULL,NULL,NULL,NULL,NULL,NULL,'Yes',NULL,NULL,NULL,NULL,NULL,NULL,NULL,NULL,NULL,NULL,NULL,NULL,NULL,NULL,NULL,NULL,'default_1645526127.jpeg','2022-02-22','2022-02-22','2022-02-22','Yes','Frank Castle','Pregnant','2022-02-22','Yes','PO00909','default_1645526127.jpeg','2022-02-22','Extended Paid Leave'),
	(16,NULL,NULL,NULL,NULL,NULL,NULL,NULL,NULL,NULL,NULL,NULL,NULL,NULL,NULL,NULL,NULL,NULL,NULL,NULL,NULL,'2022-02-22 09:36:33','2022-02-22 09:36:33',NULL,NULL,NULL,NULL,NULL,NULL,NULL,NULL,NULL,NULL,NULL,NULL,NULL,NULL,NULL,NULL,NULL,NULL,NULL,NULL,NULL,NULL,NULL,NULL,NULL,NULL,'Yes',NULL,NULL,NULL,NULL,NULL,NULL,NULL,NULL,NULL,NULL,NULL,NULL,NULL,NULL,NULL,NULL,'default_1645526193.jpeg','2022-02-22','2022-02-22','2022-02-22','Yes','Frank Castle','Pregnant','2022-02-22','Yes','PO00909','default_1645526193.jpeg','2022-02-22','Extended Paid Leave'),
	(17,NULL,NULL,NULL,NULL,NULL,NULL,NULL,NULL,NULL,NULL,NULL,NULL,NULL,NULL,NULL,NULL,NULL,NULL,NULL,NULL,'2022-02-22 09:37:15','2022-02-22 09:37:15',NULL,NULL,NULL,NULL,NULL,NULL,NULL,NULL,NULL,NULL,NULL,NULL,NULL,NULL,NULL,NULL,NULL,NULL,NULL,NULL,NULL,NULL,NULL,NULL,NULL,NULL,'Yes',NULL,NULL,NULL,NULL,NULL,NULL,NULL,NULL,NULL,NULL,NULL,NULL,NULL,NULL,NULL,NULL,'default_1645526235.jpeg','2022-02-22','2022-02-22','2022-02-22','Yes','Frank Castle','Pregnant','2022-02-22','Yes','PO00909','default_1645526235.jpeg','2022-02-22','Extended Paid Leave'),
	(18,NULL,NULL,NULL,NULL,NULL,NULL,NULL,NULL,NULL,NULL,NULL,NULL,NULL,NULL,NULL,NULL,NULL,NULL,NULL,NULL,'2022-02-22 09:37:52','2022-02-22 09:37:52',NULL,NULL,NULL,NULL,NULL,NULL,NULL,NULL,NULL,NULL,NULL,NULL,NULL,NULL,NULL,NULL,NULL,NULL,NULL,NULL,NULL,NULL,NULL,NULL,NULL,NULL,'Yes',NULL,NULL,NULL,NULL,NULL,NULL,NULL,NULL,NULL,NULL,NULL,NULL,NULL,NULL,NULL,NULL,'default_1645526272.jpeg','2022-02-22','2022-02-22','2022-02-22','Yes','Frank Castle','Pregnant','2022-02-22','Yes','PO00909','default_1645526272.jpeg','2022-02-22','Extended Paid Leave'),
	(19,NULL,NULL,NULL,NULL,NULL,NULL,NULL,NULL,NULL,NULL,NULL,NULL,NULL,NULL,NULL,NULL,NULL,NULL,NULL,NULL,'2022-02-22 09:38:47','2022-02-22 09:38:47',NULL,NULL,NULL,NULL,NULL,NULL,NULL,NULL,NULL,NULL,NULL,NULL,NULL,NULL,NULL,NULL,NULL,NULL,NULL,NULL,NULL,NULL,NULL,NULL,NULL,NULL,'Yes',NULL,NULL,NULL,NULL,NULL,NULL,NULL,NULL,NULL,NULL,NULL,NULL,NULL,NULL,NULL,NULL,'default_1645526327.jpeg','2022-02-22','2022-02-22','2022-02-22','Yes','Frank Castle','Pregnant','2022-02-22','Yes','PO00909','default_1645526327.jpeg','2022-02-22','Extended Paid Leave'),
	(20,NULL,NULL,NULL,NULL,NULL,NULL,NULL,NULL,NULL,NULL,NULL,NULL,NULL,NULL,NULL,NULL,NULL,NULL,NULL,NULL,'2022-03-09 15:28:13','2022-03-09 15:28:13',NULL,NULL,NULL,NULL,NULL,NULL,NULL,NULL,NULL,NULL,NULL,NULL,NULL,NULL,NULL,NULL,NULL,NULL,NULL,NULL,NULL,NULL,NULL,NULL,NULL,NULL,'Yes',NULL,NULL,NULL,NULL,NULL,NULL,NULL,NULL,NULL,NULL,NULL,NULL,NULL,NULL,NULL,NULL,'8p7mwcdsf_(1)_1646843293.png','2022-03-01','2022-04-09','2022-03-09','Yes','Frank Castle','Pregnant','2022-03-01','Yes','PO00909','8p7mwcdsf_(1)_1646843293.png','2022-03-08','Top-Up Payment');



# Dump of table health_details
# ------------------------------------------------------------

CREATE TABLE `health_details` (
  `id` bigint unsigned NOT NULL AUTO_INCREMENT,
  `regID` varchar(255) CHARACTER SET utf8mb4 COLLATE utf8mb4_unicode_ci NOT NULL,
  `health_type` varchar(255) CHARACTER SET utf8mb4 COLLATE utf8mb4_unicode_ci DEFAULT NULL,
  `date_started` varchar(255) CHARACTER SET utf8mb4 COLLATE utf8mb4_unicode_ci DEFAULT NULL,
  `confirmed_by` varchar(255) CHARACTER SET utf8mb4 COLLATE utf8mb4_unicode_ci DEFAULT NULL,
  `supporting_document` text CHARACTER SET utf8mb4 COLLATE utf8mb4_unicode_ci,
  `status` char(50) CHARACTER SET utf8mb4 COLLATE utf8mb4_unicode_ci DEFAULT 'New',
  `removed` tinyint(1) DEFAULT '0',
  `addedBy` bigint DEFAULT NULL,
  `created_at` timestamp NULL DEFAULT NULL,
  `updated_at` timestamp NULL DEFAULT NULL,
  `deleted_at` timestamp NULL DEFAULT NULL,
  PRIMARY KEY (`id`)
) ENGINE=InnoDB DEFAULT CHARSET=utf8mb4 COLLATE=utf8mb4_unicode_ci;


INSERT INTO `health_details` (`id`, `regID`, `health_type`, `date_started`, `confirmed_by`, `supporting_document`, `status`, `removed`, `addedBy`, `created_at`, `updated_at`, `deleted_at`)
VALUES
	(1,'AITU-19930214-1-001','Visual','2022-06-15','General Hospital','public/applicants/14/health//profile.png','New',0,1,'2022-10-04 08:38:23','2022-10-04 08:38:23',NULL),
	(2,'MANG-19930616-1-007','Mobility','2022-08-08','General Hospital','public/applicants/14/health/Biometric.png','Verified',0,1,'2022-11-22 13:12:23','2022-11-22 13:12:23',NULL);



# Dump of table households
# ------------------------------------------------------------

CREATE TABLE `households` (
  `id` bigint unsigned NOT NULL AUTO_INCREMENT,
  `reference_id` varchar(255) CHARACTER SET utf8mb4 COLLATE utf8mb4_unicode_ci NOT NULL,
  `type` bigint NOT NULL,
  `head` char(50) CHARACTER SET utf8mb4 COLLATE utf8mb4_unicode_ci DEFAULT NULL,
  `area` bigint NOT NULL,
  `tenure` bigint NOT NULL,
  `income_status` bigint DEFAULT NULL,
  `headship` bigint DEFAULT NULL,
  `household_count` int DEFAULT '0',
  `location` bigint NOT NULL,
  `status` tinyint(1) DEFAULT '1',
  `created_by` bigint DEFAULT NULL,
  `updated_by` bigint DEFAULT NULL,
  `created_at` timestamp NULL DEFAULT NULL,
  `updated_at` timestamp NULL DEFAULT NULL,
  `deleted_at` timestamp NULL DEFAULT NULL,
  PRIMARY KEY (`id`),
  UNIQUE KEY `reference_unique` (`reference_id`)
) ENGINE=InnoDB DEFAULT CHARSET=utf8mb4 COLLATE=utf8mb4_unicode_ci;


INSERT INTO `households` (`id`, `reference_id`, `type`, `head`, `area`, `tenure`, `income_status`, `headship`, `household_count`, `location`, `status`, `created_by`, `updated_by`, `created_at`, `updated_at`, `deleted_at`)
VALUES
	(1,'AA000001',118,'MANG-19930616-1-007',127,128,NULL,NULL,0,27,0,1,1,'2023-03-28 01:24:40','2023-03-28 13:51:14',NULL),
	(2,'AA000002',120,NULL,126,129,NULL,NULL,5,19,1,1,1,'2023-03-28 14:30:18','2023-04-12 19:47:16',NULL),
	(3,'AA000003',121,NULL,126,129,NULL,NULL,2,17,1,1,1,'2023-03-28 14:55:27','2023-04-12 13:11:37',NULL),
	(4,'AA000004',123,NULL,127,130,NULL,NULL,3,23,1,1,1,'2023-03-28 15:04:29','2023-04-12 13:09:25',NULL),
	(5,'AA000005',124,NULL,127,130,NULL,NULL,4,114,1,1,1,'2023-03-28 15:05:56','2023-04-12 12:56:30',NULL);



# Dump of table identification_details
# ------------------------------------------------------------

CREATE TABLE `identification_details` (
  `id` bigint unsigned NOT NULL AUTO_INCREMENT,
  `applicant_number` varchar(255) CHARACTER SET utf8mb4 COLLATE utf8mb4_unicode_ci NOT NULL,
  `id_type` varchar(255) CHARACTER SET utf8mb4 COLLATE utf8mb4_unicode_ci NOT NULL,
  `id_number` varchar(255) CHARACTER SET utf8mb4 COLLATE utf8mb4_unicode_ci NOT NULL,
  `expiry` date DEFAULT NULL,
  `document` text CHARACTER SET utf8mb4 COLLATE utf8mb4_unicode_ci,
  `status` varchar(255) CHARACTER SET utf8mb4 COLLATE utf8mb4_unicode_ci DEFAULT 'New',
  `removed` tinyint(1) DEFAULT '0',
  `addedBy` int unsigned NOT NULL,
  `created_at` timestamp NULL DEFAULT NULL,
  `updated_at` timestamp NULL DEFAULT NULL,
  `deleted_at` timestamp NULL DEFAULT NULL,
  PRIMARY KEY (`id`)
) ENGINE=InnoDB DEFAULT CHARSET=utf8mb4 COLLATE=utf8mb4_unicode_ci;


INSERT INTO `identification_details` (`id`, `applicant_number`, `id_type`, `id_number`, `expiry`, `document`, `status`, `removed`, `addedBy`, `created_at`, `updated_at`, `deleted_at`)
VALUES
	(1,'ATIU-19900130-1-001','Passport','G2344888','1990-01-30',NULL,'New',0,1,'2022-02-16 21:05:06','2022-02-16 21:05:06',NULL),
	(2,'ATIU-19900130-1-001','Passport','G2344888','1990-01-30','public/identifications/ATIU-19900130-1-001/dwtb.jpg','New',1,1,'2022-02-16 23:03:09','2022-02-21 11:03:25',NULL),
	(3,'MANG-19930616-1-002','Passport','GR334532','2024-07-11',NULL,'New',0,1,'2022-02-17 14:43:59','2022-02-17 14:43:59',NULL),
	(4,'MANG-19930616-1-002','Birth Certificate','3444422110','1970-01-01',NULL,'New',0,1,'2022-02-17 14:43:59','2022-02-17 14:43:59',NULL),
	(15,'MANG-19930616-1-007','Passport','GR334532','2025-07-17','public/applicants/14/identifications/Ecobank_Logo_EN.png','Verified',1,1,'2022-02-17 16:04:08','2022-02-18 13:19:46',NULL),
	(16,'MITI-19900507-1-003','National Id','3444422110','1970-01-01','public/applicants/MITI-19900507-1-003/identifications//WBS_-_Friends_and_Family_Party_-_Blank.docx','New',0,1,'2022-02-17 16:04:08','2022-02-17 16:04:08',NULL),
	(17,'ALB-20100325-2-001','Tax Identification (Rmd)','GR334532','2022-12-16',NULL,'New',0,1,'2022-02-21 12:52:45','2022-02-21 15:11:19',NULL),
	(22,'AITU-19930214-1-001','Birth Certificate','G2344888','2023-03-02','public/applicants/14/identifications/passport.jpeg','On Hold',0,1,'2022-11-21 12:46:15','2022-11-21 13:47:18',NULL),
	(23,'AITU-19930214-1-001','National Id','G23448899','2023-02-23','public/applicants/14/identifications/national-card.jpg','New',0,1,'2022-11-21 14:15:09','2022-11-21 14:33:26',NULL),
	(24,'AITU-19930214-1-001','Marriage Certificate','45454665','2071-07-16','public/applicants/14/identifications/Ecobank_Logo_EN.png','Verified',0,1,'2022-11-21 14:40:38','2022-11-21 14:41:38',NULL),
	(25,'MANG-19900601-2-001','Passport','45454665','2023-07-14','public/applicants/17/identifications/passport.jpeg','Verified',0,2,'2022-12-01 14:20:08','2022-12-01 14:20:08',NULL),
	(26,'MANG-19930616-1-007','Passport','45454665','2022-12-30',NULL,'New',0,1,'2022-12-21 16:37:27','2022-12-21 16:37:27',NULL);



# Dump of table input_keys
# ------------------------------------------------------------

CREATE TABLE `input_keys` (
  `id` bigint unsigned NOT NULL AUTO_INCREMENT,
  `key` varchar(255) CHARACTER SET utf8mb4 COLLATE utf8mb4_unicode_ci NOT NULL,
  `display` varchar(255) CHARACTER SET utf8mb4 COLLATE utf8mb4_unicode_ci NOT NULL,
  `value` varchar(255) CHARACTER SET utf8mb4 COLLATE utf8mb4_unicode_ci NOT NULL,
  `created_at` timestamp NULL DEFAULT NULL,
  `updated_at` timestamp NULL DEFAULT NULL,
  PRIMARY KEY (`id`)
) ENGINE=InnoDB DEFAULT CHARSET=utf8mb4 COLLATE=utf8mb4_unicode_ci;


INSERT INTO `input_keys` (`id`, `key`, `display`, `value`, `created_at`, `updated_at`)
VALUES
	(1,'gender','Gender','Male',NULL,NULL),
	(2,'gender','Gender','Female',NULL,NULL),
	(3,'gender','Gender','Other',NULL,NULL);



# Dump of table instances
# ------------------------------------------------------------

CREATE TABLE `instances` (
  `id` bigint unsigned NOT NULL AUTO_INCREMENT,
  `project_name` varchar(255) CHARACTER SET utf8mb4 COLLATE utf8mb4_unicode_ci NOT NULL,
  `email` varchar(255) CHARACTER SET utf8mb4 COLLATE utf8mb4_unicode_ci NOT NULL,
  `owner` varchar(255) CHARACTER SET utf8mb4 COLLATE utf8mb4_unicode_ci NOT NULL,
  `contact` varchar(255) CHARACTER SET utf8mb4 COLLATE utf8mb4_unicode_ci DEFAULT NULL,
  `description` text CHARACTER SET utf8mb4 COLLATE utf8mb4_unicode_ci,
  `country_id` bigint DEFAULT NULL,
  `counties` text CHARACTER SET utf8mb4 COLLATE utf8mb4_unicode_ci,
  `measurement_system_id` int DEFAULT NULL,
  `favicon_url` text CHARACTER SET utf8mb4 COLLATE utf8mb4_unicode_ci,
  `logo_url` text CHARACTER SET utf8mb4 COLLATE utf8mb4_unicode_ci,
  `footer_logo_url` text CHARACTER SET utf8mb4 COLLATE utf8mb4_unicode_ci,
  `bg_image_url` text CHARACTER SET utf8mb4 COLLATE utf8mb4_unicode_ci,
  `currency_id` bigint DEFAULT NULL,
  `alt_currency_id` bigint DEFAULT NULL,
  `deployment_date` date DEFAULT NULL,
  `advisory_url` text CHARACTER SET utf8mb4 COLLATE utf8mb4_unicode_ci,
  `lms_url` text CHARACTER SET utf8mb4 COLLATE utf8mb4_unicode_ci,
  `copyright` text CHARACTER SET utf8mb4 COLLATE utf8mb4_unicode_ci,
  `status` tinyint(1) DEFAULT '1',
  `created_by` varchar(255) CHARACTER SET utf8mb4 COLLATE utf8mb4_unicode_ci NOT NULL,
  `updated_by` varchar(255) CHARACTER SET utf8mb4 COLLATE utf8mb4_unicode_ci DEFAULT NULL,
  `created_at` timestamp NULL DEFAULT NULL,
  `updated_at` timestamp NULL DEFAULT NULL,
  PRIMARY KEY (`id`)
) ENGINE=InnoDB DEFAULT CHARSET=utf8mb4 COLLATE=utf8mb4_unicode_ci;


INSERT INTO `instances` (`id`, `project_name`, `email`, `owner`, `contact`, `description`, `country_id`, `counties`, `measurement_system_id`, `favicon_url`, `logo_url`, `footer_logo_url`, `bg_image_url`, `currency_id`, `alt_currency_id`, `deployment_date`, `advisory_url`, `lms_url`, `copyright`, `status`, `created_by`, `updated_by`, `created_at`, `updated_at`)
VALUES
	(1,'Bewsys Claims System','info@bewsys.com','Bewsys Limited','0509394885',NULL,288,NULL,1,'app-uploads/instances/1/favicon/yzOxX9E7LRWhbXnXl1rHaJ2HpIDTYr5EDHxU5Yua.png.png','app-uploads/instances/1/logo/gPeYohPnAIDEeumaraLpI4oGSPJXBjgn0g5up8Dh.png.png','app-uploads/instances/1/logo/aum9vjW4ScVZ5EgVY5Kwfi4MgbihTcwTlFEiA7BB.png.png',NULL,93,261,'2022-10-01',NULL,NULL,'@2022 Alleviate by <a href=\"https://bewsys.com\" target=\"_blank\">Bewsys Limited</a>.',1,'1','1','2022-10-08 09:10:05','2022-10-13 10:39:21');



# Dump of table languages
# ------------------------------------------------------------

CREATE TABLE `languages` (
  `id` int unsigned NOT NULL AUTO_INCREMENT,
  `name` varchar(255) DEFAULT NULL,
  `code` char(255) DEFAULT NULL,
  PRIMARY KEY (`id`)
) ENGINE=InnoDB DEFAULT CHARSET=utf8mb4 COLLATE=utf8mb4_0900_ai_ci;


INSERT INTO `languages` (`id`, `name`, `code`)
VALUES
	(1,'Afrikaans','AF'),
	(2,'Albanian','SQ'),
	(3,'Arabic','AR'),
	(4,'Armenian','HY'),
	(5,'Basque','EU'),
	(6,'Bengali','BN'),
	(7,'Bulgarian','BG'),
	(8,'Catalan','CA'),
	(9,'Cambodian','KM'),
	(10,'Chinese (Mandarin)','ZH'),
	(11,'Croatian','HR'),
	(12,'Czech','CS'),
	(13,'Danish','DA'),
	(14,'Dutch','NL'),
	(15,'English','EN'),
	(16,'Estonian','ET'),
	(17,'Fiji','FJ'),
	(18,'Finnish','FI'),
	(19,'French','FR'),
	(20,'Georgian','KA'),
	(21,'German','DE'),
	(22,'Greek','EL'),
	(23,'Gujarati','GU'),
	(24,'Hebrew','HE'),
	(25,'Hindi','HI'),
	(26,'Hungarian','HU'),
	(27,'Icelandic','IS'),
	(28,'Indonesian','ID'),
	(29,'Irish','GA'),
	(30,'Italian','IT'),
	(31,'Japanese','JA'),
	(32,'Javanese','JW'),
	(33,'Korean','KO'),
	(34,'Latin','LA'),
	(35,'Latvian','LV'),
	(36,'Lithuanian','LT'),
	(37,'Macedonian','MK'),
	(38,'Malay','MS'),
	(39,'Malayalam','ML'),
	(40,'Maltese','MT'),
	(41,'Maori','MI'),
	(42,'Marathi','MR'),
	(43,'Mongolian','MN'),
	(44,'Nepali','NE'),
	(45,'Norwegian','NO'),
	(46,'Persian','FA'),
	(47,'Polish','PL'),
	(48,'Portuguese','PT'),
	(49,'Punjabi','PA'),
	(50,'Quechua','QU'),
	(51,'Romanian','RO'),
	(52,'Russian','RU'),
	(53,'Samoan','SM'),
	(54,'Serbian','SR'),
	(55,'Slovak','SK'),
	(56,'Slovenian','SL'),
	(57,'Spanish','ES'),
	(58,'Swahili','SW'),
	(59,'Swedish','SV'),
	(60,'Tamil','TA'),
	(61,'Tatar','TT'),
	(62,'Telugu','TE'),
	(63,'Thai','TH'),
	(64,'Tibetan','BO'),
	(65,'Tonga','TO'),
	(66,'Turkish','TR'),
	(67,'Ukrainian','UK'),
	(68,'Urdu','UR'),
	(69,'Uzbek','UZ'),
	(70,'Vietnamese','VI'),
	(71,'Welsh','CY'),
	(72,'Xhosa','XH');



# Dump of table location_program
# ------------------------------------------------------------

CREATE TABLE `location_program` (
  `program_id` bigint unsigned NOT NULL,
  `location` bigint unsigned NOT NULL,
  `created_at` timestamp NULL DEFAULT NULL,
  `updated_at` timestamp NULL DEFAULT NULL
) ENGINE=InnoDB DEFAULT CHARSET=utf8mb4 COLLATE=utf8mb4_unicode_ci;


INSERT INTO `location_program` (`program_id`, `location`, `created_at`, `updated_at`)
VALUES
	(2,17,NULL,NULL),
	(2,111,NULL,NULL),
	(2,18,NULL,NULL),
	(2,19,NULL,NULL),
	(2,20,NULL,NULL),
	(2,21,NULL,NULL);



# Dump of table lookup_codes
# ------------------------------------------------------------

CREATE TABLE `lookup_codes` (
  `id` int NOT NULL AUTO_INCREMENT,
  `instance_id` int DEFAULT NULL,
  `lookupName` varchar(100) DEFAULT NULL,
  `lookupCode` varchar(100) DEFAULT NULL,
  `is_process` tinyint(1) DEFAULT '0',
  `system` tinyint(1) DEFAULT '0',
  `created_by` int DEFAULT NULL,
  `updated_by` int DEFAULT NULL,
  `activeFlag` int DEFAULT NULL,
  `created_at` date DEFAULT NULL,
  `updated_at` date DEFAULT NULL,
  PRIMARY KEY (`id`)
) ENGINE=InnoDB DEFAULT CHARSET=latin1 COMMENT='Lookup Codes';


INSERT INTO `lookup_codes` (`id`, `instance_id`, `lookupName`, `lookupCode`, `is_process`, `system`, `created_by`, `updated_by`, `activeFlag`, `created_at`, `updated_at`)
VALUES
	(1,NULL,'Gender','Gender',0,0,1,1,1,'2021-11-25','2021-11-25'),
	(2,NULL,'Villages',NULL,0,0,1,NULL,1,'2021-11-25','2021-11-25'),
	(3,NULL,'Benefit Status','BS',1,0,1,1,1,'2021-11-25','2021-12-10'),
	(4,NULL,'Benefit Types','BT',0,0,1,1,0,'2021-11-25','2021-11-25'),
	(5,NULL,'Boolean','Boolean',0,0,1,NULL,1,'2021-11-29','2021-11-29'),
	(6,NULL,'Yes Or No','YN',0,0,1,NULL,1,'2021-11-29','2021-11-29'),
	(7,NULL,'Project Management Status','PMS',1,0,1,NULL,1,'2021-12-16','2021-12-16'),
	(8,NULL,'Application Workflow','Workflow',1,0,8,1,1,'2021-12-21','2022-02-22'),
	(9,NULL,'Region','Reg',NULL,0,8,1,1,'2021-12-21','2023-03-13'),
	(10,NULL,'Payroll Status','PR',1,1,1,NULL,1,'2021-12-18','2021-12-18'),
	(11,NULL,'Complaint Categories','CC',0,1,1,NULL,1,'2021-12-23','2021-12-23'),
	(12,NULL,'Identification Types','ID Types',0,0,1,NULL,1,'2022-02-17','2022-02-17'),
	(13,NULL,'Account Type','Account Type',0,0,1,NULL,1,'2022-02-17','2022-02-17'),
	(14,NULL,'Banks','Banks',0,0,1,NULL,1,'2022-02-17','2022-02-17'),
	(15,NULL,'Merchant Branches','Merchant Branches',NULL,0,1,1,1,'2022-02-17','2023-03-20'),
	(16,NULL,'Marital Status','Marital Status',0,0,1,NULL,1,'2022-02-17','2022-02-17'),
	(17,NULL,'Marriage Type','Marriage Type',0,0,1,NULL,1,'2022-02-17','2022-02-17'),
	(18,NULL,'Employment Sector','Employment Sector',0,0,1,NULL,1,'2022-02-17','2022-02-17'),
	(19,NULL,'Employment Type','Employment Type',0,0,1,NULL,1,'2022-02-17','2022-02-17'),
	(20,NULL,'Documentation Type','Documentation Type',0,0,1,NULL,1,'2022-02-18','2022-02-18'),
	(21,NULL,'Impairments','Impairments',0,0,1,NULL,1,'2022-02-21','2022-02-21'),
	(22,NULL,'Family Relations','Family Relations',0,0,1,NULL,1,'2022-03-08','2022-03-08'),
	(23,0,'Office Type','OT',0,0,1,NULL,1,'2022-09-23','2022-09-23'),
	(24,0,'Benefit Class','BNC',0,0,1,NULL,1,'2022-10-07','2022-10-07'),
	(25,0,'Merchant Type','MT',NULL,0,1,1,1,'2022-10-11','2023-03-20'),
	(26,0,'Contact Type','Cct',0,0,1,NULL,1,'2022-10-11','2022-10-11'),
	(27,0,'Household Type','HHT',0,0,1,NULL,1,'2023-03-27','2023-03-27'),
	(28,0,'Household Areas','HHA',0,0,1,NULL,1,'2023-03-27','2023-03-27'),
	(29,0,'Household Tenure','HHT',0,0,1,NULL,1,'2023-03-27','2023-03-27'),
	(30,0,'Household Headship','HHH',0,0,1,NULL,1,'2023-03-27','2023-03-27'),
	(31,0,'Household Income Status','HHI',0,0,1,NULL,1,'2023-03-27','2023-03-27'),
	(32,0,'Program Partners','PP',0,0,1,NULL,1,'2023-04-11','2023-04-11'),
	(33,0,'Applicant Type','APT',0,0,1,NULL,1,'2023-04-14','2023-04-14'),
	(34,0,'Survey Type','ST',0,0,1,NULL,1,'2023-04-14','2023-04-14'),
	(35,0,'Survey Status','SS',0,0,1,NULL,1,'2023-04-14','2023-04-14'),
	(36,0,'Team Roles','TS',0,0,1,NULL,1,'2023-04-14','2023-04-14'),
	(37,0,'Educational Levels','EL',0,0,1,NULL,1,'2023-04-17','2023-04-17');



# Dump of table lookups
# ------------------------------------------------------------

CREATE TABLE `lookups` (
  `id` int NOT NULL AUTO_INCREMENT,
  `order` int DEFAULT '0',
  `instance_id` int DEFAULT NULL,
  `fullName` varchar(100) NOT NULL DEFAULT '',
  `shortName` varchar(100) DEFAULT NULL,
  `short_code` varchar(255) CHARACTER SET utf8mb3 COLLATE utf8mb3_general_ci DEFAULT NULL,
  `lookup_code_id` int DEFAULT NULL,
  `process_status` varchar(100) CHARACTER SET utf8mb3 COLLATE utf8mb3_general_ci DEFAULT NULL,
  `color_code` varchar(100) DEFAULT NULL,
  `activeFlag` tinyint(1) DEFAULT NULL,
  `process_action` tinyint(1) DEFAULT '0',
  `created_by` int DEFAULT NULL,
  `updated_by` int DEFAULT NULL,
  `created_at` date DEFAULT NULL,
  `updated_at` date DEFAULT NULL,
  PRIMARY KEY (`id`)
) ENGINE=InnoDB DEFAULT CHARSET=utf8mb3;


INSERT INTO `lookups` (`id`, `order`, `instance_id`, `fullName`, `shortName`, `short_code`, `lookup_code_id`, `process_status`, `color_code`, `activeFlag`, `process_action`, `created_by`, `updated_by`, `created_at`, `updated_at`)
VALUES
	(1,NULL,NULL,'Male','M',NULL,1,NULL,NULL,1,0,1,1,'2021-11-25','2021-11-25'),
	(2,NULL,NULL,'Female','F',NULL,1,NULL,NULL,1,0,1,NULL,'2021-11-25','2021-11-25'),
	(3,NULL,NULL,'Pending',NULL,NULL,3,NULL,'#2894e6',1,0,1,1,'2021-11-26','2021-11-26'),
	(4,NULL,NULL,'Completed',NULL,NULL,3,NULL,'#05b339',1,0,1,NULL,'2021-11-26','2021-11-26'),
	(5,NULL,NULL,'True','True',NULL,5,NULL,'#000000',1,0,1,NULL,'2021-11-29','2021-11-29'),
	(6,NULL,NULL,'False','False',NULL,5,NULL,'#000000',1,0,1,NULL,'2021-11-29','2021-11-29'),
	(7,NULL,NULL,'Yes','Yes',NULL,6,NULL,'#000000',1,0,1,NULL,'2021-11-29','2021-11-29'),
	(8,NULL,NULL,'No','No',NULL,6,NULL,'#000000',1,0,1,NULL,'2021-11-29','2021-11-29'),
	(9,NULL,NULL,'Not Started','Not Started',NULL,7,NULL,'#000000',1,0,1,NULL,'2021-12-16','2021-12-16'),
	(10,NULL,NULL,'In Progress','In Progress',NULL,7,NULL,'#00a7fa',1,0,1,NULL,'2021-12-16','2021-12-16'),
	(11,NULL,NULL,'Completed','Completed',NULL,7,NULL,'#129900',1,0,1,NULL,'2021-12-16','2021-12-16'),
	(12,1,NULL,'Submit','Submitted',NULL,8,'New','#f50f0f',1,1,8,1,'2021-12-21','2022-02-22'),
	(13,4,NULL,'Recommendation','Recommended',NULL,8,'Processing','#fde808',0,0,8,1,'2021-12-21','2022-03-10'),
	(14,2,NULL,'Receive','Received',NULL,8,'Processing','#0c9d15',1,0,8,1,'2021-12-21','2022-03-09'),
	(15,11,NULL,'Cancel','Cancelled',NULL,8,'Cancelled','#f70808',0,101,8,1,'2021-12-21','2022-03-10'),
	(16,6,NULL,'Decision','Decided',NULL,8,'Ended','#199608',1,100,8,1,'2021-12-21','2022-03-10'),
	(17,NULL,NULL,'Upper West','Upper West','AITU',9,NULL,'#000000',1,0,8,1,'2021-12-21','2023-03-13'),
	(18,NULL,NULL,'Upper East','Upper East','ATIU',9,NULL,'#000000',1,0,8,1,'2021-12-21','2023-03-13'),
	(19,NULL,NULL,'North East','North East','MANG',9,NULL,'#000000',1,0,8,1,'2021-12-21','2023-03-13'),
	(20,NULL,NULL,'Savannah','Savannah','MANI',9,NULL,'#000000',1,0,8,1,'2021-12-21','2023-03-13'),
	(21,NULL,NULL,'Northern','Northern','MAUK',9,NULL,'#000000',1,0,8,1,'2021-12-21','2023-03-13'),
	(22,NULL,NULL,'Oti','Oti','MITI',9,NULL,'#000000',1,0,8,1,'2021-12-21','2023-03-13'),
	(23,NULL,NULL,'Bono East','Bono East','PALM',9,NULL,'#000000',1,0,8,1,'2021-12-21','2023-03-13'),
	(24,NULL,NULL,'Western North','Western North','PENH',9,NULL,'#000000',1,0,8,1,'2021-12-21','2023-03-13'),
	(25,NULL,NULL,'Ahafo','Ahafo','PUKA',9,NULL,'#000000',1,0,8,1,'2021-12-21','2023-03-13'),
	(26,NULL,NULL,'Ashanti','Ashanti','RAKA',9,NULL,'#000000',1,0,8,1,'2021-12-21','2023-03-13'),
	(27,NULL,NULL,'Eastern','Eastern','RARO',9,NULL,'#000000',1,0,8,1,'2021-12-21','2023-03-13'),
	(28,NULL,NULL,'Payment Complaint','payment complaint',NULL,11,NULL,'#c333d7',1,0,1,8,'2021-12-23','2022-01-19'),
	(29,NULL,NULL,'Category 2','category 2',NULL,11,NULL,'#ce1c1c',1,0,1,NULL,'2021-12-23','2021-12-23'),
	(30,NULL,NULL,'Category 3','category 3',NULL,11,NULL,'#00c291',1,0,1,NULL,'2021-12-23','2021-12-23'),
	(31,NULL,NULL,'Generated','Generated',NULL,10,NULL,'#3dc7f5',1,1,8,1,'2022-01-05','2022-01-27'),
	(32,NULL,NULL,'Processing','Processing',NULL,10,NULL,'#f4ce10',1,0,8,1,'2022-01-05','2022-01-27'),
	(33,NULL,NULL,'Approved','Approved',NULL,10,NULL,'#0c924d',1,100,8,1,'2022-01-05','2022-01-19'),
	(34,NULL,NULL,'Rejected','Reject',NULL,10,NULL,'#e71313',1,101,8,8,'2022-01-05','2022-01-19'),
	(35,3,NULL,'Review','Review',NULL,8,'Processing','#e7f524',1,0,8,1,'2022-01-20','2022-03-09'),
	(36,NULL,NULL,'Others','Others',NULL,1,NULL,'#000000',1,0,1,NULL,'2022-02-17','2022-02-17'),
	(37,NULL,NULL,'Passport','Passport',NULL,12,NULL,'#000000',1,0,1,NULL,'2022-02-17','2022-02-17'),
	(38,NULL,NULL,'National Id','National ID',NULL,12,NULL,'#000000',1,0,1,NULL,'2022-02-17','2022-02-17'),
	(39,NULL,NULL,'Birth Certificate','Birth Certificate',NULL,12,NULL,'#000000',1,0,1,NULL,'2022-02-17','2022-02-17'),
	(40,NULL,NULL,'Drivers License','Drivers license',NULL,12,NULL,'#000000',1,0,1,NULL,'2022-02-17','2022-02-17'),
	(41,NULL,NULL,'Tax Identification (Rmd)','Tax Identification',NULL,12,NULL,'#000000',1,0,1,NULL,'2022-02-17','2022-02-17'),
	(42,NULL,NULL,'Superannuation Fund','CINSF Number',NULL,12,NULL,'#000000',1,0,1,NULL,'2022-02-17','2022-02-17'),
	(43,NULL,NULL,'Current','Current',NULL,13,NULL,'#000000',1,0,1,NULL,'2022-02-17','2022-02-17'),
	(44,NULL,NULL,'Savings','Savings',NULL,13,NULL,'#000000',1,0,1,NULL,'2022-02-17','2022-02-17'),
	(45,NULL,NULL,'Bank Of Cook Islands','BCI',NULL,14,NULL,'#000000',1,0,1,NULL,'2022-02-17','2022-02-17'),
	(46,NULL,NULL,'Other','Other',NULL,14,NULL,'#000000',1,0,1,NULL,'2022-02-17','2022-02-17'),
	(47,NULL,NULL,'Atui','Atui',NULL,15,NULL,'#000000',1,0,1,NULL,'2022-02-17','2022-02-17'),
	(48,NULL,NULL,'Mauke','Mauke',NULL,15,NULL,'#000000',1,0,1,NULL,'2022-02-17','2022-02-17'),
	(49,NULL,NULL,'Rarotonga','Rarotonga',NULL,15,NULL,'#000000',1,0,1,NULL,'2022-02-17','2022-02-17'),
	(50,NULL,NULL,'Nassau','Nassau',NULL,15,NULL,'#000000',1,0,1,NULL,'2022-02-17','2022-02-17'),
	(51,NULL,NULL,'Pukapuka','Pukapuka',NULL,15,NULL,'#000000',1,0,1,NULL,'2022-02-17','2022-02-17'),
	(52,NULL,NULL,'Manihiki','Manihiki',NULL,15,NULL,'#000000',1,0,1,NULL,'2022-02-17','2022-02-17'),
	(53,NULL,NULL,'Marriage Certificate','Marriage Certificate',NULL,12,NULL,'#000000',1,0,1,NULL,'2022-02-17','2022-02-17'),
	(54,NULL,NULL,'Single','Single',NULL,16,NULL,'#000000',0,0,1,1,'2022-02-17','2022-02-17'),
	(55,NULL,NULL,'Married','Married',NULL,16,NULL,'#000000',1,0,1,NULL,'2022-02-17','2022-02-17'),
	(56,NULL,NULL,'Divorced','Divorced',NULL,16,NULL,'#000000',1,0,1,NULL,'2022-02-17','2022-02-17'),
	(57,NULL,NULL,'Separated','Separated',NULL,16,NULL,'#000000',1,0,1,NULL,'2022-02-17','2022-02-17'),
	(58,NULL,NULL,'Annulled','Annulled',NULL,16,NULL,'#000000',1,0,1,NULL,'2022-02-17','2022-02-17'),
	(59,NULL,NULL,'Ended By Death','Ended By Death',NULL,16,NULL,'#000000',1,0,1,NULL,'2022-02-17','2022-02-17'),
	(60,NULL,NULL,'Civil','Civil',NULL,17,NULL,'#000000',1,0,1,NULL,'2022-02-17','2022-02-17'),
	(61,NULL,NULL,'Religious','Religious',NULL,17,NULL,'#000000',1,0,1,NULL,'2022-02-17','2022-02-17'),
	(62,NULL,NULL,'Traditional','Traditional',NULL,17,NULL,'#000000',1,0,1,NULL,'2022-02-17','2022-02-17'),
	(63,NULL,NULL,'Public','Public',NULL,18,NULL,'#000000',1,0,1,1,'2022-02-17','2022-02-17'),
	(64,NULL,NULL,'Private','Private',NULL,18,NULL,'#000000',1,0,1,NULL,'2022-02-17','2022-02-17'),
	(65,NULL,NULL,'Unemployed','Unemployed',NULL,19,NULL,'#000000',0,0,1,1,'2022-02-17','2022-02-17'),
	(66,NULL,NULL,'Full-Time','Full-Time',NULL,19,NULL,'#000000',1,0,1,1,'2022-02-17','2022-02-17'),
	(67,NULL,NULL,'Part-Time','Part-Time',NULL,19,NULL,'#000000',1,0,1,1,'2022-02-17','2022-02-17'),
	(68,NULL,NULL,'Casual','Casual',NULL,19,NULL,'#000000',1,0,1,NULL,'2022-02-17','2022-02-17'),
	(69,NULL,NULL,'Residence','Residence',NULL,20,NULL,'#000000',1,0,1,NULL,'2022-02-18','2022-02-18'),
	(70,NULL,NULL,'Passport','Passport',NULL,20,NULL,'#000000',1,0,1,NULL,'2022-02-18','2022-02-18'),
	(71,NULL,NULL,'National Id','National ID',NULL,20,NULL,'#000000',1,0,1,NULL,'2022-02-18','2022-02-18'),
	(72,NULL,NULL,'Birth Certificate','Birth Certificate',NULL,20,NULL,'#000000',1,0,1,NULL,'2022-02-18','2022-02-18'),
	(73,NULL,NULL,'Tax Identification (Rmd)','Tax Identification',NULL,20,NULL,'#000000',1,0,1,NULL,'2022-02-18','2022-02-18'),
	(74,NULL,NULL,'Drivers License','Drivers license',NULL,20,NULL,'#000000',1,0,1,NULL,'2022-02-18','2022-02-18'),
	(75,NULL,NULL,'Superannuation Fund','CINSF Number',NULL,20,NULL,'#000000',1,0,1,NULL,'2022-02-18','2022-02-18'),
	(76,NULL,NULL,'Marriage Certificate','Marriage Certificate',NULL,20,NULL,'#000000',1,0,1,NULL,'2022-02-18','2022-02-18'),
	(77,NULL,NULL,'Bank Account','Bank Account',NULL,20,NULL,'#000000',1,0,1,NULL,'2022-02-18','2022-02-18'),
	(78,NULL,NULL,'Electricity Bill','Electricity Bill',NULL,20,NULL,'#000000',1,0,1,NULL,'2022-02-18','2022-02-18'),
	(79,NULL,NULL,'Visual','Visual',NULL,21,NULL,'#000000',1,0,1,1,'2022-02-21','2022-02-21'),
	(80,NULL,NULL,'Hearing','Hearing',NULL,21,NULL,'#000000',1,0,1,1,'2022-02-21','2022-02-21'),
	(81,NULL,NULL,'Mobility','Mobility',NULL,21,NULL,'#000000',1,0,1,1,'2022-02-21','2022-02-21'),
	(82,NULL,NULL,'Speech','Speech',NULL,21,NULL,'#000000',1,0,1,1,'2022-02-21','2022-02-21'),
	(83,NULL,NULL,'Chronic Fatigue, Pain Or Seizure','Medical',NULL,21,NULL,'#000000',1,0,1,1,'2022-02-21','2022-02-21'),
	(84,1,NULL,'Mother','Mother',NULL,22,'New','#000000',1,0,1,NULL,'2022-03-08','2022-03-08'),
	(85,2,NULL,'Father','Father',NULL,22,'New','#000000',1,0,1,NULL,'2022-03-08','2022-03-08'),
	(86,3,NULL,'Daughter','Daughter',NULL,22,'New','#000000',1,0,1,NULL,'2022-03-08','2022-03-08'),
	(87,NULL,NULL,'Son','Son',NULL,22,'New','#000000',1,0,1,NULL,'2022-03-08','2022-03-08'),
	(88,NULL,NULL,'Sister','Sister',NULL,22,'New','#000000',1,0,1,NULL,'2022-03-08','2022-03-08'),
	(89,NULL,NULL,'Brother','Brother',NULL,22,'New','#000000',1,0,1,NULL,'2022-03-08','2022-03-08'),
	(90,NULL,NULL,'Grandmother','Grandmother',NULL,22,'New','#000000',1,0,1,NULL,'2022-03-08','2022-03-08'),
	(91,NULL,NULL,'Grandfather','Grandfather',NULL,22,'New','#000000',1,0,1,NULL,'2022-03-08','2022-03-08'),
	(92,NULL,NULL,'Nephew','Nephew',NULL,22,'New','#000000',1,0,1,NULL,'2022-03-08','2022-03-08'),
	(93,NULL,NULL,'Niece','Niece',NULL,22,'New','#000000',1,0,1,NULL,'2022-03-08','2022-03-08'),
	(94,7,NULL,'Appeal','Appealed',NULL,8,'Re-Submitted','#000000',1,0,1,NULL,'2022-03-09','2022-03-09'),
	(95,5,NULL,'Computation','Computated',NULL,8,'Processing','#000000',1,0,1,NULL,'2022-03-10','2022-03-10'),
	(96,8,NULL,'Review Payroll','Reviewed Payroll',NULL,8,'Processing','#000000',1,0,1,NULL,'2022-03-10','2022-03-10'),
	(97,9,NULL,'Pay','Paid',NULL,8,'Processing','#000000',1,0,1,NULL,'2022-03-10','2022-03-10'),
	(98,10,NULL,'Refund','Refunded',NULL,8,'Processing','#000000',1,0,1,NULL,'2022-03-10','2022-03-10'),
	(99,1,NULL,'Care Giver','Care Giver',NULL,22,'New','#000000',1,0,1,NULL,'2022-03-11','2022-03-11'),
	(100,1,0,'Head Office','HDQ',NULL,23,NULL,'#000000',1,0,1,NULL,'2022-09-25','2022-09-25'),
	(101,1,0,'Social Assistance (Nc)','SANC',NULL,24,NULL,'#000000',1,0,1,NULL,'2022-10-07','2022-10-07'),
	(102,2,0,'Social Insurance (C)','SIC',NULL,24,NULL,'#000000',1,0,1,NULL,'2022-10-07','2022-10-07'),
	(103,3,0,'Social Care (Nc)','SoC',NULL,24,NULL,'#000000',1,0,1,NULL,'2022-10-07','2022-10-07'),
	(104,4,0,'Labour Market (C/Nc)','LM',NULL,24,NULL,'#000000',1,0,1,NULL,'2022-10-07','2022-10-07'),
	(105,1,0,'Bank','Bank',NULL,25,NULL,'#000000',1,0,1,NULL,'2022-10-11','2022-10-11'),
	(106,2,0,'Savings And Loans','SL',NULL,25,NULL,'#000000',1,0,1,NULL,'2022-10-11','2022-10-11'),
	(107,1,0,'Residential Address','Res Add',NULL,26,NULL,'#000000',1,0,1,NULL,'2022-10-11','2022-10-11'),
	(108,2,0,'Postal Address','Post',NULL,26,NULL,'#000000',1,0,1,NULL,'2022-10-11','2022-10-11'),
	(109,3,0,'Mobile Number','Mobile',NULL,26,NULL,'#000000',1,0,1,NULL,'2022-10-11','2022-10-11'),
	(110,4,0,'Email','email',NULL,26,NULL,'#000000',1,0,1,NULL,'2022-10-11','2022-10-11'),
	(111,NULL,0,'Volta','Volta',NULL,9,NULL,'#000000',1,0,1,NULL,'2023-03-13','2023-03-13'),
	(112,NULL,0,'Western','Western',NULL,9,NULL,'#000000',1,0,1,NULL,'2023-03-13','2023-03-13'),
	(113,NULL,0,'Central','Central',NULL,9,NULL,'#000000',1,0,1,NULL,'2023-03-13','2023-03-13'),
	(114,NULL,0,'Greater Accra','Greater Accra',NULL,9,NULL,'#000000',1,0,1,NULL,'2023-03-13','2023-03-13'),
	(115,NULL,0,'Bono','Bono',NULL,9,NULL,'#000000',1,0,1,1,'2023-03-13','2023-03-13'),
	(116,3,0,'Store','Store',NULL,25,NULL,'#000000',1,0,1,NULL,'2023-03-20','2023-03-20'),
	(117,4,0,'Mobile Money','Momo',NULL,25,NULL,'#000000',1,0,1,NULL,'2023-03-20','2023-03-20'),
	(118,1,0,'Nuclear Family','Nuclear',NULL,27,NULL,'#000000',1,0,1,1,'2023-03-27','2023-03-27'),
	(119,2,0,'Extended Family','Extended',NULL,27,NULL,'#000000',1,0,1,1,'2023-03-27','2023-03-27'),
	(120,3,0,'Single-Parent Family','Single-Parent',NULL,27,NULL,'#000000',1,0,1,1,'2023-03-27','2023-03-27'),
	(121,4,0,'Blended Family','Blended',NULL,27,NULL,'#000000',1,0,1,1,'2023-03-27','2023-03-27'),
	(122,5,0,'Foster Family','Foster',NULL,27,NULL,'#000000',1,0,1,1,'2023-03-27','2023-03-27'),
	(123,6,0,'Multi-Generational Family','Multi-Generational',NULL,27,NULL,'#000000',1,0,1,1,'2023-03-27','2023-03-27'),
	(124,7,0,'Group Home','Group',NULL,27,NULL,'#000000',1,0,1,1,'2023-03-27','2023-03-27'),
	(125,8,0,'Cohousing Community','Cohousing',NULL,27,NULL,'#000000',1,0,1,1,'2023-03-27','2023-03-27'),
	(126,1,0,'Rural','RRL',NULL,28,NULL,'#000000',1,0,1,NULL,'2023-03-27','2023-03-27'),
	(127,2,0,'Urban','UBN',NULL,28,NULL,'#000000',1,0,1,NULL,'2023-03-27','2023-03-27'),
	(128,1,0,'Owner Occupied','Owner',NULL,29,NULL,'#000000',1,0,1,1,'2023-03-27','2023-03-27'),
	(129,2,0,'Renter Occupied','Renter',NULL,29,NULL,'#000000',1,0,1,1,'2023-03-27','2023-03-27'),
	(130,3,0,'Institutional Household','Institutional',NULL,29,NULL,'#000000',1,0,1,1,'2023-03-27','2023-03-27'),
	(131,1,0,'Male Headed','Male',NULL,30,NULL,'#000000',1,0,1,NULL,'2023-03-27','2023-03-27'),
	(132,2,0,'Female Headed','Female',NULL,30,NULL,'#000000',1,0,1,NULL,'2023-03-27','2023-03-27'),
	(133,3,0,'Elderly Headed','Elderly',NULL,30,NULL,'#000000',1,0,1,NULL,'2023-03-27','2023-03-27'),
	(134,1,0,'Low Income','Low',NULL,31,NULL,'#000000',1,0,1,1,'2023-03-27','2023-03-27'),
	(135,2,0,'Middle Income','Middle',NULL,31,NULL,'#000000',1,0,1,NULL,'2023-03-27','2023-03-27'),
	(136,3,0,'High Income','High',NULL,31,NULL,'#000000',1,0,1,NULL,'2023-03-27','2023-03-27'),
	(137,5,0,'Household','Household',NULL,26,NULL,'#000000',1,0,1,NULL,'2023-03-28','2023-03-28'),
	(138,1,0,'Private','Private',NULL,32,NULL,'#000000',1,0,1,NULL,'2023-04-11','2023-04-11'),
	(139,2,0,'International Organization','IO',NULL,32,NULL,'#000000',1,0,1,NULL,'2023-04-11','2023-04-11'),
	(140,3,0,'Government','Government',NULL,32,NULL,'#000000',1,0,1,NULL,'2023-04-11','2023-04-11'),
	(141,1,0,'Community Based Organisation','CBO',NULL,32,NULL,'#000000',1,0,1,1,'2023-04-11','2023-04-11'),
	(142,4,0,'Non Governamental Organisation','NGO',NULL,32,NULL,'#000000',1,0,1,NULL,'2023-04-11','2023-04-11'),
	(143,5,0,'Academia','Academia',NULL,32,NULL,'#000000',1,0,1,NULL,'2023-04-11','2023-04-11'),
	(144,1,0,'Beneficiary','Beneficiary',NULL,33,NULL,'#000000',1,0,1,NULL,'2023-04-14','2023-04-14'),
	(145,2,0,'Household','Household',NULL,33,NULL,'#000000',1,0,1,NULL,'2023-04-14','2023-04-14'),
	(146,1,0,'Household','Household',NULL,34,NULL,'#000000',1,0,1,NULL,'2023-04-14','2023-04-14'),
	(147,2,0,'Impact Assessment','Impact Assessment',NULL,34,NULL,'#000000',1,0,1,NULL,'2023-04-14','2023-04-14'),
	(148,3,0,'Needs Assessment','Needs Assessment',NULL,34,NULL,'#000000',1,0,1,NULL,'2023-04-14','2023-04-14'),
	(149,4,0,'Perception','Perception',NULL,34,NULL,'#000000',1,0,1,NULL,'2023-04-14','2023-04-14'),
	(150,5,0,'Monitoring and Evaluation','M&E',NULL,34,NULL,'#000000',1,0,1,NULL,'2023-04-14','2023-04-14'),
	(151,6,0,'Targeting','Targeting',NULL,34,NULL,'#000000',1,0,1,NULL,'2023-04-14','2023-04-14'),
	(152,2,0,'Closed','Closed',NULL,35,NULL,'#000000',1,0,1,NULL,'2023-04-14','2023-04-14'),
	(154,1,0,'Open','Open',NULL,35,NULL,'#000000',1,0,1,NULL,'2023-04-14','2023-04-14'),
	(155,3,0,'Draft','Draft',NULL,35,NULL,'#000000',1,0,1,NULL,'2023-04-14','2023-04-14'),
	(156,4,0,'In Progress','In Progress',NULL,35,NULL,'#000000',1,0,1,NULL,'2023-04-14','2023-04-14'),
	(157,5,0,'Completed','Completed',NULL,35,NULL,'#000000',1,0,1,NULL,'2023-04-14','2023-04-14'),
	(158,6,0,'Partially Done','Partial',NULL,35,NULL,'#000000',1,0,1,NULL,'2023-04-14','2023-04-14'),
	(159,7,0,'Paused','Paused',NULL,35,NULL,'#000000',1,0,1,NULL,'2023-04-14','2023-04-14'),
	(160,8,0,'Pending Review','Pending Review',NULL,35,NULL,'#000000',1,0,1,NULL,'2023-04-14','2023-04-14'),
	(161,9,0,'Rejected','Rejected',NULL,35,NULL,'#000000',1,0,1,NULL,'2023-04-14','2023-04-14'),
	(162,10,0,'Deleted','Deleted',NULL,35,NULL,'#000000',1,0,1,NULL,'2023-04-14','2023-04-14'),
	(163,1,0,'Lead','Lead',NULL,36,NULL,'#000000',1,0,1,NULL,'2023-04-14','2023-04-14'),
	(164,2,0,'Technical Writer','Writer',NULL,36,NULL,'#000000',1,0,1,NULL,'2023-04-14','2023-04-14'),
	(165,3,0,'Coordinator','Coordinator',NULL,36,NULL,'#000000',1,0,1,NULL,'2023-04-14','2023-04-14'),
	(166,4,0,'Driver','Driver',NULL,36,NULL,'#000000',1,0,1,NULL,'2023-04-14','2023-04-14'),
	(167,1,0,'Primary Education','Primary',NULL,37,NULL,'#000000',1,0,1,NULL,'2023-04-17','2023-04-17'),
	(168,2,0,'Secondary Education','Secondary',NULL,37,NULL,'#000000',1,0,1,NULL,'2023-04-17','2023-04-17'),
	(169,3,0,'Tertiary Education','Tertiary',NULL,37,NULL,'#000000',1,0,1,NULL,'2023-04-17','2023-04-17'),
	(170,4,0,'Vocational Education And Training','Vocational',NULL,37,NULL,'#000000',1,0,1,NULL,'2023-04-17','2023-04-17'),
	(171,5,0,'Adult Education','Adult',NULL,37,NULL,'#000000',1,0,1,NULL,'2023-04-17','2023-04-17'),
	(172,6,0,'Special Education','Special',NULL,37,NULL,'#000000',1,0,1,NULL,'2023-04-17','2023-04-17'),
	(173,7,0,'Non-Formal Education','Non-formal',NULL,37,NULL,'#000000',1,0,1,NULL,'2023-04-17','2023-04-17');



# Dump of table marital_details
# ------------------------------------------------------------

CREATE TABLE `marital_details` (
  `id` bigint unsigned NOT NULL AUTO_INCREMENT,
  `applicant_number` varchar(255) CHARACTER SET utf8mb4 COLLATE utf8mb4_unicode_ci NOT NULL,
  `marriage_status` varchar(255) CHARACTER SET utf8mb4 COLLATE utf8mb4_unicode_ci NOT NULL,
  `spouse_ref_id` varchar(255) CHARACTER SET utf8mb4 COLLATE utf8mb4_unicode_ci DEFAULT NULL,
  `spouse_name` varchar(255) CHARACTER SET utf8mb4 COLLATE utf8mb4_unicode_ci DEFAULT NULL,
  `marriage_type` varchar(255) CHARACTER SET utf8mb4 COLLATE utf8mb4_unicode_ci DEFAULT NULL,
  `marriage_start_date` varchar(255) CHARACTER SET utf8mb4 COLLATE utf8mb4_unicode_ci DEFAULT NULL,
  `marriage_end_date` varchar(255) CHARACTER SET utf8mb4 COLLATE utf8mb4_unicode_ci DEFAULT NULL,
  `addedBy` int unsigned NOT NULL,
  `status` varchar(255) CHARACTER SET utf8mb4 COLLATE utf8mb4_unicode_ci DEFAULT '1',
  `created_at` timestamp NULL DEFAULT NULL,
  `updated_at` timestamp NULL DEFAULT NULL,
  `deleted_at` timestamp NULL DEFAULT NULL,
  PRIMARY KEY (`id`)
) ENGINE=InnoDB DEFAULT CHARSET=utf8mb4 COLLATE=utf8mb4_unicode_ci;


INSERT INTO `marital_details` (`id`, `applicant_number`, `marriage_status`, `spouse_ref_id`, `spouse_name`, `marriage_type`, `marriage_start_date`, `marriage_end_date`, `addedBy`, `status`, `created_at`, `updated_at`, `deleted_at`)
VALUES
	(1,'MANG-19930616-1-007','Divorced','RT33311','Amalia Hanson','Tradional','06/18/2000','06/-08-2009',1,'Verified','2022-02-17 16:00:13','2022-03-09 13:59:01',NULL),
	(2,'MANG-19930616-1-007','Married','RT33311','Joyce Greg','Religious','06/18/2024',NULL,1,'Verified','2022-02-17 16:04:08','2022-03-09 13:59:01',NULL),
	(3,'ATIU-19900130-1-001','Choose',NULL,NULL,'Choose',NULL,NULL,1,'0','2022-02-21 08:49:25','2022-03-09 13:59:01',NULL),
	(4,'ALB-20100325-2-001','Married','ATIU-19900131-1-001','Husband','Civil','01/01/2022',NULL,1,'1','2022-02-21 12:52:45','2022-02-21 12:52:45',NULL),
	(5,'AITU-19930214-1-001','Married','RT33311','Pearl Sowa','Civil','2022-09-28','1970-01-01',1,'Verified','2022-09-30 14:30:28','2022-11-21 16:28:32',NULL),
	(6,'AITU-19930214-1-001','Separated','ATIU-00900131-1-001','Joyce Greg','Civil','2022-08-18','2022-11-01',1,'Verified','2022-11-21 16:40:40','2022-11-21 16:40:40',NULL);



# Dump of table master_payment_vouchers
# ------------------------------------------------------------

CREATE TABLE `master_payment_vouchers` (
  `id` bigint unsigned NOT NULL AUTO_INCREMENT,
  `voucher_date` datetime NOT NULL,
  `voucher_number` varchar(255) CHARACTER SET utf8mb4 COLLATE utf8mb4_unicode_ci DEFAULT NULL,
  `payment_date` date NOT NULL,
  `period` date DEFAULT NULL,
  `gross_pay` double NOT NULL DEFAULT '0',
  `tax` double unsigned NOT NULL DEFAULT '0',
  `netable_pay` double DEFAULT NULL,
  `status` varchar(255) CHARACTER SET utf8mb4 COLLATE utf8mb4_unicode_ci NOT NULL,
  `created_by` int unsigned DEFAULT NULL,
  `approved_by` int unsigned DEFAULT NULL,
  `created_at` timestamp NULL DEFAULT NULL,
  `updated_at` timestamp NULL DEFAULT NULL,
  PRIMARY KEY (`id`)
) ENGINE=InnoDB DEFAULT CHARSET=utf8mb4 COLLATE=utf8mb4_unicode_ci;


INSERT INTO `master_payment_vouchers` (`id`, `voucher_date`, `voucher_number`, `payment_date`, `period`, `gross_pay`, `tax`, `netable_pay`, `status`, `created_by`, `approved_by`, `created_at`, `updated_at`)
VALUES
	(10,'2022-10-22 00:00:00','PV-0010','2022-11-29','2022-10-01',17000,10,16000,'Pending Payment',1,NULL,'2022-10-22 08:34:20','2022-10-22 08:34:20');



# Dump of table measurement_systems
# ------------------------------------------------------------

CREATE TABLE `measurement_systems` (
  `id` bigint unsigned NOT NULL AUTO_INCREMENT,
  `name` varchar(255) CHARACTER SET utf8mb4 COLLATE utf8mb4_unicode_ci NOT NULL,
  `created_at` timestamp NULL DEFAULT NULL,
  `updated_at` timestamp NULL DEFAULT NULL,
  PRIMARY KEY (`id`)
) ENGINE=InnoDB DEFAULT CHARSET=utf8mb4 COLLATE=utf8mb4_unicode_ci;


INSERT INTO `measurement_systems` (`id`, `name`, `created_at`, `updated_at`)
VALUES
	(1,'Metric',NULL,NULL),
	(2,'Imperial',NULL,NULL);



# Dump of table measurement_units
# ------------------------------------------------------------

CREATE TABLE `measurement_units` (
  `id` bigint unsigned NOT NULL AUTO_INCREMENT,
  `measurement_system_id` bigint unsigned NOT NULL,
  `measurement` varchar(255) CHARACTER SET utf8mb4 COLLATE utf8mb4_unicode_ci NOT NULL,
  `unit` varchar(255) CHARACTER SET utf8mb4 COLLATE utf8mb4_unicode_ci NOT NULL,
  `created_at` timestamp NULL DEFAULT CURRENT_TIMESTAMP,
  `updated_at` timestamp NULL DEFAULT NULL,
  PRIMARY KEY (`id`),
  KEY `measurement_units_measurement_system_id_foreign` (`measurement_system_id`),
  CONSTRAINT `measurement_units_measurement_system_id_foreign` FOREIGN KEY (`measurement_system_id`) REFERENCES `measurement_systems` (`id`)
) ENGINE=InnoDB DEFAULT CHARSET=utf8mb4 COLLATE=utf8mb4_unicode_ci;


INSERT INTO `measurement_units` (`id`, `measurement_system_id`, `measurement`, `unit`, `created_at`, `updated_at`)
VALUES
	(1,1,'Length','Metre','2022-06-04 08:50:02','2022-06-04 08:51:16'),
	(2,2,'Length','Yard','2022-06-04 08:50:02','2022-06-04 08:51:16'),
	(3,1,'Distance','Kilometre','2022-06-04 08:50:02','2022-06-04 08:51:16'),
	(4,2,'Distance','Mile','2022-06-04 08:50:02','2022-06-04 08:51:16'),
	(5,1,'Area','Hectare','2022-06-04 08:50:02','2022-06-04 08:51:16'),
	(6,2,'Area','Acre','2022-06-04 08:50:02','2022-06-04 08:51:16'),
	(7,1,'Volume','Litre','2022-06-04 08:50:02','2022-06-04 08:51:17'),
	(8,2,'Volume','Gallon','2022-06-04 08:50:02','2022-06-04 08:51:17'),
	(9,1,'Weight','Kilogram','2022-06-04 08:50:02','2022-06-04 08:51:17'),
	(10,2,'Weight','Pound','2022-06-04 08:50:02','2022-06-04 08:51:17'),
	(11,1,'Heavy_Weight','MetricTonne','2022-06-04 08:50:02','2022-06-04 08:51:17'),
	(12,2,'Heavy_Weight','Tonne','2022-06-04 08:50:02','2022-06-04 08:51:17'),
	(13,1,'Temperature','Celcius','2022-06-04 08:50:02','2022-06-04 08:51:17'),
	(14,2,'Temperature','Fahrenheit','2022-06-04 08:50:02',NULL);



# Dump of table migrations
# ------------------------------------------------------------

CREATE TABLE `migrations` (
  `id` int unsigned NOT NULL AUTO_INCREMENT,
  `migration` varchar(255) CHARACTER SET utf8mb4 COLLATE utf8mb4_unicode_ci NOT NULL,
  `batch` int NOT NULL,
  PRIMARY KEY (`id`)
) ENGINE=InnoDB DEFAULT CHARSET=utf8mb4 COLLATE=utf8mb4_unicode_ci;


INSERT INTO `migrations` (`id`, `migration`, `batch`)
VALUES
	(1,'2014_10_12_000000_create_users_table',1),
	(2,'2014_10_12_100000_create_password_resets_table',1),
	(3,'2019_08_19_000000_create_failed_jobs_table',1),
	(4,'2019_12_14_000001_create_personal_access_tokens_table',1),
	(5,'2021_07_04_112559_create_user_profiles_table',2),
	(6,'2021_11_20_021044_laratrust_setup_tables',3),
	(7,'2021_11_22_101815_update_users_table',4),
	(8,'05_04_2020_000001_create_forms_table',5),
	(9,'2020_04_08_123236_create_lookup_options_table',5),
	(10,'2020_04_08_123503_create_options_table',5),
	(11,'2020_04_08_135958_create_fields_table',5),
	(12,'2020_04_08_135960_create_form_field_children_table',5),
	(13,'2020_04_17_082358_create_form_collectives_table',5),
	(14,'2020_04_17_083433_create_form_collectives_forms_table',5),
	(18,'2021_12_01_011439_create_benefit_registrations_table',6),
	(22,'2021_12_02_161834_create_benefit_form_options_table',7),
	(23,'2021_12_03_010133_create_benefit_verification_process_log_table',8),
	(25,'2021_12_06_124821_create_questionnaires_table',9),
	(26,'2022_07_28_161404_create_audits_table',10),
	(29,'2021_12_08_235127_create_beneficiaries_table',11),
	(30,'2021_12_09_002138_create_beneficiaries_form_mapping_table',11),
	(31,'2021_12_08_234559_create_black_box_table',12),
	(42,'2021_12_17_163218_create_payment_schedules_table',13),
	(43,'2021_12_18_090127_create_payrolls_table',13),
	(44,'2021_12_18_101218_create_payroll_history_table',13),
	(45,'2021_12_22_160142_create_payroll_verification_process_logs_table',14),
	(47,'2021_12_24_005919_create_complaints_feedback_stages_table',15),
	(48,'2021_12_30_113441_create_cases_table',16),
	(49,'2021_12_30_113444_create_cases_comments_stages_table',16),
	(51,'2022_01_18_151716_create_debt_recoveries_table',17),
	(53,'2022_01_27_205211_create_payroll_view_logs_table',18),
	(54,'2022_02_02_134120_create_beneficiaries_archived_logs_table',19),
	(56,'2022_02_02_142238_create_debt_recovery_amount_paid_history_table',20),
	(58,'2022_02_14_211234_create_applicant_registrations_table',21),
	(60,'2022_02_16_110931_create_account_details_table',22),
	(61,'2022_02_16_125827_create_contact_details_table',23),
	(63,'2022_02_16_210229_create_identification_details_table',24),
	(64,'2022_02_17_095011_create_input_keys_table',25),
	(67,'2022_02_17_111502_create_marital_details_table',26),
	(68,'2022_02_17_113554_create_employment_details_table',27),
	(71,'2022_02_21_133324_create_applications_processing_table',28),
	(76,'2022_03_08_105151_create_family_table',29),
	(77,'2014_10_00_000000_create_settings_table',30),
	(78,'2014_10_00_000001_add_group_column_on_settings_table',31),
	(79,'2023_03_30_104100_create_partners_table',32),
	(80,'2023_03_30_104112_create_programs_table',32),
	(86,'2023_03_30_110443_create_partner_program_table',33),
	(87,'2023_03_30_110621_create_program_user_table',33),
	(88,'2023_03_30_110716_create_location_program_table',33),
	(89,'2023_03_30_110839_create_benefit_program_table',33),
	(90,'2023_03_30_111012_create_currency_program_table',33);



# Dump of table new_born_registrations
# ------------------------------------------------------------

CREATE TABLE `new_born_registrations` (
  `id` int unsigned NOT NULL AUTO_INCREMENT,
  `application_types` varchar(255) CHARACTER SET utf8mb4 COLLATE utf8mb4_unicode_ci DEFAULT NULL,
  `birth_cert_refs` varchar(255) CHARACTER SET utf8mb4 COLLATE utf8mb4_unicode_ci DEFAULT NULL,
  `rmd_nos` double DEFAULT NULL,
  `tax_rates` varchar(255) CHARACTER SET utf8mb4 COLLATE utf8mb4_unicode_ci DEFAULT NULL,
  `passport_refs` varchar(255) CHARACTER SET utf8mb4 COLLATE utf8mb4_unicode_ci DEFAULT NULL,
  `passport_exps` date DEFAULT NULL,
  `bci_bank_card__accountnames` varchar(255) CHARACTER SET utf8mb4 COLLATE utf8mb4_unicode_ci DEFAULT NULL,
  `bci_account_numbers` double DEFAULT NULL,
  `first_names` varchar(255) CHARACTER SET utf8mb4 COLLATE utf8mb4_unicode_ci DEFAULT NULL,
  `surnames` varchar(255) CHARACTER SET utf8mb4 COLLATE utf8mb4_unicode_ci DEFAULT NULL,
  `bef_dobs` date DEFAULT NULL,
  `genders` varchar(255) CHARACTER SET utf8mb4 COLLATE utf8mb4_unicode_ci DEFAULT NULL,
  `islands` text CHARACTER SET utf8mb4 COLLATE utf8mb4_unicode_ci,
  `villages` varchar(255) CHARACTER SET utf8mb4 COLLATE utf8mb4_unicode_ci DEFAULT NULL,
  `phones` char(20) CHARACTER SET utf8mb4 COLLATE utf8mb4_unicode_ci DEFAULT NULL,
  `mobiles` char(20) CHARACTER SET utf8mb4 COLLATE utf8mb4_unicode_ci DEFAULT NULL,
  `emails` varchar(255) CHARACTER SET utf8mb4 COLLATE utf8mb4_unicode_ci DEFAULT NULL,
  `postal_addresses` text CHARACTER SET utf8mb4 COLLATE utf8mb4_unicode_ci,
  `bef_residencies` varchar(255) CHARACTER SET utf8mb4 COLLATE utf8mb4_unicode_ci DEFAULT NULL,
  `other_bef_residencies` varchar(255) CHARACTER SET utf8mb4 COLLATE utf8mb4_unicode_ci DEFAULT NULL,
  `bef_permanent_dates` date DEFAULT NULL,
  `ci_arrivals` date DEFAULT NULL,
  `complete_names` varchar(255) CHARACTER SET utf8mb4 COLLATE utf8mb4_unicode_ci DEFAULT NULL,
  `complete_surnames` varchar(255) CHARACTER SET utf8mb4 COLLATE utf8mb4_unicode_ci DEFAULT NULL,
  `relationships` varchar(255) CHARACTER SET utf8mb4 COLLATE utf8mb4_unicode_ci DEFAULT NULL,
  `complete_numbers` char(20) CHARACTER SET utf8mb4 COLLATE utf8mb4_unicode_ci DEFAULT NULL,
  `signatures` text CHARACTER SET utf8mb4 COLLATE utf8mb4_unicode_ci,
  `sign_dates` date DEFAULT NULL,
  `created_at` timestamp NULL DEFAULT NULL,
  `updated_at` timestamp NULL DEFAULT NULL,
  PRIMARY KEY (`id`)
) ENGINE=MyISAM DEFAULT CHARSET=utf8mb4 COLLATE=utf8mb4_unicode_ci;



# Dump of table notifications
# ------------------------------------------------------------

CREATE TABLE `notifications` (
  `id` int unsigned NOT NULL AUTO_INCREMENT,
  `user_id` int unsigned NOT NULL,
  `notification_type_id` int unsigned NOT NULL,
  `object_id` int unsigned DEFAULT NULL,
  `object_type` varchar(128) CHARACTER SET utf8mb4 COLLATE utf8mb4_unicode_ci DEFAULT NULL,
  `title` varchar(200) CHARACTER SET utf8mb4 COLLATE utf8mb4_unicode_ci DEFAULT NULL,
  `message` text CHARACTER SET utf8mb4 COLLATE utf8mb4_unicode_ci,
  `is_read` tinyint(1) NOT NULL DEFAULT '0',
  `sent_at` datetime DEFAULT NULL,
  `sender_id` int unsigned DEFAULT NULL,
  PRIMARY KEY (`id`),
  KEY `notifications_notification_type_id_foreign` (`notification_type_id`),
  KEY `notifications_user_id_index` (`user_id`),
  KEY `notifications_sender_id_index` (`sender_id`),
  CONSTRAINT `notifications_notification_type_id_foreign` FOREIGN KEY (`notification_type_id`) REFERENCES `notifications_type` (`id`)
) ENGINE=InnoDB DEFAULT CHARSET=utf8mb4 COLLATE=utf8mb4_unicode_ci;


INSERT INTO `notifications` (`id`, `user_id`, `notification_type_id`, `object_id`, `object_type`, `title`, `message`, `is_read`, `sent_at`, `sender_id`)
VALUES
	(3,1,1,NULL,NULL,'Dashboard Alert for all users','This is a newly opened dashboard for all users to read notifications and see what we have created new in the application. Do not think this is all we have for you',1,'2021-12-09 22:50:55',1),
	(4,2,1,NULL,NULL,'Dashboard Alert for all users','This is a newly opened dashboard for all users to read notifications and see what we have created new in the application. Do not think this is all we have for you',0,'2021-12-09 22:55:19',1),
	(5,1,1,NULL,NULL,'Dashboard Alert for all users','This is a newly opened dashboard for all users to read notifications and see what we have created new in the application. Do not think this is all we have for you',1,'2021-12-09 22:55:50',1),
	(6,1,1,NULL,NULL,'Dashboard Alert for all users','This is a newly opened dashboard for all users to read notifications and see what we have created new in the application. Do not think this is all we have for you',1,'2021-12-09 22:55:52',1),
	(7,1,1,NULL,NULL,'Dashboard Alert for all users','This is a newly opened dashboard for all users to read notifications and see what we have created new in the application. Do not think this is all we have for you',1,'2021-12-09 22:55:55',1),
	(8,1,1,NULL,NULL,'Dashboard Alert for all users','This is a newly opened dashboard for all users to read notifications and see what we have created new in the application. Do not think this is all we have for you',1,'2021-12-09 22:57:06',1),
	(9,1,1,NULL,NULL,'Dashboard Alert for all users','This is a newly opened dashboard for all users to read notifications and see what we have created new\n            in the application. Do not think this is all we have for you',0,'2021-12-16 07:07:03',1),
	(10,1,1,NULL,NULL,'Dashboard Alert for all users','This is a newly opened dashboard for all users to read notifications and see what we have created new\n            in the application. Do not think this is all we have for you',0,'2021-12-16 07:07:05',1),
	(11,1,1,NULL,NULL,'Dashboard Alert for all users','This is a newly opened dashboard for all users to read notifications and see what we have created new\n            in the application. Do not think this is all we have for you',1,'2021-12-16 07:07:06',1),
	(12,1,1,NULL,NULL,'Dashboard Alert for all users','This is a newly opened dashboard for all users to read notifications and see what we have created new\n            in the application. Do not think this is all we have for you',1,'2021-12-16 07:07:07',1),
	(13,1,1,NULL,NULL,'Dashboard Alert for all users','This is a newly opened dashboard for all users to read notifications and see what we have created new\n            in the application. Do not think this is all we have for you',1,'2021-12-16 07:07:08',1);



# Dump of table notifications_type
# ------------------------------------------------------------

CREATE TABLE `notifications_type` (
  `id` int unsigned NOT NULL AUTO_INCREMENT,
  `subject` varchar(128) CHARACTER SET utf8mb4 COLLATE utf8mb4_unicode_ci DEFAULT NULL,
  `body` text CHARACTER SET utf8mb4 COLLATE utf8mb4_unicode_ci,
  `url` varchar(256) CHARACTER SET utf8mb4 COLLATE utf8mb4_unicode_ci DEFAULT NULL,
  PRIMARY KEY (`id`)
) ENGINE=InnoDB DEFAULT CHARSET=utf8mb4 COLLATE=utf8mb4_unicode_ci;


INSERT INTO `notifications_type` (`id`, `subject`, `body`, `url`)
VALUES
	(1,'#{obj.id} Ticket closed','The ticket #{obj.id} was closed by {from.name}','http://tickets.com/{obj.id}');



# Dump of table office_class
# ------------------------------------------------------------

CREATE TABLE `office_class` (
  `id` int NOT NULL AUTO_INCREMENT,
  `class` varchar(150) DEFAULT NULL,
  `status` int DEFAULT NULL,
  `created_at` datetime DEFAULT NULL,
  `updated_at` datetime DEFAULT NULL,
  PRIMARY KEY (`id`)
) ENGINE=InnoDB DEFAULT CHARSET=utf8mb3;


INSERT INTO `office_class` (`id`, `class`, `status`, `created_at`, `updated_at`)
VALUES
	(1,'Hospital',1,'2021-12-14 11:20:39','2021-12-14 11:20:41'),
	(2,'Clinics and Medical Center',1,'2021-12-14 11:22:46','2021-12-14 11:22:48'),
	(3,'Nursing Home',1,'2021-12-14 11:23:26','2021-12-14 11:23:28'),
	(4,'Mental Health and Addiction Treatment Center',1,'2021-12-14 11:24:04','2021-12-14 11:24:06'),
	(5,'Birth Center',1,'2021-12-14 11:24:24','2021-12-14 11:24:25'),
	(6,'Hospice Care Facility',1,'2021-12-14 11:24:44','2021-12-14 11:24:47'),
	(7,'Dialysis Facility',1,'2021-12-14 11:25:12','2021-12-14 11:25:14'),
	(8,'Imaging and Radiology Centers',1,'2021-12-14 11:25:51','2021-12-14 11:25:52'),
	(9,'Orthopedic Rehabilitation Center',1,'2021-12-14 11:26:34','2021-12-14 11:26:37'),
	(10,'RHU',1,'2022-02-13 14:34:04','2022-02-13 14:34:05'),
	(11,'Infirmary',1,'2022-02-13 14:34:20','2022-02-13 14:34:21'),
	(12,'Psychiatric Care Facility',1,'2022-02-13 14:34:38','2022-02-13 14:34:40'),
	(13,'Birthing Home',1,'2022-02-13 14:35:11','2022-02-13 14:35:13'),
	(14,'Barangay Health Station',1,'2022-02-13 14:35:28','2022-02-13 14:35:30'),
	(15,'Municipal Health Office',1,'2022-02-13 14:38:05','2022-02-13 14:38:06'),
	(16,'Drug Abuse Treatment and Rehabilitation Centers',1,'2022-02-13 14:38:21','2022-02-13 14:38:22'),
	(17,'Social hygiene Clinic',1,'2022-02-13 14:38:34','2022-02-13 14:38:36'),
	(18,'General Clinic Laboratory',1,'2022-02-13 14:38:51','2022-02-13 14:38:53'),
	(19,'COVID-19 Testing Laboratory',1,'2022-02-13 14:39:08','2022-02-13 14:39:10'),
	(20,'Dialysis Clinic',1,'2022-02-13 14:39:21','2022-02-13 14:39:23'),
	(21,'Ambulatory Surgical Clinic',1,'2022-02-13 14:39:40','2022-02-13 14:39:42'),
	(22,'Administrative',1,'2022-02-14 12:33:21','2022-02-14 12:33:23');



# Dump of table office_healthcheck
# ------------------------------------------------------------

CREATE TABLE `office_healthcheck` (
  `id` int NOT NULL AUTO_INCREMENT,
  `office_id` int DEFAULT NULL,
  `health_check_id` int DEFAULT NULL,
  `created_at` datetime DEFAULT NULL,
  `updated_at` datetime DEFAULT NULL,
  PRIMARY KEY (`id`)
) ENGINE=InnoDB DEFAULT CHARSET=utf8mb3;


INSERT INTO `office_healthcheck` (`id`, `office_id`, `health_check_id`, `created_at`, `updated_at`)
VALUES
	(45,3,1,'2022-02-03 20:38:49','2022-02-03 20:38:49'),
	(46,3,2,'2022-02-03 20:38:49','2022-02-03 20:38:49'),
	(47,3,4,'2022-02-03 20:38:49','2022-02-03 20:38:49'),
	(48,3,5,'2022-02-03 20:38:49','2022-02-03 20:38:49'),
	(49,2,1,'2022-02-03 20:40:46','2022-02-03 20:40:46'),
	(50,2,2,'2022-02-03 20:40:46','2022-02-03 20:40:46'),
	(51,2,4,'2022-02-03 20:40:46','2022-02-03 20:40:46'),
	(52,2,5,'2022-02-03 20:40:46','2022-02-03 20:40:46'),
	(53,2,7,'2022-02-03 20:40:46','2022-02-03 20:40:46'),
	(54,2,8,'2022-02-03 20:40:46','2022-02-03 20:40:46'),
	(55,18,1,'2022-02-03 21:06:44','2022-02-03 21:06:44'),
	(56,18,2,'2022-02-03 21:06:44','2022-02-03 21:06:44'),
	(57,18,4,'2022-02-03 21:06:44','2022-02-03 21:06:44'),
	(58,18,5,'2022-02-03 21:06:44','2022-02-03 21:06:44'),
	(59,18,6,'2022-02-03 21:06:44','2022-02-03 21:06:44'),
	(60,18,8,'2022-02-03 21:06:44','2022-02-03 21:06:44');



# Dump of table office_ranks
# ------------------------------------------------------------

CREATE TABLE `office_ranks` (
  `id` int NOT NULL AUTO_INCREMENT,
  `rank` int DEFAULT NULL,
  `office_type` varchar(150) DEFAULT NULL,
  `rank_code` varchar(3) DEFAULT NULL,
  `status` int DEFAULT NULL,
  `created_at` datetime DEFAULT NULL,
  `updated_at` datetime DEFAULT NULL,
  `health_status` int DEFAULT NULL,
  PRIMARY KEY (`id`)
) ENGINE=InnoDB DEFAULT CHARSET=utf8mb3;


INSERT INTO `office_ranks` (`id`, `rank`, `office_type`, `rank_code`, `status`, `created_at`, `updated_at`, `health_status`)
VALUES
	(1,9,'System Office','SO',6,'2021-12-14 10:52:57','2021-12-14 10:52:59',0),
	(2,8,'System Administrator','SYS',6,'2021-12-14 10:53:42','2021-12-14 10:53:48',0),
	(3,7,'Department of Health KMITS','DOH',5,'2021-12-14 10:54:23','2021-12-14 10:54:25',0),
	(4,6,'Department of Health CPCB','CPC',5,'2021-12-14 11:04:56','2021-12-14 11:04:58',0),
	(5,5,'Department of Health CHD','CHD',5,'2021-12-14 11:05:32','2021-12-14 11:05:34',0),
	(6,4,'Provincial Health Office','PHO',5,'2021-12-14 11:05:56','2021-12-14 11:06:00',0),
	(7,3,'Municipal Health Office','MHO',5,'2021-12-14 11:06:56','2021-12-14 11:06:58',0),
	(8,2,'Barangay Health Center','BHO',5,'2021-12-14 11:09:08','2021-12-14 11:09:10',0),
	(9,1,'Health Facility','HCF',5,'2021-12-14 11:09:28','2021-12-14 11:09:30',1),
	(10,0,'General Public','GP',6,'2021-12-14 11:10:36','2021-12-14 11:10:38',0);



# Dump of table office_use_onlies
# ------------------------------------------------------------

CREATE TABLE `office_use_onlies` (
  `id` int unsigned NOT NULL AUTO_INCREMENT,
  `officer_names` varchar(255) CHARACTER SET utf8mb4 COLLATE utf8mb4_unicode_ci DEFAULT NULL,
  `signature_names` varchar(255) CHARACTER SET utf8mb4 COLLATE utf8mb4_unicode_ci DEFAULT NULL,
  `officer_dates` date DEFAULT NULL,
  `home_visits` varchar(255) CHARACTER SET utf8mb4 COLLATE utf8mb4_unicode_ci DEFAULT NULL,
  `additional_infos` text CHARACTER SET utf8mb4 COLLATE utf8mb4_unicode_ci,
  `officer_recommendations` text CHARACTER SET utf8mb4 COLLATE utf8mb4_unicode_ci,
  `outer_recieved_bies` varchar(255) CHARACTER SET utf8mb4 COLLATE utf8mb4_unicode_ci DEFAULT NULL,
  `raro_received_bies` varchar(255) CHARACTER SET utf8mb4 COLLATE utf8mb4_unicode_ci DEFAULT NULL,
  `outer_date_receiveds` date DEFAULT NULL,
  `raro_pay_periods` date DEFAULT NULL,
  `outer_supporting_docs` date DEFAULT NULL,
  `raro_payment_amounts` date DEFAULT NULL,
  `outer_supplementary_docs` date DEFAULT NULL,
  `raro_other_payments` date DEFAULT NULL,
  `outer_referals` date DEFAULT NULL,
  `raro_payments` date DEFAULT NULL,
  `outer_application_nos` date DEFAULT NULL,
  `raro_additional_voucher_nos` date DEFAULT NULL,
  `outer_head_app_nos` date DEFAULT NULL,
  `raro_main_vchrs` date DEFAULT NULL,
  `decisions` text CHARACTER SET utf8mb4 COLLATE utf8mb4_unicode_ci,
  `meeting_helds` text CHARACTER SET utf8mb4 COLLATE utf8mb4_unicode_ci,
  `commitee_names` varchar(255) CHARACTER SET utf8mb4 COLLATE utf8mb4_unicode_ci DEFAULT NULL,
  `signature_committees` varchar(255) CHARACTER SET utf8mb4 COLLATE utf8mb4_unicode_ci DEFAULT NULL,
  `committee_dates` date DEFAULT NULL,
  `created_at` timestamp NULL DEFAULT NULL,
  `updated_at` timestamp NULL DEFAULT NULL,
  PRIMARY KEY (`id`)
) ENGINE=MyISAM DEFAULT CHARSET=utf8mb4 COLLATE=utf8mb4_unicode_ci;



# Dump of table offices
# ------------------------------------------------------------

CREATE TABLE `offices` (
  `id` int NOT NULL AUTO_INCREMENT,
  `code` varchar(150) CHARACTER SET utf8mb3 COLLATE utf8mb3_general_ci DEFAULT NULL,
  `name` varchar(200) CHARACTER SET utf8mb3 COLLATE utf8mb3_general_ci DEFAULT NULL,
  `manager` varchar(150) CHARACTER SET utf8mb3 COLLATE utf8mb3_general_ci DEFAULT NULL,
  `type` int DEFAULT NULL,
  `lead` int DEFAULT NULL,
  `location` int DEFAULT NULL,
  `coverable_date` date DEFAULT NULL,
  `status` int DEFAULT NULL,
  `created_at` datetime DEFAULT NULL,
  `updated_at` datetime DEFAULT NULL,
  `created_by` int DEFAULT NULL,
  `updated_by` int DEFAULT NULL,
  PRIMARY KEY (`id`)
) ENGINE=InnoDB DEFAULT CHARSET=utf8mb3;


INSERT INTO `offices` (`id`, `code`, `name`, `manager`, `type`, `lead`, `location`, `coverable_date`, `status`, `created_at`, `updated_at`, `created_by`, `updated_by`)
VALUES
	(1,'001','Accra Circuit','1',100,2,22,'2022-09-05',1,'2022-09-23 12:52:33','2022-09-25 19:37:29',NULL,NULL),
	(2,'002','Tema','2',100,2,19,'2022-09-01',1,'2022-09-25 19:38:24','2022-09-25 19:38:24',NULL,NULL);



# Dump of table old_age_pensions
# ------------------------------------------------------------

CREATE TABLE `old_age_pensions` (
  `id` int unsigned NOT NULL AUTO_INCREMENT,
  `first_names` varchar(255) CHARACTER SET utf8mb4 COLLATE utf8mb4_unicode_ci DEFAULT NULL,
  `surnames` varchar(255) CHARACTER SET utf8mb4 COLLATE utf8mb4_unicode_ci DEFAULT NULL,
  `dobs` date DEFAULT NULL,
  `islands` text CHARACTER SET utf8mb4 COLLATE utf8mb4_unicode_ci,
  `genders` text CHARACTER SET utf8mb4 COLLATE utf8mb4_unicode_ci,
  `created_at` timestamp NULL DEFAULT NULL,
  `updated_at` timestamp NULL DEFAULT NULL,
  `bci_account_numbers` varchar(255) CHARACTER SET utf8mb4 COLLATE utf8mb4_unicode_ci DEFAULT NULL,
  PRIMARY KEY (`id`)
) ENGINE=InnoDB DEFAULT CHARSET=utf8mb4 COLLATE=utf8mb4_unicode_ci;



# Dump of table options
# ------------------------------------------------------------

CREATE TABLE `options` (
  `id` int unsigned NOT NULL AUTO_INCREMENT,
  `fullname` varchar(255) CHARACTER SET utf8mb4 COLLATE utf8mb4_unicode_ci NOT NULL,
  `shortname` varchar(255) CHARACTER SET utf8mb4 COLLATE utf8mb4_unicode_ci NOT NULL,
  `lookup_option_id` int unsigned NOT NULL,
  `created_at` timestamp NULL DEFAULT NULL,
  `updated_at` timestamp NULL DEFAULT NULL,
  PRIMARY KEY (`id`)
) ENGINE=InnoDB DEFAULT CHARSET=utf8mb4 COLLATE=utf8mb4_unicode_ci;



# Dump of table page_settings
# ------------------------------------------------------------

CREATE TABLE `page_settings` (
  `id` int NOT NULL AUTO_INCREMENT,
  `page_name` varchar(100) DEFAULT NULL,
  `page_content` longtext,
  `created_at` datetime DEFAULT NULL,
  `updated_at` datetime DEFAULT NULL,
  `page_title` varchar(200) DEFAULT NULL,
  `page_description` text,
  PRIMARY KEY (`id`)
) ENGINE=InnoDB DEFAULT CHARSET=utf8mb3;


INSERT INTO `page_settings` (`id`, `page_name`, `page_content`, `created_at`, `updated_at`, `page_title`, `page_description`)
VALUES
	(1,'faq','<div class=\"card mb-1\">\r\n     <h6 class=\"mb-0 p-xl-4 p-3\" data-bs-toggle=\"collapse\" data-bs-target=\"#faq4\" aria-expanded=\"true\" aria-controls=\"faq4\">Where can i show the FAQ section on my website?\r\n</h6>\r\n <div id=\"faq4\" class=\"collapse show\" style=\"\">\r\n        <div class=\"card-body border-top\">\r\n               <p>Food truck quinoa nesciunt laborum eiusmod. Brunch 3 wolf moon tempor, sunt aliqua put a bird on it squid single-origin coffee nulla assumenda shoreditch et.</p>\r\n        </div>\r\n     </div>\r\n </div>','2021-11-29 21:45:48','2022-08-31 09:43:34','FAQ','Frequently Asked Questions\r\n\r\nThe following provides answers to some of the frequently asked questions about the application'),
	(2,'contact_us','<p>CONTACT INFORMATION<br />\r\n<br />\r\nSan Lazaro Compound, Tayuman, Sta. Cruz, Manila<br />\r\nPhilippines 1003<br />\r\nTelephone No. (632) 8651-7800<br />\r\n<br />\r\nTelephone No: (632) 8651-7800 local 5003-5004<br />\r\n(632) 165-364<br />\r\nEmail Address: callcenter@doh.gov.ph</p>\r\n\r\n<p>&nbsp;</p>','2021-11-29 21:46:05','2022-09-01 01:02:20','CONTACT US','San Lazaro Compound, Tayuman, Sta. Cruz, Manila'),
	(3,'about_us','<p>ABOUT US<br />\r\n<br />\r\nOver 700 children under age 5 die every day of diarrhoeal diseases due to lack of appropriate WASH services. UNICEF works in over 100 countries to help provide access to clean water and reliable sanitation, and to promote basic hygiene practices in rural and urban areas, including in emergency situations. We achieve better WASH results for children by:</p>','2021-11-29 21:46:18','2021-12-09 13:51:52','ABOUT US','Over 700 children under age 5 die every day of diarrhoeal diseases due to lack of appropriate WASH services.');



# Dump of table partner_program
# ------------------------------------------------------------

CREATE TABLE `partner_program` (
  `program_id` bigint unsigned NOT NULL,
  `partner_id` bigint unsigned NOT NULL,
  `created_at` timestamp NULL DEFAULT NULL,
  `updated_at` timestamp NULL DEFAULT NULL
) ENGINE=InnoDB DEFAULT CHARSET=utf8mb4 COLLATE=utf8mb4_unicode_ci;


INSERT INTO `partner_program` (`program_id`, `partner_id`, `created_at`, `updated_at`)
VALUES
	(2,2,NULL,NULL),
	(2,1,NULL,NULL);



# Dump of table partners
# ------------------------------------------------------------

CREATE TABLE `partners` (
  `id` bigint unsigned NOT NULL AUTO_INCREMENT,
  `name` varchar(255) COLLATE utf8mb4_unicode_ci NOT NULL,
  `type` bigint unsigned NOT NULL,
  `phone` char(255) COLLATE utf8mb4_unicode_ci NOT NULL,
  `email` char(255) COLLATE utf8mb4_unicode_ci NOT NULL,
  `website` text CHARACTER SET utf8mb4 COLLATE utf8mb4_unicode_ci,
  `description` text COLLATE utf8mb4_unicode_ci,
  `logo_url` text COLLATE utf8mb4_unicode_ci,
  `status` tinyint(1) DEFAULT '1',
  `created_by` bigint unsigned NOT NULL,
  `updated_by` bigint unsigned DEFAULT NULL,
  `created_at` timestamp NULL DEFAULT NULL,
  `updated_at` timestamp NULL DEFAULT NULL,
  PRIMARY KEY (`id`)
) ENGINE=InnoDB DEFAULT CHARSET=utf8mb4 COLLATE=utf8mb4_unicode_ci;


INSERT INTO `partners` (`id`, `name`, `type`, `phone`, `email`, `website`, `description`, `logo_url`, `status`, `created_by`, `updated_by`, `created_at`, `updated_at`)
VALUES
	(1,'Ministry of Defence',140,'0557205684','program-gr-renade@mod.gov.gh',NULL,NULL,NULL,1,1,NULL,NULL,NULL),
	(2,'Ministry of Gender, Children and Social Protection',140,'0557205684','program-gr-renade@mod.gov.gh','https://mogcsp.gov.gh','MOGCSP exists to contribute to the development of the nation by achieving gender equality and equity, facilitate the enforcement of the rights of children, promote the integration and protection of the vulnerable, excluded and persons with disabilities in the development process through appropriate policies and strategies with adequate resources. We are committed to working with integrity, excellence and social justice.','app-uploads/programs/GVMkJR5CDt5sT1gxrNsNCm80PSjVwoZWPf0EDvBR.png',1,1,1,NULL,'2023-04-11 15:44:47'),
	(3,'UNICEF',139,'0557205684','info@unicef.org','http://unicef.org','The United Nations Children\'s Fund (UNICEF) is a specialized agency of the United Nations that is responsible for providing humanitarian and developmental assistance to children worldwide. Established in 1946, UNICEF operates in more than 190 countries and territories and is guided by the principles of the Convention on the Rights of the Child. UNICEF works with governments, civil society organizations, and other partners to provide health care, education, protection, and other essential services to children and their families, particularly those who are most vulnerable and marginalized. The organization focuses on reaching children in emergency and conflict situations, addressing the root causes of poverty and inequality, and promoting the participation of children and young people in decision-making processes that affect their lives.','app-uploads/programs/JBUBAsqfKGYBBtygHMIzC1canXNh48SwX6LLyCB8.png',1,1,1,'2023-04-11 13:14:02','2023-04-11 13:40:07');



# Dump of table password_resets
# ------------------------------------------------------------

CREATE TABLE `password_resets` (
  `email` varchar(255) CHARACTER SET utf8mb4 COLLATE utf8mb4_unicode_ci NOT NULL,
  `token` varchar(255) CHARACTER SET utf8mb4 COLLATE utf8mb4_unicode_ci NOT NULL,
  `created_at` timestamp NULL DEFAULT NULL,
  KEY `password_resets_email_index` (`email`)
) ENGINE=InnoDB DEFAULT CHARSET=utf8mb4 COLLATE=utf8mb4_unicode_ci;



# Dump of table pay_schedules
# ------------------------------------------------------------

CREATE TABLE `pay_schedules` (
  `id` int unsigned NOT NULL AUTO_INCREMENT,
  `name` varchar(255) CHARACTER SET utf8mb4 COLLATE utf8mb4_unicode_ci DEFAULT NULL,
  `amount` double NOT NULL,
  `cycle` varchar(255) CHARACTER SET utf8mb4 COLLATE utf8mb4_unicode_ci NOT NULL,
  `start_date` date NOT NULL,
  `end_date` date DEFAULT NULL,
  `status` tinyint(1) DEFAULT NULL,
  `created_by` bigint unsigned NOT NULL,
  `updated_by` bigint unsigned DEFAULT NULL,
  `created_at` timestamp NOT NULL,
  `updated_at` timestamp NOT NULL,
  PRIMARY KEY (`id`)
) ENGINE=InnoDB DEFAULT CHARSET=utf8mb4 COLLATE=utf8mb4_unicode_ci;



# Dump of table payment_schedules
# ------------------------------------------------------------

CREATE TABLE `payment_schedules` (
  `id` bigint unsigned NOT NULL AUTO_INCREMENT,
  `benefit_id` int unsigned NOT NULL,
  `cycle` varchar(255) CHARACTER SET utf8mb4 COLLATE utf8mb4_unicode_ci DEFAULT NULL,
  `begin_period` date DEFAULT NULL,
  `end_period` date DEFAULT NULL,
  `type` varchar(255) CHARACTER SET utf8mb4 COLLATE utf8mb4_unicode_ci DEFAULT 'Recurring',
  `day_of_payment` varchar(255) CHARACTER SET utf8mb4 COLLATE utf8mb4_unicode_ci DEFAULT '1,16',
  `amount` double unsigned DEFAULT '0',
  `tax` double unsigned DEFAULT '0',
  `dob_field` int unsigned DEFAULT NULL,
  `pension_amount` text CHARACTER SET utf8mb4 COLLATE utf8mb4_unicode_ci,
  `funeral_amount` text CHARACTER SET utf8mb4 COLLATE utf8mb4_unicode_ci,
  `child_age_limit` tinyint unsigned DEFAULT NULL,
  `user_id` int unsigned DEFAULT NULL,
  `created_at` timestamp NULL DEFAULT NULL,
  `updated_at` timestamp NULL DEFAULT NULL,
  PRIMARY KEY (`id`)
) ENGINE=InnoDB DEFAULT CHARSET=utf8mb4 COLLATE=utf8mb4_unicode_ci;


INSERT INTO `payment_schedules` (`id`, `benefit_id`, `cycle`, `begin_period`, `end_period`, `type`, `day_of_payment`, `amount`, `tax`, `dob_field`, `pension_amount`, `funeral_amount`, `child_age_limit`, `user_id`, `created_at`, `updated_at`)
VALUES
	(5,3,NULL,NULL,NULL,'Recurring','[\"1\",\"16\"]',100,0,NULL,NULL,NULL,NULL,1,'2022-01-18 17:02:30','2022-01-18 17:02:30'),
	(7,7,NULL,'2022-01-01','2022-12-01','One-Off','[\"25\"]',1920,10,NULL,NULL,NULL,NULL,1,'2022-01-19 12:39:32','2022-10-31 12:04:13'),
	(9,4,NULL,NULL,NULL,'One-Off','[\"3\"]',1000,10,NULL,NULL,NULL,NULL,8,'2022-01-20 17:36:15','2022-01-20 17:36:15'),
	(10,16,NULL,'2022-01-27','2022-04-13','Recurring','[\"2\",\"8\"]',230,21,NULL,'{\"60+\":{\"amount\":\"150\",\"tax\":\"17\"},\"65+\":{\"amount\":\"200\",\"tax\":\"17\"},\"70+\":{\"amount\":\"300\",\"tax\":\"20\"}}',NULL,NULL,1,'2022-01-27 14:33:21','2022-02-08 09:37:25'),
	(11,5,NULL,'2023-02-01','2023-02-28','Recurring','[\"2\",\"3\",\"8\",\"10\"]',200,0,NULL,NULL,NULL,NULL,1,'2022-02-02 12:54:07','2023-02-07 10:52:19'),
	(12,10,NULL,'2022-10-01','2026-10-01','One-Off','[\"3\"]',50,0,NULL,NULL,NULL,NULL,1,'2022-02-03 09:42:56','2022-10-24 13:23:55'),
	(13,17,NULL,'2022-02-18','2022-02-18','One-Off','[\"3\"]',0,0,NULL,NULL,NULL,NULL,1,'2022-02-19 00:09:55','2022-02-19 00:09:55'),
	(14,18,NULL,'2022-02-18','2022-02-18','Recurring','[\"4\"]',0,0,NULL,NULL,NULL,NULL,1,'2022-02-19 00:10:35','2022-02-19 00:10:35'),
	(15,19,NULL,'2022-02-18','2022-02-18','One-Off','[\"3\"]',0,0,NULL,NULL,NULL,NULL,1,'2022-02-19 00:20:40','2022-02-19 00:20:40'),
	(16,20,NULL,'2022-02-19','2022-02-19','Recurring','[\"3\",\"5\"]',1230,0,NULL,NULL,NULL,NULL,1,'2022-02-19 00:52:06','2022-02-19 00:52:06'),
	(17,21,NULL,'2022-01-01','2022-12-01','Recurring','1,16',0,0,NULL,NULL,NULL,NULL,1,'2022-10-10 10:04:34','2022-10-10 10:46:53'),
	(18,22,NULL,'2023-01-01','2023-12-01','Recurring','1,16',0,0,NULL,NULL,NULL,NULL,1,'2023-02-09 11:24:04','2023-02-09 11:29:41');



# Dump of table payment_vouchers
# ------------------------------------------------------------

CREATE TABLE `payment_vouchers` (
  `id` bigint unsigned NOT NULL AUTO_INCREMENT,
  `applicant_ref_no` varchar(255) CHARACTER SET utf8mb4 COLLATE utf8mb4_unicode_ci NOT NULL DEFAULT '0',
  `voucher_id` bigint NOT NULL,
  `benefit_id` bigint NOT NULL,
  `period` date DEFAULT NULL,
  `pay_type` varchar(255) CHARACTER SET utf8mb4 COLLATE utf8mb4_unicode_ci DEFAULT NULL,
  `gross_pay` double NOT NULL DEFAULT '0',
  `tax` double unsigned NOT NULL DEFAULT '0',
  `netable_pay` double DEFAULT NULL,
  `status` varchar(255) CHARACTER SET utf8mb4 COLLATE utf8mb4_unicode_ci NOT NULL,
  `created_by` int unsigned DEFAULT NULL,
  `approved_by` int unsigned DEFAULT NULL,
  `created_at` timestamp NULL DEFAULT NULL,
  `updated_at` timestamp NULL DEFAULT NULL,
  PRIMARY KEY (`id`)
) ENGINE=InnoDB DEFAULT CHARSET=utf8mb4 COLLATE=utf8mb4_unicode_ci;


INSERT INTO `payment_vouchers` (`id`, `applicant_ref_no`, `voucher_id`, `benefit_id`, `period`, `pay_type`, `gross_pay`, `tax`, `netable_pay`, `status`, `created_by`, `approved_by`, `created_at`, `updated_at`)
VALUES
	(1,'AITU-19930214-1-001',10,10,'2022-01-01','Type 1',9000,10,8100,'Verified',1,1,'2022-10-25 06:04:34','2022-10-25 06:04:34'),
	(2,'ALB-20100325-2-001',10,10,'2022-02-01','Type 1',8000,0,8000,'Verified',1,1,'2022-10-25 06:04:34','2022-10-25 06:04:34');



# Dump of table payroll_history
# ------------------------------------------------------------

CREATE TABLE `payroll_history` (
  `id` bigint unsigned NOT NULL AUTO_INCREMENT,
  `payroll_id` int unsigned NOT NULL,
  `benefit_id` int unsigned NOT NULL,
  `beneficiaries_data` text CHARACTER SET utf8mb4 COLLATE utf8mb4_unicode_ci NOT NULL,
  `confirmed_by` int unsigned NOT NULL,
  `created_at` timestamp NULL DEFAULT NULL,
  `updated_at` timestamp NULL DEFAULT NULL,
  PRIMARY KEY (`id`)
) ENGINE=InnoDB DEFAULT CHARSET=utf8mb4 COLLATE=utf8mb4_unicode_ci;



# Dump of table payroll_verification_process_logs
# ------------------------------------------------------------

CREATE TABLE `payroll_verification_process_logs` (
  `id` bigint unsigned NOT NULL AUTO_INCREMENT,
  `payroll_id` int unsigned NOT NULL,
  `user_id` int unsigned NOT NULL,
  `verification_process_id` int unsigned NOT NULL,
  `message` text CHARACTER SET utf8mb4 COLLATE utf8mb4_unicode_ci NOT NULL,
  `created_at` timestamp NULL DEFAULT NULL,
  `updated_at` timestamp NULL DEFAULT NULL,
  PRIMARY KEY (`id`)
) ENGINE=InnoDB DEFAULT CHARSET=utf8mb4 COLLATE=utf8mb4_unicode_ci;


INSERT INTO `payroll_verification_process_logs` (`id`, `payroll_id`, `user_id`, `verification_process_id`, `message`, `created_at`, `updated_at`)
VALUES
	(1,1,1,31,'Payroll has been generated.','2022-02-25 15:20:35','2022-02-25 15:20:35');



# Dump of table payroll_view_logs
# ------------------------------------------------------------

CREATE TABLE `payroll_view_logs` (
  `id` bigint unsigned NOT NULL AUTO_INCREMENT,
  `user_id` int unsigned NOT NULL,
  `payroll_id` int unsigned NOT NULL,
  `created_at` timestamp NULL DEFAULT NULL,
  `updated_at` timestamp NULL DEFAULT NULL,
  PRIMARY KEY (`id`)
) ENGINE=InnoDB DEFAULT CHARSET=utf8mb4 COLLATE=utf8mb4_unicode_ci;


INSERT INTO `payroll_view_logs` (`id`, `user_id`, `payroll_id`, `created_at`, `updated_at`)
VALUES
	(1,1,1,'2022-02-25 15:29:21','2022-02-25 15:29:21'),
	(2,1,1,'2022-02-25 15:41:16','2022-02-25 15:41:16'),
	(3,1,1,'2022-02-25 16:10:13','2022-02-25 16:10:13'),
	(4,1,1,'2022-02-25 16:10:16','2022-02-25 16:10:16'),
	(5,1,1,'2022-02-25 16:10:26','2022-02-25 16:10:26'),
	(6,1,1,'2022-02-25 16:17:35','2022-02-25 16:17:35'),
	(7,1,1,'2022-02-25 16:19:16','2022-02-25 16:19:16'),
	(8,1,1,'2022-02-25 16:21:24','2022-02-25 16:21:24'),
	(9,1,1,'2022-02-25 16:24:20','2022-02-25 16:24:20'),
	(10,1,1,'2022-02-25 16:24:49','2022-02-25 16:24:49'),
	(11,1,1,'2022-02-25 16:26:39','2022-02-25 16:26:39'),
	(12,1,1,'2022-02-25 16:27:14','2022-02-25 16:27:14'),
	(13,1,1,'2022-02-25 16:27:20','2022-02-25 16:27:20'),
	(14,1,1,'2022-02-26 20:13:08','2022-02-26 20:13:08'),
	(15,1,1,'2022-02-26 20:43:53','2022-02-26 20:43:53'),
	(16,1,1,'2022-02-26 20:44:08','2022-02-26 20:44:08'),
	(17,1,1,'2022-03-01 12:30:52','2022-03-01 12:30:52'),
	(18,1,1,'2022-03-09 08:42:52','2022-03-09 08:42:52'),
	(19,1,1,'2022-03-09 08:42:52','2022-03-09 08:42:52'),
	(20,1,1,'2022-03-14 13:53:08','2022-03-14 13:53:08');



# Dump of table payrolls
# ------------------------------------------------------------

CREATE TABLE `payrolls` (
  `id` bigint unsigned NOT NULL AUTO_INCREMENT,
  `payment_schedule_id` int unsigned NOT NULL,
  `benefit_id` int unsigned NOT NULL,
  `payment_date` date NOT NULL,
  `beneficiaries_id` text CHARACTER SET utf8mb4 COLLATE utf8mb4_unicode_ci,
  `status` tinyint(1) NOT NULL DEFAULT '0',
  `stage_lookup_id` int unsigned NOT NULL DEFAULT '0',
  `cleared` tinyint(1) NOT NULL DEFAULT '0',
  `rejected` tinyint(1) NOT NULL DEFAULT '0',
  `created_by` int unsigned DEFAULT NULL,
  `responsible_role` tinytext CHARACTER SET utf8mb4 COLLATE utf8mb4_unicode_ci,
  `approved_by` int unsigned DEFAULT NULL,
  `created_at` timestamp NULL DEFAULT NULL,
  `updated_at` timestamp NULL DEFAULT NULL,
  PRIMARY KEY (`id`)
) ENGINE=InnoDB DEFAULT CHARSET=utf8mb4 COLLATE=utf8mb4_unicode_ci;


INSERT INTO `payrolls` (`id`, `payment_schedule_id`, `benefit_id`, `payment_date`, `beneficiaries_id`, `status`, `stage_lookup_id`, `cleared`, `rejected`, `created_by`, `responsible_role`, `approved_by`, `created_at`, `updated_at`)
VALUES
	(1,7,7,'2022-02-25','[13]',1,31,0,0,1,'1',NULL,'2022-02-25 15:20:35','2022-02-25 16:19:15');



# Dump of table permission_role
# ------------------------------------------------------------

CREATE TABLE `permission_role` (
  `permission_id` bigint unsigned NOT NULL,
  `role_id` bigint unsigned NOT NULL,
  PRIMARY KEY (`permission_id`,`role_id`),
  KEY `permission_role_role_id_foreign` (`role_id`),
  CONSTRAINT `permission_role_permission_id_foreign` FOREIGN KEY (`permission_id`) REFERENCES `permissions` (`id`) ON DELETE CASCADE ON UPDATE CASCADE,
  CONSTRAINT `permission_role_role_id_foreign` FOREIGN KEY (`role_id`) REFERENCES `roles` (`id`) ON DELETE CASCADE ON UPDATE CASCADE
) ENGINE=InnoDB DEFAULT CHARSET=utf8mb4 COLLATE=utf8mb4_unicode_ci;


INSERT INTO `permission_role` (`permission_id`, `role_id`)
VALUES
	(1,2),
	(2,2),
	(3,2),
	(4,2),
	(5,2),
	(6,2),
	(7,2),
	(8,2),
	(9,2),
	(13,2),
	(14,2),
	(15,2),
	(16,2),
	(18,2),
	(19,2),
	(21,2),
	(22,2),
	(24,2),
	(25,2),
	(1,3),
	(3,3),
	(7,3),
	(9,3),
	(10,3),
	(11,3),
	(13,3),
	(17,3),
	(19,3),
	(20,4),
	(27,4),
	(20,6),
	(22,6),
	(27,6),
	(11,7),
	(12,8),
	(24,8),
	(25,8),
	(26,8),
	(27,8),
	(28,8);



# Dump of table permission_user
# ------------------------------------------------------------

CREATE TABLE `permission_user` (
  `permission_id` bigint unsigned NOT NULL,
  `user_id` bigint unsigned NOT NULL,
  `user_type` varchar(255) CHARACTER SET utf8mb4 COLLATE utf8mb4_unicode_ci NOT NULL,
  PRIMARY KEY (`user_id`,`permission_id`,`user_type`),
  KEY `permission_user_permission_id_foreign` (`permission_id`),
  CONSTRAINT `permission_user_permission_id_foreign` FOREIGN KEY (`permission_id`) REFERENCES `permissions` (`id`) ON DELETE CASCADE ON UPDATE CASCADE
) ENGINE=InnoDB DEFAULT CHARSET=utf8mb4 COLLATE=utf8mb4_unicode_ci;



# Dump of table permissions
# ------------------------------------------------------------

CREATE TABLE `permissions` (
  `id` bigint unsigned NOT NULL AUTO_INCREMENT,
  `name` varchar(255) CHARACTER SET utf8mb4 COLLATE utf8mb4_unicode_ci NOT NULL,
  `display_name` varchar(255) CHARACTER SET utf8mb4 COLLATE utf8mb4_unicode_ci DEFAULT NULL,
  `description` varchar(255) CHARACTER SET utf8mb4 COLLATE utf8mb4_unicode_ci DEFAULT NULL,
  `created_at` timestamp NULL DEFAULT NULL,
  `updated_at` timestamp NULL DEFAULT NULL,
  PRIMARY KEY (`id`),
  UNIQUE KEY `permissions_name_unique` (`name`)
) ENGINE=InnoDB DEFAULT CHARSET=utf8mb4 COLLATE=utf8mb4_unicode_ci;


INSERT INTO `permissions` (`id`, `name`, `display_name`, `description`, `created_at`, `updated_at`)
VALUES
	(1,'add-user','Add User','Only for Users who can new users','2021-11-20 14:35:05','2021-11-20 18:56:44'),
	(2,'delete-user','Delete User',NULL,'2021-11-20 18:49:07','2021-11-20 18:49:07'),
	(3,'delete_roles','Delete User Role',NULL,'2021-11-25 21:40:03','2021-11-25 21:40:05'),
	(4,'set-lookup-options','Set Lookup Options',NULL,'2021-11-25 21:21:27','2021-11-25 21:21:27'),
	(5,'start-application-approval-process','Start Application Approval Process','Start Application Approval Process','2021-12-01 01:26:54','2021-12-01 01:26:54'),
	(6,'forms-building-manipulations','Forms Building & Manipulations','Forms Building & Manipulations','2021-12-01 01:27:58','2021-12-01 01:27:58'),
	(7,'add-edit-benefit','Add and Edit Benefit',NULL,'2022-01-31 08:47:18','2022-01-31 08:47:54'),
	(8,'archive-restore-delete-benefit','Archive and Restore and Delete Benefit',NULL,'2022-01-31 09:01:01','2022-01-31 09:01:01'),
	(9,'add-applicant','Add Applicant',NULL,'2022-01-31 09:01:21','2022-01-31 09:01:21'),
	(10,'view-applicant','View Applicant',NULL,'2022-01-31 09:01:31','2022-01-31 09:01:31'),
	(11,'edit-beneficiary','Edit Beneficiary',NULL,'2022-01-31 09:02:08','2022-01-31 09:02:08'),
	(12,'view-beneficiaries','View Beneficiaries',NULL,'2022-01-31 09:02:29','2022-01-31 09:02:29'),
	(13,'archive-restore-delete-beneficiaries','View Beneficiaries',NULL,'2022-01-31 09:02:46','2022-01-31 09:02:46'),
	(14,'perform-debt-recovery','Perform Debt Recovery',NULL,'2022-01-31 09:03:09','2022-01-31 09:03:09'),
	(15,'beneficiary-form-setup','Beneficiary Form Setup',NULL,'2022-01-31 09:03:19','2022-01-31 09:03:19'),
	(16,'record-payment','Record Payment After Payroll Approval',NULL,'2022-01-31 09:04:01','2022-01-31 09:04:01'),
	(17,'add-edit-project','Add and Edit Projects',NULL,'2022-01-31 09:04:30','2022-01-31 09:04:30'),
	(18,'archive-restore-delete-projects','Archive and Restore and Delete Projects',NULL,'2022-01-31 09:04:50','2022-01-31 09:04:50'),
	(19,'add-edit-complaint','Add and Edit Complaints',NULL,'2022-01-31 09:05:20','2022-01-31 09:05:20'),
	(20,'view-complaint','View Complaints',NULL,'2022-01-31 09:05:40','2022-01-31 09:26:59'),
	(21,'add-edit-case','Add and Edit Cases',NULL,'2022-01-31 09:05:57','2022-01-31 09:25:54'),
	(22,'view-case','View Cases',NULL,'2022-01-31 09:06:15','2022-01-31 09:06:15'),
	(23,'archive-restore-delete-cases','Archive and Restore and Delete Cases',NULL,'2022-01-31 09:06:33','2022-01-31 09:06:33'),
	(24,'generate-report','Generate Report',NULL,'2022-01-31 09:07:15','2022-01-31 09:07:15'),
	(25,'payroll-summary-report','Payroll Summary Report',NULL,'2022-01-31 09:07:28','2022-01-31 09:07:28'),
	(26,'add-and-edit-survey','Add and Edit Survey',NULL,'2022-01-31 09:17:57','2022-01-31 09:17:57'),
	(27,'view-survey','View Survey',NULL,'2022-01-31 09:18:41','2022-01-31 09:18:41'),
	(28,'payroll-process','Payroll Process',NULL,'2022-01-31 09:34:19','2022-01-31 09:34:19'),
	(29,'application-verification','Application Verification','Is involved in the Application verification process','2022-02-09 11:36:15','2022-02-09 11:36:15'),
	(30,'approval-process-setup','Approval process setup',NULL,'2022-02-09 12:14:21','2022-02-09 12:14:21');



# Dump of table personal_access_tokens
# ------------------------------------------------------------

CREATE TABLE `personal_access_tokens` (
  `id` bigint unsigned NOT NULL AUTO_INCREMENT,
  `tokenable_type` varchar(255) CHARACTER SET utf8mb4 COLLATE utf8mb4_unicode_ci NOT NULL,
  `tokenable_id` bigint unsigned NOT NULL,
  `name` varchar(255) CHARACTER SET utf8mb4 COLLATE utf8mb4_unicode_ci NOT NULL,
  `token` varchar(64) CHARACTER SET utf8mb4 COLLATE utf8mb4_unicode_ci NOT NULL,
  `abilities` text CHARACTER SET utf8mb4 COLLATE utf8mb4_unicode_ci,
  `last_used_at` timestamp NULL DEFAULT NULL,
  `expires_at` timestamp NULL DEFAULT NULL,
  `created_at` timestamp NULL DEFAULT NULL,
  `updated_at` timestamp NULL DEFAULT NULL,
  PRIMARY KEY (`id`),
  UNIQUE KEY `personal_access_tokens_token_unique` (`token`),
  KEY `personal_access_tokens_tokenable_type_tokenable_id_index` (`tokenable_type`,`tokenable_id`)
) ENGINE=InnoDB DEFAULT CHARSET=utf8mb4 COLLATE=utf8mb4_unicode_ci;


INSERT INTO `personal_access_tokens` (`id`, `tokenable_type`, `tokenable_id`, `name`, `token`, `abilities`, `last_used_at`, `expires_at`, `created_at`, `updated_at`)
VALUES
	(1,'App\\Models\\User',21,'APP_TOKEN','cb668a858bc290aa073ce5a8842e8fcd350b93857e1ce7611eda3a4334843373','[\"*\"]',NULL,NULL,'2023-01-11 12:02:31','2023-01-11 12:02:31'),
	(2,'App\\Models\\User',21,'Samsung note 10','a5ed6f3d6736fc7ef5f402751a4d0a2121b3af4dfdaf1289d3031a911898123f','[\"*\"]',NULL,NULL,'2023-01-11 12:10:28','2023-01-11 12:10:28'),
	(3,'App\\Models\\User',21,'Samsung note 10','779bc109790eec4bc7e328a4986a825d505dd77bb88baad5790254147716b922','[\"*\"]',NULL,NULL,'2023-01-11 12:13:06','2023-01-11 12:13:06'),
	(4,'App\\Models\\User',21,'Samsung note 10','d4bc2e8a79fc05a507095d9b32069e7c0d3e642a969d2f8af20794787dde5988','[\"*\"]',NULL,NULL,'2023-01-11 12:55:52','2023-01-11 12:55:52'),
	(5,'App\\Models\\User',21,'Samsung note 10','3d03a401723e27591ce6af361b5e6b77933db803fe17fe5d9a7fefd0446fa8f7','[\"*\"]',NULL,NULL,'2023-01-11 13:24:44','2023-01-11 13:24:44'),
	(6,'App\\Models\\User',21,'Samsung note 10','bf5edf13b7cc24a9c803f4178e76c08112aef90742f44d636e8a276ed3093767','[\"*\"]',NULL,NULL,'2023-01-11 15:29:18','2023-01-11 15:29:18'),
	(7,'App\\Models\\User',21,'APP_TOKEN','9cbe96d5af7b547bf178c6f752bf80f6a8ee95cf4464561550fe3cf34af41aa7','[\"*\"]',NULL,NULL,'2023-01-11 15:38:33','2023-01-11 15:38:33'),
	(8,'App\\Models\\User',21,'APP_TOKEN','dbf3c08341c5af1061402a26cb641008bad2505b44a14ea69744c31eeb10a2f0','[\"*\"]',NULL,NULL,'2023-01-11 16:10:35','2023-01-11 16:10:35'),
	(9,'App\\Models\\User',21,'APP_TOKEN','90f0373d2a68c04781ab45bb6f5cf0652a4e5204abc79506e1d4879cd276fa64','[\"*\"]',NULL,NULL,'2023-01-11 16:10:35','2023-01-11 16:10:35'),
	(10,'App\\Models\\User',21,'APP_TOKEN','be03b0a6727052c309342225bc8c290ddce654d73a5a9148cd2dcf72906fca24','[\"*\"]',NULL,NULL,'2023-01-11 16:24:49','2023-01-11 16:24:49'),
	(11,'App\\Models\\User',21,'APP_TOKEN','ab7e4db665904cfa7e4ebe230f7f2b5a0e023029a89bf5ccfab74ea13de17c18','[\"*\"]',NULL,NULL,'2023-01-11 16:24:49','2023-01-11 16:24:49'),
	(12,'App\\Models\\User',23,'APP_TOKEN','b7db6b16077e9820daaee543d5b6da09f870ffa0e5cda30c21cd74c354dd85ce','[\"*\"]',NULL,NULL,'2023-01-11 16:35:02','2023-01-11 16:35:02'),
	(13,'App\\Models\\User',21,'APP_TOKEN','8c15da71332d14dd6a09400af70505d69c426da55a10af2612bad93cb29d401a','[\"*\"]','2023-01-12 09:40:03',NULL,'2023-01-11 16:55:13','2023-01-12 09:40:03'),
	(14,'App\\Models\\User',21,'APP_TOKEN','b5054fc873044067acbfcd1d967a9373a9ada32f30f14ba6c60814b4c99df65f','[\"*\"]',NULL,NULL,'2023-01-13 08:23:39','2023-01-13 08:23:39'),
	(15,'App\\Models\\User',21,'APP_TOKEN','ee8c9548f43f48fa0bd152b4aabe62857c45793a1e02907f0c1bb1700a42267b','[\"*\"]',NULL,NULL,'2023-01-13 08:23:58','2023-01-13 08:23:58'),
	(16,'App\\Models\\User',21,'APP_TOKEN','3a8f0ebfb4e13d168a2fa0323c1728b6651375e2321a3de1999d3e845df247f2','[\"*\"]',NULL,NULL,'2023-01-13 08:30:18','2023-01-13 08:30:18'),
	(17,'App\\Models\\User',21,'APP_TOKEN','c821db464c2f56bab7b548572a2c450e33259d87f09ee9cff5043d2fa9a13b26','[\"*\"]',NULL,NULL,'2023-01-13 08:30:18','2023-01-13 08:30:18'),
	(18,'App\\Models\\User',21,'APP_TOKEN','d98c6b9885cf26ff60d70809039a0cf0fe5dcf37bd5fbbf045921f772f6c7928','[\"*\"]',NULL,NULL,'2023-01-13 08:30:52','2023-01-13 08:30:52'),
	(19,'App\\Models\\User',21,'APP_TOKEN','3ead0713c65bf3d131f54a887c452fe68c97ce3470262afbb5ff92f7e3cd8db6','[\"*\"]',NULL,NULL,'2023-01-13 08:30:52','2023-01-13 08:30:52'),
	(20,'App\\Models\\User',21,'APP_TOKEN','8963a8ccab42d15ed1747b0fc13b63b88d266b93a9b26e3b02ac3a8f4c5f68b3','[\"*\"]',NULL,NULL,'2023-01-13 08:36:17','2023-01-13 08:36:17'),
	(21,'App\\Models\\User',21,'APP_TOKEN','0a167fe9c8e957b3901e0fb99c3ec3d6759eac149ee84b3564823fd70b112875','[\"*\"]',NULL,NULL,'2023-01-13 08:36:26','2023-01-13 08:36:26'),
	(22,'App\\Models\\User',21,'APP_TOKEN','9e6297aa29fb6979b707b535781eb5ea8393aa57177acc125bf9be3752c65d2a','[\"*\"]',NULL,NULL,'2023-01-13 08:37:13','2023-01-13 08:37:13'),
	(23,'App\\Models\\User',21,'APP_TOKEN','d00466cb3cb1c84bad31e69ae3a678e0f3bf4cfac3fc15adff30ecf394110d5a','[\"*\"]',NULL,NULL,'2023-01-13 08:41:08','2023-01-13 08:41:08'),
	(24,'App\\Models\\User',21,'APP_TOKEN','7791306ae428884389e1e0dc64fe7babccfc3c35af8c3de90bf42493de5a0fdc','[\"*\"]',NULL,NULL,'2023-01-13 08:41:43','2023-01-13 08:41:43'),
	(25,'App\\Models\\User',21,'APP_TOKEN','d49debd07a75900b11b4aa3fabf5f72468f129be1a91517031b63819a69ac5b0','[\"*\"]',NULL,NULL,'2023-01-20 16:13:41','2023-01-20 16:13:41'),
	(26,'App\\Models\\User',21,'APP_TOKEN','754fffcfd5b1b0bcaa85f22028314ed44714bd1128165595a437b6b6f1ec7ca4','[\"*\"]','2023-01-22 20:47:35',NULL,'2023-01-20 16:14:46','2023-01-22 20:47:35'),
	(27,'App\\Models\\User',21,'APP_TOKEN','31c38528d590e61a6f1af5e4cb26a2ff2e4a42a21f77b96788b833933d39e403','[\"*\"]','2023-02-01 08:11:41',NULL,'2023-02-01 07:09:34','2023-02-01 08:11:41'),
	(28,'App\\Models\\User',21,'APP_TOKEN','e0073b52c07116abd3cbd9f37e944954fd2862b6523e7e22ef94504f0d861cd2','[\"*\"]',NULL,NULL,'2023-03-31 14:48:08','2023-03-31 14:48:08'),
	(29,'App\\Models\\User',21,'APP_TOKEN','62f85e59bbd7f795647aa36b0a99253fbf9422d8be9e297e2d377b5a488f921c','[\"*\"]',NULL,NULL,'2023-03-31 15:29:48','2023-03-31 15:29:48');



# Dump of table program_user
# ------------------------------------------------------------

CREATE TABLE `program_user` (
  `program_id` bigint unsigned NOT NULL,
  `user_id` bigint unsigned NOT NULL,
  `created_at` timestamp NULL DEFAULT NULL,
  `updated_at` timestamp NULL DEFAULT NULL
) ENGINE=InnoDB DEFAULT CHARSET=utf8mb4 COLLATE=utf8mb4_unicode_ci;


INSERT INTO `program_user` (`program_id`, `user_id`, `created_at`, `updated_at`)
VALUES
	(2,21,NULL,NULL),
	(2,1,NULL,NULL),
	(2,2,NULL,NULL);



# Dump of table programs
# ------------------------------------------------------------

CREATE TABLE `programs` (
  `id` bigint unsigned NOT NULL AUTO_INCREMENT,
  `name` varchar(255) COLLATE utf8mb4_unicode_ci NOT NULL,
  `description` text CHARACTER SET utf8mb4 COLLATE utf8mb4_unicode_ci,
  `document` text COLLATE utf8mb4_unicode_ci,
  `status` tinyint(1) DEFAULT '1',
  `created_by` bigint unsigned NOT NULL,
  `updated_by` bigint unsigned DEFAULT NULL,
  `created_at` timestamp NULL DEFAULT NULL,
  `updated_at` timestamp NULL DEFAULT NULL,
  PRIMARY KEY (`id`)
) ENGINE=InnoDB DEFAULT CHARSET=utf8mb4 COLLATE=utf8mb4_unicode_ci;


INSERT INTO `programs` (`id`, `name`, `description`, `document`, `status`, `created_by`, `updated_by`, `created_at`, `updated_at`)
VALUES
	(2,'National Youth Protection Scheme','Social Welfare Information Management System (SWIMS) refers to a web-based [1] system developed by the Government of Ghana to document and report on the provision of social welfare services (child protection, social protection, and gender-based violence) based on standard national data collection forms, workflows, referral pathways and standard operating procedures (SOPs).','app-uploads/programs/nohv38VMQab25g2KDwHNF4vIhxNk7jXnVx25Oto6.pdf',1,1,1,'2023-03-31 00:12:54','2023-04-11 15:21:46');



# Dump of table project_timelines
# ------------------------------------------------------------

CREATE TABLE `project_timelines` (
  `id` int unsigned NOT NULL AUTO_INCREMENT,
  `project_id` int DEFAULT NULL,
  `activity_names` varchar(255) CHARACTER SET utf8mb4 COLLATE utf8mb4_unicode_ci DEFAULT NULL,
  `start_dates` datetime DEFAULT NULL,
  `end_dates` datetime DEFAULT NULL,
  `statuses` text CHARACTER SET utf8mb4 COLLATE utf8mb4_unicode_ci,
  `delayed_reasons` text CHARACTER SET utf8mb4 COLLATE utf8mb4_unicode_ci,
  `comments` text CHARACTER SET utf8mb4 COLLATE utf8mb4_unicode_ci,
  `created_at` timestamp NULL DEFAULT NULL,
  `updated_at` timestamp NULL DEFAULT NULL,
  PRIMARY KEY (`id`)
) ENGINE=MyISAM DEFAULT CHARSET=utf8mb4 COLLATE=utf8mb4_unicode_ci;



# Dump of table projects
# ------------------------------------------------------------

CREATE TABLE `projects` (
  `id` int unsigned NOT NULL AUTO_INCREMENT,
  `project_names` varchar(255) CHARACTER SET utf8mb4 COLLATE utf8mb4_unicode_ci DEFAULT NULL,
  `locations` varchar(255) CHARACTER SET utf8mb4 COLLATE utf8mb4_unicode_ci DEFAULT NULL,
  `project_owners` varchar(255) CHARACTER SET utf8mb4 COLLATE utf8mb4_unicode_ci DEFAULT NULL,
  `project_costs` double DEFAULT NULL,
  `times` varchar(255) CHARACTER SET utf8mb4 COLLATE utf8mb4_unicode_ci DEFAULT NULL,
  `recipient_beneficiaries` varchar(255) CHARACTER SET utf8mb4 COLLATE utf8mb4_unicode_ci DEFAULT NULL,
  `scopes` text CHARACTER SET utf8mb4 COLLATE utf8mb4_unicode_ci,
  `archived` tinyint(1) DEFAULT '0',
  `created_at` timestamp NULL DEFAULT NULL,
  `updated_at` timestamp NULL DEFAULT NULL,
  `islands` text CHARACTER SET utf8mb4 COLLATE utf8mb4_unicode_ci,
  PRIMARY KEY (`id`)
) ENGINE=MyISAM DEFAULT CHARSET=utf8mb4 COLLATE=utf8mb4_unicode_ci;



# Dump of table questionnaires
# ------------------------------------------------------------

CREATE TABLE `questionnaires` (
  `id` bigint unsigned NOT NULL AUTO_INCREMENT,
  `form_id` int unsigned NOT NULL,
  `benefit_id` int unsigned DEFAULT NULL,
  `status` tinyint(1) NOT NULL DEFAULT '1',
  `created_at` timestamp NULL DEFAULT NULL,
  `updated_at` timestamp NULL DEFAULT NULL,
  PRIMARY KEY (`id`)
) ENGINE=InnoDB DEFAULT CHARSET=utf8mb4 COLLATE=utf8mb4_unicode_ci;



# Dump of table record_trackers
# ------------------------------------------------------------

CREATE TABLE `record_trackers` (
  `id` bigint unsigned NOT NULL AUTO_INCREMENT,
  `applicant_number` varchar(255) CHARACTER SET utf8mb4 COLLATE utf8mb4_unicode_ci DEFAULT NULL,
  `old_values` text CHARACTER SET utf8mb4 COLLATE utf8mb4_unicode_ci,
  `new_values` text CHARACTER SET utf8mb4 COLLATE utf8mb4_unicode_ci,
  `event` varchar(255) CHARACTER SET utf8mb4 COLLATE utf8mb4_unicode_ci NOT NULL,
  `table_name` varchar(255) CHARACTER SET utf8mb4 COLLATE utf8mb4_unicode_ci NOT NULL,
  `field` varchar(255) CHARACTER SET utf8mb4 COLLATE utf8mb4_unicode_ci NOT NULL,
  `record_id` bigint unsigned DEFAULT NULL,
  `reason` text CHARACTER SET utf8mb4 COLLATE utf8mb4_unicode_ci,
  `evidences` text CHARACTER SET utf8mb4 COLLATE utf8mb4_unicode_ci,
  `request_by` bigint unsigned NOT NULL,
  `approved` tinyint DEFAULT '0',
  `status` varchar(255) CHARACTER SET utf8mb4 COLLATE utf8mb4_unicode_ci NOT NULL DEFAULT 'New',
  `comment` text CHARACTER SET utf8mb4 COLLATE utf8mb4_unicode_ci,
  `created_at` timestamp NULL DEFAULT NULL,
  `updated_at` timestamp NULL DEFAULT NULL,
  PRIMARY KEY (`id`)
) ENGINE=InnoDB DEFAULT CHARSET=utf8mb4 COLLATE=utf8mb4_unicode_ci;


INSERT INTO `record_trackers` (`id`, `applicant_number`, `old_values`, `new_values`, `event`, `table_name`, `field`, `record_id`, `reason`, `evidences`, `request_by`, `approved`, `status`, `comment`, `created_at`, `updated_at`)
VALUES
	(1,'AITU-19930214-1-001','{\"type\":\"Brother\",\"surname\":\"Sowa\",\"first_name\":\"Enoch\",\"other_name\":\"Adotey\",\"date_of_birth\":\"2022-07-01\",\"id_type\":\"Birth Certificate\",\"dependent_reference_id\":\"GHA9093883-23\",\"is_dependent\":\"Yes\"}','{\"type\":\"Son\",\"surname\":\"Sowa\",\"first_name\":\"Enoch\",\"other_name\":\"Adotey\",\"date_of_birth\":\"2022-07-01\",\"id_type\":\"Birth Certificate\",\"dependent_reference_id\":\"GHA9093883-23\",\"is_dependant\":\"Yes\"}','Updated','family','Family',3,'Nothing',NULL,1,0,'New',NULL,'2022-11-23 11:42:18','2022-11-23 18:40:24'),
	(2,'AITU-19930214-1-001','\"Female\"','\"Male\"','Update','applicants','genders',14,'Gender change',NULL,1,0,'In Progress','Working on it','2022-11-23 11:48:00','2022-11-23 12:08:24'),
	(3,'AITU-19930214-1-001','\"Mangaia\"','\"Mauke\"','Update','applicants','place_of_births',14,'Changed 3',NULL,1,0,'New',NULL,'2022-11-23 12:31:45','2022-11-23 12:32:19'),
	(4,'AITU-19930214-1-001','\"Cook Islands\"','\"Croatia\"','Update','applicants','country_of_births',14,'Change 6',NULL,1,0,'Verified','Accurate','2022-11-23 12:35:41','2022-11-26 12:33:05'),
	(5,'AITU-19930214-1-001','{\"type\":\"Father\",\"surname\":\"Gatey\",\"first_name\":\"Billy\",\"other_name\":\"Junior\",\"date_of_birth\":\"1971-02-17\",\"id_type\":\"National Id\",\"dependent_reference_id\":\"GP-909090\",\"is_dependent\":\"No\"}','{\"type\":\"Father\",\"surname\":\"Gatey\",\"first_name\":\"Billy\",\"other_name\":\"Junior\",\"date_of_birth\":\"1971-02-17\",\"id_type\":\"National Id\",\"dependent_reference_id\":\"GP-909090\",\"is_dependant\":\"No\"}','Deletion','family','Family',5,'Done',NULL,1,0,'Verified','Accurate','2022-11-23 18:32:23','2022-11-24 12:35:33'),
	(6,'AITU-19930214-1-001',NULL,'{\"type\":\"108\",\"island\":\"Aitutaki\",\"village\":\"Limpo\",\"postal_address\":\"12 Nii Ashaiboi Street.\"}','Addition','contact_details','Contact Detail',23,NULL,NULL,1,0,'New',NULL,'2022-11-24 12:38:20','2022-11-24 12:38:20'),
	(7,'AITU-19930214-1-001',NULL,'{\"type\":\"109\",\"mobile\":\"0244237891\",\"telephone\":\"0244237891\"}','Addition','contact_details','Contact Detail',24,NULL,NULL,1,0,'New',NULL,'2022-11-24 14:33:41','2022-11-24 14:33:42'),
	(8,'AITU-19930214-1-001','{\"type_name\":\"Mobile Number\",\"type\":109,\"mobile\":\"0501375124\",\"telephone\":\"0303339232\",\"email\":\"smith123@gmail.com\",\"postal_address\":\"P. O. Box RET Livingston\",\"upload_residency\":null,\"address\":\"Old Kent Road\",\"village\":\"Liansude\",\"island\":null,\"verified\":1,\"verified_by\":null,\"verified_at\":null}','[]','Deletion','contact_details','Contact Detail',16,'Not in use',NULL,1,0,'Verified','Accurate','2022-11-24 16:25:36','2022-11-24 16:26:11'),
	(9,'AITU-19930214-1-001',NULL,'{\"type\":\"109\",\"mobile\":\"0244237891\"}','Addition','contact_details','Contact Detail',25,NULL,NULL,1,0,'New',NULL,'2022-11-25 08:25:49','2022-11-25 08:25:49'),
	(10,'AITU-19930214-1-001',NULL,'{\"type\":\"109\",\"mobile\":\"0501375124\"}','Addition','contact_details','Contact Detail',1,NULL,NULL,1,0,'New',NULL,'2022-11-25 09:30:11','2022-11-25 09:30:12'),
	(11,'AITU-19930214-1-001',NULL,'{\"type\":\"110\",\"email\":\"asowa45@gmail.com\"}','Addition','contact_details','Contact Detail',2,NULL,NULL,1,0,'New',NULL,'2022-11-25 10:11:26','2022-11-25 10:11:26'),
	(12,'AITU-19930214-1-001','{\"type_name\":\"Email\",\"type\":110,\"mobile\":null,\"telephone\":\"\",\"email\":\"hos@mail.com\",\"code\":\"PPUO\",\"postal_address\":null,\"upload_residency\":null,\"address\":null,\"village\":null,\"island\":null,\"verified\":0,\"verified_by\":null,\"verified_at\":null}','[]','Deletion','contact_details','Contact Detail',3,'dfd',NULL,1,0,'Verified','Accurate','2022-11-25 10:49:32','2022-11-25 13:01:31'),
	(13,'AITU-19930214-1-001','{\"type_name\":\"Mobile Number\",\"type\":109,\"mobile\":\"0244237891\",\"telephone\":\"\",\"email\":\"\",\"code\":\"TCU2\",\"postal_address\":null,\"upload_residency\":null,\"address\":null,\"village\":null,\"island\":null,\"verified\":0,\"verified_by\":null,\"verified_at\":null}','[]','Deletion','contact_details','Contact Detail',4,'de',NULL,1,0,'Verified','Accurate','2022-11-25 10:49:54','2022-11-25 13:02:23'),
	(14,'AITU-19930214-1-001','{\"type_name\":\"Mobile Number\",\"type\":109,\"mobile\":\"0501375122\",\"telephone\":\"\",\"email\":\"\",\"code\":\"HQOJ\",\"postal_address\":null,\"upload_residency\":null,\"address\":null,\"village\":null,\"island\":null,\"verified\":0,\"verified_by\":null,\"verified_at\":null}','[]','Deletion','contact_details','Contact Detail',5,'Not accurate',NULL,1,0,'New',NULL,'2022-11-25 11:12:39','2022-11-25 12:53:07'),
	(18,'AITU-19930214-1-001',NULL,'{\"type\":\"109\",\"mobile\":\"0557205684\"}','Addition','contact_details','Contact Detail',6,NULL,NULL,1,0,'Verified','Accurate','2022-11-25 14:48:29','2022-11-25 14:55:02'),
	(19,'AITU-19930214-1-001','{\"type_name\":\"Mobile Number\",\"type\":109,\"mobile\":\"0501375124\",\"telephone\":\"\",\"email\":\"\",\"code\":null,\"postal_address\":null,\"upload_residency\":null,\"address\":null,\"village\":null,\"island\":null,\"verified\":0,\"verified_by\":null,\"verified_at\":null}','[]','Deletion','contact_details','Contact Detail',1,'Quick',NULL,1,0,'Verified','Accurate','2022-11-25 14:55:39','2022-11-25 14:55:57'),
	(20,'AITU-19930214-1-001',NULL,'{\"type\":\"109\",\"mobile\":\"0501375124\"}','Addition','contact_details','Contact Detail',7,NULL,NULL,1,0,'New',NULL,'2022-11-25 15:26:45','2022-11-25 15:26:46'),
	(21,'AITU-19930214-1-001','{\"type_name\":\"Mobile Number\",\"type\":109,\"mobile\":\"0501375124\",\"telephone\":\"\",\"email\":\"\",\"code\":null,\"postal_address\":null,\"upload_residency\":null,\"address\":null,\"village\":null,\"island\":null,\"verified\":0,\"verified_by\":null,\"verified_at\":null}','[]','Deletion','contact_details','Contact Detail',7,'Done',NULL,1,0,'New',NULL,'2022-11-25 15:28:51','2022-11-25 15:28:51'),
	(22,'ATIU-19900130-1-001','\"\"','\"Cook Islands\"','Update','applicants','country_of_births',1,'New',NULL,1,0,'Verified','Accurate','2022-11-26 12:00:22','2022-11-26 12:35:18'),
	(23,'ATIU-19900130-1-001','\"app-uploads\\/applicant\\/profile\\/phZoE2kOqWdARkmSg2JVEYwcTJHYmcBdkjINBKEI.jpg\"','\"app-uploads\\/applicant\\/profile\\/ySC8E5XVaz8YDD0ycOl6C2CpEc7sFRA4YESo7GmO.jpg\"','Update','applicants','upload_passport_pic',1,'New',NULL,1,0,'Verified','Done','2022-11-26 12:00:22','2022-11-26 12:38:35'),
	(24,'MANG-19900601-2-001','\"app-uploads\\/applicant\\/profile\\/iKZ2crQaxsLIZlZbahqN84omgxi86ZvBlHF9OS8I.jpg\"','\"app-uploads\\/applicant\\/profile\\/ofTlmEnSNPQ8fn9iiI64MKB8nCMYwbKguUKRfKvx.jpg\"','Update','applicants','upload_passport_pic',17,'Perfect',NULL,2,0,'Verified','All data provided are accurate','2022-12-01 12:33:37','2022-12-01 12:50:21'),
	(25,'MANG-19900601-2-001','\"app-uploads\\/applicant\\/profile\\/iKZ2crQaxsLIZlZbahqN84omgxi86ZvBlHF9OS8I.jpg\"','\"app-uploads\\/applicant\\/profile\\/ofTlmEnSNPQ8fn9iiI64MKB8nCMYwbKguUKRfKvx.jpg\"','Update','applicants','avatar',17,'Perfect',NULL,2,0,'New',NULL,'2022-12-01 12:33:37','2022-12-01 12:50:02'),
	(26,'MANG-19900601-2-001','{\"type\":\"Son\",\"surname\":\"Jones\",\"first_name\":\"Greg\",\"other_name\":\"Junior\",\"date_of_birth\":\"2019-06-13\",\"id_type\":\"Birth Certificate\",\"dependent_reference_id\":\"12234389-09\",\"is_dependent\":\"Yes\"}','{\"type\":\"Son\",\"surname\":\"Jones\",\"first_name\":\"Greg\",\"other_name\":\"Junior\",\"date_of_birth\":\"2019-06-13\",\"id_type\":\"Birth Certificate\",\"dependent_reference_id\":\"12234389-34\",\"is_dependant\":\"Yes\"}','Updated','family','Family',6,'34343',NULL,2,0,'Verified','Done','2022-12-01 12:58:00','2022-12-01 13:33:23'),
	(27,'MANG-19900601-2-001',NULL,'{\"type\":\"109\",\"mobile\":\"0501375124\"}','Addition','contact_details','Contact Detail',8,NULL,NULL,2,0,'New',NULL,'2022-12-01 14:18:49','2022-12-01 14:18:51'),
	(28,'MANG-19900601-2-001',NULL,'{\"id_types\":\"Passport\",\"id_number\":\"45454665\",\"expiry\":\"07\\/14\\/2023\",\"document\":\"public\\/applicants\\/17\\/identifications\\/passport.jpeg\"}','Addition','identification_details','Identification Detail',25,NULL,NULL,2,0,'Verified','Accurate','2022-12-01 14:20:08','2022-12-01 14:21:31'),
	(29,'MANG-19900601-2-001',NULL,'{\"bank_name\":\"Access Bank (Ghana) Plc\",\"account_type\":\"Current\",\"account_holder_name\":\"Candace Owens\",\"account_number\":\"020090903323\",\"branch\":\"Dansoman Branch\"}','Addition','account_details','Account Detail',15,NULL,NULL,2,0,'Verified','All data provided are accurate','2022-12-01 14:24:32','2022-12-01 14:25:04'),
	(30,'MANG-19930616-1-007','\"Cook Island\"','\"Cook Islanders\"','Update','applicants','nationalities',10,'Quick',NULL,1,0,'Verified','Accurate','2022-12-05 16:14:28','2022-12-20 13:02:24'),
	(31,'MANG-19930616-1-007','\"\"','\"Cook Islands\"','Update','applicants','country_of_births',10,'Quick',NULL,1,0,'Verified','Accurate','2022-12-05 16:14:28','2022-12-20 13:02:32'),
	(32,'MANG-19930616-1-007','\"\"','\"app-uploads\\/applicant\\/profile\\/m2Lq1QdlprZKmknDyqVA0rYky4QzlD6NSN9SbYJ4.jpg\"','Update','applicants','upload_passport_pic',10,'Update',NULL,1,0,'Verified','Perfect','2022-12-05 16:14:28','2022-12-05 16:15:11'),
	(33,'MANG-19930616-1-007','\"\"','\"app-uploads\\/applicant\\/profile\\/m2Lq1QdlprZKmknDyqVA0rYky4QzlD6NSN9SbYJ4.jpg\"','Update','applicants','avatar',10,'Update',NULL,1,0,'New',NULL,'2022-12-05 16:14:28','2022-12-05 16:14:28'),
	(34,'MANG-19930616-1-007',NULL,'{\"type\":\"109\",\"mobile\":\"0501375124\"}','Addition','contact_details','Contact Detail',9,NULL,NULL,1,0,'New',NULL,'2022-12-06 14:42:13','2022-12-06 14:42:14'),
	(35,'MANG-19930616-1-007',NULL,'{\"type\":\"107\",\"island\":\"Atiu\",\"village\":\"Asokwa\",\"address\":\"Manna Valley\",\"postal_address\":null,\"upload_residency\":\"public\\/applicants\\/10\\/proof-residence\\/birth-cert.jpeg\"}','Addition','contact_details','Contact Detail',11,NULL,NULL,1,0,'New',NULL,'2022-12-06 15:08:17','2022-12-06 15:08:17'),
	(36,'MANG-19930616-1-007',NULL,'{\"type\":\"Daughter\",\"surname\":\"Sowa\",\"first_name\":\"Joyce\",\"other_name\":\"Naa\",\"date_of_birth\":\"09\\/09\\/2022\",\"id_type\":\"Birth Certificate\",\"dependent_reference_id\":\"12234389-10\",\"is_dependant\":\"Yes\"}','Addition','family','Family',7,NULL,NULL,1,0,'Verified','Perfect','2022-12-06 15:44:35','2022-12-06 15:45:18'),
	(37,'MANG-19930616-1-007',NULL,'{\"bank_name\":\"Ecobank Ghana Plc\",\"account_type\":\"Current\",\"account_holder_name\":\"Candace Owens\",\"account_number\":\"020090903323\",\"branch\":null}','Addition','account_details','Account Detail',16,NULL,NULL,1,0,'Verified','Perfect','2022-12-07 12:44:19','2022-12-07 12:45:30'),
	(38,'MANG-19930616-1-007',NULL,'{\"id_types\":\"Passport\",\"id_number\":\"45454665\",\"expiry\":\"12\\/30\\/2022\"}','Addition','identification_details','Identification Detail',26,NULL,NULL,1,0,'New',NULL,'2022-12-21 16:37:27','2022-12-21 16:37:27'),
	(39,'ATIU-19900131-1-001','\"Alfred\"','\"Alfreda\"','Update','applicants','first_names',3,'Try',NULL,1,0,'New',NULL,'2023-01-27 10:47:11','2023-01-27 10:47:11'),
	(40,'ATIU-19900131-1-001','\"Cook Island\"','\"Afghan\"','Update','applicants','nationalities',3,'Try',NULL,1,0,'New',NULL,'2023-01-27 10:47:11','2023-01-27 10:47:11'),
	(41,'ATIU-19900131-1-001','\"\"','\"Afghanistan\"','Update','applicants','country_of_births',3,'Try',NULL,1,0,'New',NULL,'2023-01-27 10:47:11','2023-01-27 10:47:11'),
	(42,'MANG-19900601-2-001',NULL,'{\"account_type\":\"117\",\"bank_name\":\"MTN Ghana\",\"account_number\":\"0557205684\",\"account_holder_name\":\"Alfred Sowa\",\"branch\":\"Deluxe Money Tranfer Limited\"}','Addition','account_details','Account Detail',17,NULL,NULL,1,0,'New',NULL,'2023-03-20 12:39:45','2023-03-20 12:39:45'),
	(43,NULL,NULL,'{\"type\":\"137\",\"household_number\":\"AA000005\",\"is_household_head\":\"1\"}','Addition','contact_details','Contact Detail',0,NULL,NULL,1,0,'New',NULL,'2023-03-28 16:26:17','2023-03-28 16:26:17'),
	(44,'ALB-20100325-2-001','{\"type_name\":\"Household\",\"type\":137,\"mobile\":null,\"telephone\":\"\",\"email\":\"\",\"code\":null,\"household_number\":\"AA000005\",\"is_household_head\":1,\"postal_address\":null,\"upload_residency\":null,\"address\":null,\"village\":null,\"island\":null,\"verified\":0,\"verified_by\":null,\"verified_at\":null}','[]','Deletion','contact_details','Contact Detail',12,'transfer',NULL,1,0,'Verified','Done','2023-03-28 16:27:16','2023-03-28 16:58:42'),
	(45,'ALB-20100325-2-001',NULL,'{\"type\":\"137\",\"household_number\":\"AA000005\",\"is_household_head\":\"0\"}','Addition','contact_details','Contact Detail',13,NULL,NULL,1,0,'Verified','Done','2023-03-28 17:05:54','2023-03-28 17:40:01'),
	(46,'ALB-20100325-2-001','{\"type_name\":\"Household\",\"type\":137,\"mobile\":null,\"telephone\":\"\",\"email\":\"\",\"code\":null,\"household_number\":\"AA000005\",\"is_household_head\":0,\"postal_address\":null,\"upload_residency\":null,\"address\":null,\"village\":null,\"island\":null,\"verified\":0,\"verified_by\":null,\"verified_at\":null}','[]','Deletion','contact_details','Contact Detail',13,'Done',NULL,1,0,'Verified','Done','2023-03-28 17:41:55','2023-03-28 17:42:14'),
	(47,'ALB-20100325-2-001',NULL,'{\"type\":\"137\",\"household_number\":\"AA000005\",\"is_household_head\":\"1\"}','Addition','contact_details','Contact Detail',14,NULL,NULL,1,0,'Verified','Done','2023-03-28 17:42:38','2023-03-28 17:55:22');



# Dump of table region_survey
# ------------------------------------------------------------

CREATE TABLE `region_survey` (
  `region_id` bigint unsigned NOT NULL,
  `survey_id` bigint unsigned NOT NULL,
  `created_at` timestamp NULL DEFAULT NULL,
  `updated_at` timestamp NULL DEFAULT NULL
) ENGINE=InnoDB DEFAULT CHARSET=utf8mb4 COLLATE=utf8mb4_unicode_ci;


INSERT INTO `region_survey` (`region_id`, `survey_id`, `created_at`, `updated_at`)
VALUES
	(22,1,NULL,NULL),
	(114,1,NULL,NULL);



# Dump of table role_user
# ------------------------------------------------------------

CREATE TABLE `role_user` (
  `role_id` bigint unsigned NOT NULL,
  `user_id` bigint unsigned NOT NULL,
  `user_type` varchar(255) CHARACTER SET utf8mb4 COLLATE utf8mb4_unicode_ci NOT NULL,
  PRIMARY KEY (`user_id`,`role_id`,`user_type`),
  KEY `role_user_role_id_foreign` (`role_id`),
  CONSTRAINT `role_user_role_id_foreign` FOREIGN KEY (`role_id`) REFERENCES `roles` (`id`) ON DELETE CASCADE ON UPDATE CASCADE
) ENGINE=InnoDB DEFAULT CHARSET=utf8mb4 COLLATE=utf8mb4_unicode_ci;


INSERT INTO `role_user` (`role_id`, `user_id`, `user_type`)
VALUES
	(2,1,'App\\Models\\User'),
	(2,2,'App\\Models\\User'),
	(2,20,'App\\Models\\User'),
	(2,25,'App\\Models\\User'),
	(3,26,'App\\Models\\User'),
	(7,21,'App\\Models\\User'),
	(7,22,'App\\Models\\User'),
	(7,23,'App\\Models\\User'),
	(7,24,'App\\Models\\User'),
	(7,27,'App\\Models\\User'),
	(7,28,'App\\Models\\User'),
	(7,29,'App\\Models\\User');



# Dump of table roles
# ------------------------------------------------------------

CREATE TABLE `roles` (
  `id` bigint unsigned NOT NULL AUTO_INCREMENT,
  `name` varchar(255) CHARACTER SET utf8mb4 COLLATE utf8mb4_unicode_ci NOT NULL,
  `code` char(3) CHARACTER SET utf8mb4 COLLATE utf8mb4_unicode_ci NOT NULL,
  `display_name` varchar(255) CHARACTER SET utf8mb4 COLLATE utf8mb4_unicode_ci NOT NULL,
  `lead` bigint DEFAULT NULL,
  `description` varchar(255) CHARACTER SET utf8mb4 COLLATE utf8mb4_unicode_ci DEFAULT NULL,
  `status` tinyint(1) DEFAULT '1',
  `created_at` timestamp NULL DEFAULT NULL,
  `updated_at` timestamp NULL DEFAULT NULL,
  PRIMARY KEY (`id`),
  UNIQUE KEY `roles_name_unique` (`name`)
) ENGINE=InnoDB DEFAULT CHARSET=utf8mb4 COLLATE=utf8mb4_unicode_ci;


INSERT INTO `roles` (`id`, `name`, `code`, `display_name`, `lead`, `description`, `status`, `created_at`, `updated_at`)
VALUES
	(2,'administrator','ADM','Administrator',NULL,'All Permissions',1,'2021-11-20 19:30:02','2022-09-25 16:45:34'),
	(3,'hod','HOD','Head of Department',2,NULL,1,'2021-11-21 21:37:44','2022-10-08 08:14:07'),
	(4,'tester','TST','Tester',NULL,NULL,1,'2021-12-02 16:34:39','2022-09-25 16:46:25'),
	(6,'guest','GST','Guest',2,NULL,1,'2022-10-08 06:47:59','2022-10-08 06:47:59'),
	(7,'beneficiary','BEF','Beneficiary',3,NULL,1,'2022-12-12 12:54:09','2022-12-12 12:54:41'),
	(8,'financial-advisor','FAD','Financial Advisor',2,NULL,1,'2023-01-26 22:31:31','2023-01-26 22:31:31');



# Dump of table sessions
# ------------------------------------------------------------

CREATE TABLE `sessions` (
  `id` varchar(255) CHARACTER SET utf8mb4 COLLATE utf8mb4_unicode_ci NOT NULL,
  `user_id` bigint unsigned DEFAULT NULL,
  `ip_address` varchar(45) CHARACTER SET utf8mb4 COLLATE utf8mb4_unicode_ci DEFAULT NULL,
  `user_agent` text CHARACTER SET utf8mb4 COLLATE utf8mb4_unicode_ci,
  `payload` text CHARACTER SET utf8mb4 COLLATE utf8mb4_unicode_ci NOT NULL,
  `last_activity` int NOT NULL,
  PRIMARY KEY (`id`),
  KEY `sessions_user_id_index` (`user_id`),
  KEY `sessions_last_activity_index` (`last_activity`)
) ENGINE=InnoDB DEFAULT CHARSET=utf8mb4 COLLATE=utf8mb4_unicode_ci;


INSERT INTO `sessions` (`id`, `user_id`, `ip_address`, `user_agent`, `payload`, `last_activity`)
VALUES
	('KOQoimtOa88Gh8GYHqHR7lE56NC24vWwnNVIYsed',NULL,'127.0.0.1','Mozilla/5.0 (Macintosh; Intel Mac OS X 10_15_7) AppleWebKit/537.36 (KHTML, like Gecko) Chrome/95.0.4638.54 Safari/537.36','YTo0OntzOjY6Il90b2tlbiI7czo0MDoiMXFVWTJaR3VKQ0t4S0JlWTd3MjdwdHJpVFZmcVRGNkhuQmE4d1FDNSI7czozOiJ1cmwiO2E6MTp7czo4OiJpbnRlbmRlZCI7czozMToiaHR0cDovLzEyNy4wLjAuMTo4MDAwL2Rhc2hib2FyZCI7fXM6OToiX3ByZXZpb3VzIjthOjE6e3M6MzoidXJsIjtzOjI3OiJodHRwOi8vMTI3LjAuMC4xOjgwMDAvbG9naW4iO31zOjY6Il9mbGFzaCI7YToyOntzOjM6Im9sZCI7YTowOnt9czozOiJuZXciO2E6MDp7fX19',1637706819);



# Dump of table settings
# ------------------------------------------------------------

CREATE TABLE `settings` (
  `id` int unsigned NOT NULL AUTO_INCREMENT,
  `name` varchar(255) CHARACTER SET utf8mb4 COLLATE utf8mb4_unicode_ci NOT NULL,
  `val` text CHARACTER SET utf8mb4 COLLATE utf8mb4_unicode_ci,
  `created_at` timestamp NULL DEFAULT NULL,
  `updated_at` timestamp NULL DEFAULT NULL,
  `group` varchar(255) CHARACTER SET utf8mb4 COLLATE utf8mb4_unicode_ci NOT NULL DEFAULT 'default',
  PRIMARY KEY (`id`)
) ENGINE=InnoDB DEFAULT CHARSET=utf8mb4 COLLATE=utf8mb4_unicode_ci;


INSERT INTO `settings` (`id`, `name`, `val`, `created_at`, `updated_at`, `group`)
VALUES
	(1,'app_name',NULL,'2021-12-12 12:20:46','2022-11-14 12:02:05','default'),
	(2,'from_email','admin@bewsys.com','2021-12-12 12:20:46','2021-12-12 12:20:46','default'),
	(3,'from_name','Bewsys Limited','2021-12-12 12:20:46','2021-12-12 12:20:46','default'),
	(4,'app_project_name','Alleviate','2022-11-14 12:02:05','2022-11-14 12:02:05','default'),
	(7,'logo',NULL,'2021-12-12 13:37:16','2022-09-02 08:32:34','default'),
	(8,'footer_details','Copyright © 2022 <a href=\'\'>Bewsys Management System</a> All rights reserved.','2021-12-12 15:58:46','2022-09-22 09:10:18','default'),
	(9,'password_expiry_days','90','2022-01-10 08:05:48','2022-01-10 08:05:51','default'),
	(10,'app_email','info@alleviate.org','2022-11-14 12:02:05','2022-11-14 12:02:05','default'),
	(11,'app_owner','Bewsys','2022-11-14 12:02:05','2022-11-14 12:02:05','default'),
	(12,'app_contact','(590) 909-0554','2022-11-14 12:02:05','2022-12-06 11:41:42','default'),
	(13,'app_main_currency','82','2022-11-14 12:02:05','2023-02-07 11:55:27','default'),
	(14,'app_country','77','2022-11-14 12:02:05','2022-12-06 11:26:38','default'),
	(15,'app_description','Hello','2022-11-14 12:02:05','2022-11-15 08:35:56','default'),
	(16,'app_linkedIn_url',NULL,'2022-11-14 12:02:05','2022-11-15 11:20:41','default'),
	(17,'app_twitter_url',NULL,'2022-11-14 12:02:05','2022-11-15 11:20:41','default'),
	(18,'app_facebook_url',NULL,'2022-11-14 12:02:05','2022-11-15 11:20:41','default'),
	(19,'app_copyright','@2022 Alleviate SP by <a href=\"https://bewsys.com\" target=\"_blank\"> Bewsys</a>','2022-11-14 12:02:05','2022-11-15 10:56:48','default'),
	(20,'app_deployment_date','11/01/2022','2022-11-14 12:02:05','2022-11-14 12:16:54','default'),
	(21,'app_logo',NULL,'2022-11-14 12:02:05','2022-12-05 13:16:39','default'),
	(23,'app_address','12 Nii Amon Kotey Street. East Legon','2022-11-14 12:16:42','2022-11-15 08:35:56','default'),
	(24,'app_whatsApp_url',NULL,'2022-11-15 06:21:06','2022-11-15 11:20:41','default'),
	(25,'app_main_currency_symbol','GHS','2022-11-15 09:55:58','2023-02-07 11:55:27','default'),
	(26,'app_main_currency_code','GHS','2022-11-15 09:55:58','2023-02-07 11:55:27','default'),
	(27,'applicant_title','Beneficiary','2022-11-25 12:09:05','2022-11-25 12:09:05','default'),
	(28,'applicant_description','Lorem ipsum dolor sit amet, consectetur adipisicing elit. Ab aliquam delectus, eligendi et illo nesciunt possimus. Consequatur cupiditate deserunt eius eum, laudantium, minima, odio officiis pariatur totam veritatis vero voluptatem.','2022-11-25 12:09:06','2022-11-25 12:09:06','default'),
	(29,'app_call_code','44','2022-12-06 11:25:28','2022-12-06 11:26:38','default'),
	(30,'app_country_name','United Kingdom','2022-12-06 11:25:28','2022-12-06 11:26:38','default');



# Dump of table stage_emails
# ------------------------------------------------------------

CREATE TABLE `stage_emails` (
  `id` int unsigned NOT NULL AUTO_INCREMENT,
  `email_template_id` int unsigned NOT NULL,
  `lookup_id` int unsigned NOT NULL,
  `order` int DEFAULT NULL,
  `roles` text CHARACTER SET utf8mb4 COLLATE utf8mb4_unicode_ci,
  `active` tinyint(1) NOT NULL DEFAULT '1',
  `created_at` timestamp NULL DEFAULT NULL,
  `updated_at` timestamp NULL DEFAULT NULL,
  PRIMARY KEY (`id`),
  KEY `stage_emails_email_template_id_foreign` (`email_template_id`),
  KEY `stage_emails_lookup_id_foreign` (`lookup_id`)
) ENGINE=InnoDB DEFAULT CHARSET=utf8mb4 COLLATE=utf8mb4_unicode_ci;


INSERT INTO `stage_emails` (`id`, `email_template_id`, `lookup_id`, `order`, `roles`, `active`, `created_at`, `updated_at`)
VALUES
	(1,1,3,1,'1',1,'2021-12-10 14:11:05','2021-12-10 14:11:05'),
	(2,2,12,1,'1,5',1,'2021-12-21 09:26:08','2022-01-19 09:02:04'),
	(3,3,13,4,'1,5',1,'2021-12-21 09:26:25','2021-12-21 10:14:58'),
	(4,4,14,2,'1',1,'2021-12-21 09:26:39','2021-12-21 09:26:39'),
	(5,5,15,6,'1',1,'2021-12-21 14:25:23','2022-02-23 09:25:21'),
	(6,6,31,1,'1',1,'2022-01-18 18:45:37','2022-01-18 18:45:37'),
	(7,7,32,2,'1,5',1,'2022-01-19 12:29:28','2022-01-27 19:25:19'),
	(8,8,33,3,'1,5',1,'2022-01-19 12:33:11','2022-01-27 19:25:31'),
	(9,9,34,4,'1,5',1,'2022-01-19 12:33:44','2022-01-27 19:25:43'),
	(10,10,16,5,'1',1,'2022-01-27 00:31:10','2022-01-27 00:33:07'),
	(11,4,35,3,'1,3,5',1,'2022-02-23 09:26:35','2022-02-23 09:26:35');



# Dump of table statuses
# ------------------------------------------------------------

CREATE TABLE `statuses` (
  `id` int NOT NULL AUTO_INCREMENT,
  `status` varchar(50) DEFAULT NULL,
  `created_at` datetime DEFAULT NULL,
  `updated_at` datetime DEFAULT NULL,
  PRIMARY KEY (`id`)
) ENGINE=InnoDB DEFAULT CHARSET=utf8mb3;


INSERT INTO `statuses` (`id`, `status`, `created_at`, `updated_at`)
VALUES
	(1,'Pending','2021-12-03 15:04:00','2021-12-03 15:04:03'),
	(2,'Approved','2021-12-03 15:04:22','2021-12-03 15:04:24'),
	(3,'On-Hold','2021-12-03 15:04:37','2021-12-03 15:04:39'),
	(4,'Rejected','2021-12-03 15:05:03','2021-12-03 15:05:05'),
	(5,'Active','2022-02-01 10:20:35','2022-02-01 10:20:38'),
	(6,'Inactive','2022-02-01 10:20:51','2022-02-01 10:20:53');



# Dump of table surveys
# ------------------------------------------------------------

CREATE TABLE `surveys` (
  `id` bigint unsigned NOT NULL AUTO_INCREMENT,
  `title` varchar(255) CHARACTER SET utf8mb4 COLLATE utf8mb4_unicode_ci NOT NULL,
  `type` bigint NOT NULL,
  `purpose` text CHARACTER SET utf8mb4 COLLATE utf8mb4_unicode_ci NOT NULL,
  `program_id` bigint NOT NULL,
  `duration` varchar(255) COLLATE utf8mb4_unicode_ci NOT NULL,
  `start_date` date NOT NULL,
  `end_date` date NOT NULL,
  `status` bigint NOT NULL DEFAULT '155',
  `created_by` bigint unsigned NOT NULL,
  `updated_by` bigint unsigned DEFAULT NULL,
  `created_at` timestamp NULL DEFAULT NULL,
  `updated_at` timestamp NULL DEFAULT NULL,
  PRIMARY KEY (`id`)
) ENGINE=InnoDB DEFAULT CHARSET=utf8mb4 COLLATE=utf8mb4_unicode_ci;


INSERT INTO `surveys` (`id`, `title`, `type`, `purpose`, `program_id`, `duration`, `start_date`, `end_date`, `status`, `created_by`, `updated_by`, `created_at`, `updated_at`)
VALUES
	(1,'National Census Collations',149,'Lorem ipsum dolor sit amet, consectetur adipiscing elit. Aliquam sit amet pretium mauris. Nulla aliquet nisl ornare ante cursus iaculis. Nunc ornare facilisis nisi, sed euismod mauris iaculis ac. Phasellus bibendum sapien nec posuere ultricies. Duis varius eleifend dui, a tempus ex tincidunt ut. Donec at leo ac elit vulputate tincidunt. Sed in commodo sem, non rhoncus metus. Etiam justo metus, ornare at iaculis non, tempus a ante.',2,'03/29/2023 - 04/27/2023','2023-03-29','2023-04-27',155,1,1,'2023-04-14 14:46:49','2023-04-14 16:33:07');



# Dump of table team_invitations
# ------------------------------------------------------------

CREATE TABLE `team_invitations` (
  `id` bigint unsigned NOT NULL AUTO_INCREMENT,
  `team_id` bigint unsigned NOT NULL,
  `email` varchar(255) CHARACTER SET utf8mb4 COLLATE utf8mb4_unicode_ci NOT NULL,
  `role` bigint NOT NULL,
  `created_at` timestamp NULL DEFAULT NULL,
  `updated_at` timestamp NULL DEFAULT NULL,
  PRIMARY KEY (`id`),
  UNIQUE KEY `team_invitations_team_id_email_unique` (`team_id`,`email`),
  CONSTRAINT `team_invitations_team_id_foreign` FOREIGN KEY (`team_id`) REFERENCES `teams` (`id`) ON DELETE CASCADE
) ENGINE=InnoDB DEFAULT CHARSET=utf8mb4 COLLATE=utf8mb4_unicode_ci;



# Dump of table team_management_members
# ------------------------------------------------------------

CREATE TABLE `team_management_members` (
  `id` bigint unsigned NOT NULL AUTO_INCREMENT,
  `name` varchar(255) COLLATE utf8mb4_unicode_ci NOT NULL,
  `date_of_birth` date NOT NULL,
  `gender` bigint unsigned NOT NULL,
  `email` varchar(255) CHARACTER SET utf8mb4 COLLATE utf8mb4_unicode_ci DEFAULT NULL,
  `phone` char(50) CHARACTER SET utf8mb4 COLLATE utf8mb4_unicode_ci NOT NULL,
  `address` text COLLATE utf8mb4_unicode_ci,
  `education_level` bigint unsigned NOT NULL,
  `education_institution` varchar(255) COLLATE utf8mb4_unicode_ci DEFAULT NULL,
  `work_experience` text CHARACTER SET utf8mb4 COLLATE utf8mb4_unicode_ci,
  `training_skills` text CHARACTER SET utf8mb4 COLLATE utf8mb4_unicode_ci,
  `references` text CHARACTER SET utf8mb4 COLLATE utf8mb4_unicode_ci,
  `languages` text CHARACTER SET utf8mb4 COLLATE utf8mb4_unicode_ci NOT NULL,
  `criminal_background` tinyint(1) DEFAULT '0',
  `criminal_background_file` text CHARACTER SET utf8mb4 COLLATE utf8mb4_unicode_ci,
  `avatar_url` text COLLATE utf8mb4_unicode_ci,
  `availability` tinyint(1) NOT NULL DEFAULT '1',
  `status` tinyint(1) DEFAULT '1',
  `last_seen` timestamp NULL DEFAULT NULL,
  `verification_date` timestamp NULL DEFAULT NULL,
  `created_by` bigint unsigned NOT NULL,
  `updated_by` bigint unsigned DEFAULT NULL,
  `created_at` timestamp NULL DEFAULT NULL,
  `updated_at` timestamp NULL DEFAULT NULL,
  `deleted_at` timestamp NULL DEFAULT NULL,
  PRIMARY KEY (`id`)
) ENGINE=InnoDB DEFAULT CHARSET=utf8mb4 COLLATE=utf8mb4_unicode_ci;


INSERT INTO `team_management_members` (`id`, `name`, `date_of_birth`, `gender`, `email`, `phone`, `address`, `education_level`, `education_institution`, `work_experience`, `training_skills`, `references`, `languages`, `criminal_background`, `criminal_background_file`, `avatar_url`, `availability`, `status`, `last_seen`, `verification_date`, `created_by`, `updated_by`, `created_at`, `updated_at`, `deleted_at`)
VALUES
	(1,'Serwaa Dontoh','2013-04-05',2,'deqanaceje@mailinator.com','+1 (405) 918-1801','Doloribus impedit v',169,'Lester Dillon','Sit dolor mollit ut','Doloremque aut et pr',NULL,'[\"14\",\"15\"]',0,'app-uploads/team-members/documents/OcUzwv8Re0gQRYKgp40whihi0ktVhdfi7gSXemVE.pdf','app-uploads/team-members/YEYHx26bFn8ureXVg3eC8tOeeQMlAYanbaOx7fyb.jpg',1,1,NULL,NULL,1,1,'2023-04-17 17:07:24','2023-04-17 17:26:23',NULL);



# Dump of table team_members
# ------------------------------------------------------------

CREATE TABLE `team_members` (
  `id` bigint unsigned NOT NULL AUTO_INCREMENT,
  `team_id` bigint unsigned NOT NULL,
  `user_id` bigint unsigned NOT NULL,
  `role` bigint unsigned NOT NULL,
  `status` tinyint(1) DEFAULT '1',
  `created_by` bigint unsigned NOT NULL,
  `updated_by` bigint unsigned DEFAULT NULL,
  `created_at` timestamp NULL DEFAULT NULL,
  `updated_at` timestamp NULL DEFAULT NULL,
  `deleted_at` timestamp NULL DEFAULT NULL,
  PRIMARY KEY (`id`),
  UNIQUE KEY `team_user_team_id_user_id_unique` (`team_id`,`user_id`)
) ENGINE=InnoDB DEFAULT CHARSET=utf8mb4 COLLATE=utf8mb4_unicode_ci;


INSERT INTO `team_members` (`id`, `team_id`, `user_id`, `role`, `status`, `created_by`, `updated_by`, `created_at`, `updated_at`, `deleted_at`)
VALUES
	(1,2,1,163,0,1,1,'2023-04-15 14:09:28','2023-04-15 15:07:24',NULL),
	(2,2,20,163,0,1,1,'2023-04-15 14:12:33','2023-04-17 11:04:53',NULL);



# Dump of table teams
# ------------------------------------------------------------

CREATE TABLE `teams` (
  `id` bigint unsigned NOT NULL AUTO_INCREMENT,
  `code` varchar(255) CHARACTER SET utf8mb4 COLLATE utf8mb4_unicode_ci NOT NULL,
  `program_id` bigint unsigned NOT NULL,
  `name` varchar(255) CHARACTER SET utf8mb4 COLLATE utf8mb4_unicode_ci DEFAULT NULL,
  `status` tinyint(1) NOT NULL DEFAULT '1',
  `created_by` bigint unsigned NOT NULL,
  `updated_by` bigint unsigned DEFAULT NULL,
  `created_at` timestamp NULL DEFAULT NULL,
  `updated_at` timestamp NULL DEFAULT NULL,
  `deleted_at` timestamp NULL DEFAULT NULL,
  PRIMARY KEY (`id`)
) ENGINE=InnoDB DEFAULT CHARSET=utf8mb4 COLLATE=utf8mb4_unicode_ci;


INSERT INTO `teams` (`id`, `code`, `program_id`, `name`, `status`, `created_by`, `updated_by`, `created_at`, `updated_at`, `deleted_at`)
VALUES
	(1,'7XL7F',2,'Northern Smart Group',0,1,1,'2023-04-15 11:11:32','2023-04-17 11:04:18',NULL),
	(2,'05DWA',2,' UNICEF Team One',1,1,NULL,'2023-04-15 12:07:02','2023-04-15 12:07:02',NULL);



# Dump of table user_profiles
# ------------------------------------------------------------

CREATE TABLE `user_profiles` (
  `id` bigint unsigned NOT NULL AUTO_INCREMENT,
  `company_name` varchar(254) CHARACTER SET utf8mb4 COLLATE utf8mb4_unicode_ci DEFAULT NULL,
  `contact` char(20) CHARACTER SET utf8mb4 COLLATE utf8mb4_unicode_ci DEFAULT NULL,
  `website` text CHARACTER SET utf8mb4 COLLATE utf8mb4_unicode_ci,
  `avatar_full_path` text CHARACTER SET utf8mb4 COLLATE utf8mb4_unicode_ci,
  `avatar` text CHARACTER SET utf8mb4 COLLATE utf8mb4_unicode_ci,
  `user_id` bigint unsigned NOT NULL,
  `created_at` timestamp NULL DEFAULT NULL,
  `updated_at` timestamp NULL DEFAULT NULL,
  PRIMARY KEY (`id`),
  KEY `user_profiles_user_id_foreign` (`user_id`),
  CONSTRAINT `user_profiles_user_id_foreign` FOREIGN KEY (`user_id`) REFERENCES `users` (`id`) ON DELETE CASCADE ON UPDATE CASCADE
) ENGINE=InnoDB DEFAULT CHARSET=utf8mb4 COLLATE=utf8mb4_unicode_ci;


INSERT INTO `user_profiles` (`id`, `company_name`, `contact`, `website`, `avatar_full_path`, `avatar`, `user_id`, `created_at`, `updated_at`)
VALUES
	(1,'Cook Island','0557205684','http://google.com','http://127.0.0.1:8001/storage/1/avatar/1637373740.jpg','1637373740.jpg',1,NULL,'2021-12-02 08:15:10'),
	(8,'Ministry of Internal Affairs',NULL,NULL,NULL,NULL,8,'2021-11-23 12:22:01','2021-12-02 16:32:33'),
	(14,NULL,NULL,NULL,NULL,NULL,14,'2021-12-07 19:58:30','2021-12-07 19:58:30'),
	(15,NULL,NULL,NULL,NULL,NULL,15,'2022-01-20 18:06:11','2022-01-20 18:06:11'),
	(16,NULL,NULL,NULL,NULL,NULL,16,'2022-01-30 13:47:02','2022-01-30 13:47:02'),
	(17,NULL,NULL,NULL,NULL,NULL,17,'2022-02-09 10:08:52','2022-02-09 10:08:52');



# Dump of table user_saved_reports
# ------------------------------------------------------------

CREATE TABLE `user_saved_reports` (
  `id` int NOT NULL AUTO_INCREMENT,
  `user_id` int DEFAULT NULL,
  `tablename` varchar(50) DEFAULT NULL,
  `title` varchar(200) DEFAULT NULL,
  `querystring` text,
  `displayfields` json DEFAULT NULL,
  `data` text,
  `report_data` json DEFAULT NULL,
  `created_at` datetime DEFAULT NULL,
  `updated_at` datetime DEFAULT NULL,
  `chart_type` varchar(50) DEFAULT NULL,
  `groupedby` varchar(50) DEFAULT NULL,
  `report_title` varchar(255) DEFAULT NULL,
  PRIMARY KEY (`id`)
) ENGINE=InnoDB DEFAULT CHARSET=latin1;


INSERT INTO `user_saved_reports` (`id`, `user_id`, `tablename`, `title`, `querystring`, `displayfields`, `data`, `report_data`, `created_at`, `updated_at`, `chart_type`, `groupedby`, `report_title`)
VALUES
	(2,8,'Beneficiaries','List of Beneficiaries','select `Benefit_Title`, `first_names`, `surnames`, `dobs`, `Gender`, `Island` from `beneficiaries_list_view`','\"[\\\"Gender\\\"]\"',NULL,'{\"data\": \"Beneficiaries\", \"view\": \"raw\", \"value\": [null], \"filter\": [null], \"condition\": [\"<\"], \"groupedby\": null, \"reportfields\": [\"Benefit_Title\", \"first_names\", \"surnames\", \"dobs\", \"Gender\", \"Island\"]}','2022-01-18 11:31:52','2022-01-18 11:31:52',NULL,NULL,NULL),
	(3,8,'Beneficiaries','LIST OF BENEFICIARIES','select `surnames`, `first_names`, `date_of_birth`, `Gender`, `Island`, `Benefit_Title` from `beneficiaries_list_view`','\"[\\\"surnames\\\",\\\"first_names\\\",\\\"date_of_birth\\\",\\\"Gender\\\",\\\"Island\\\",\\\"Benefit_Title\\\"]\"',NULL,'{\"data\": \"Beneficiaries\", \"view\": \"raw\", \"value\": [null], \"filter\": [null], \"condition\": [\"<\"], \"groupedby\": null, \"report_title\": \"LIST OF BENEFICIARIES\", \"reportfields\": [\"surnames\", \"first_names\", \"date_of_birth\", \"Gender\", \"Island\", \"Benefit_Title\"]}','2022-01-19 09:48:03','2022-01-19 09:48:03',NULL,NULL,NULL),
	(11,8,'Beneficiaries','LIST OF BENEFICIARIES','select `Benefit_Title`, `first_names`, `surnames`, `date_of_birth`, `Island` from `beneficiaries_list_view`','\"[\\\"Benefit_Title\\\",\\\"first_names\\\",\\\"surnames\\\",\\\"date_of_birth\\\",\\\"Island\\\"]\"',NULL,'{\"data\": \"Beneficiaries\", \"view\": \"raw\", \"value\": [null], \"filter\": [null], \"condition\": [\"<\"], \"groupedby\": null, \"report_title\": \"LIST OF BENEFICIARIES\", \"reportfields\": [\"Benefit_Title\", \"first_names\", \"surnames\", \"date_of_birth\", \"Island\"]}','2022-01-20 19:02:59','2022-01-20 19:02:59',NULL,NULL,NULL);



# Dump of table users
# ------------------------------------------------------------

CREATE TABLE `users` (
  `id` bigint unsigned NOT NULL AUTO_INCREMENT,
  `name` varchar(255) CHARACTER SET utf8mb4 COLLATE utf8mb4_unicode_ci NOT NULL,
  `firstname` varchar(255) CHARACTER SET utf8mb4 COLLATE utf8mb4_unicode_ci NOT NULL,
  `othername` varchar(255) CHARACTER SET utf8mb4 COLLATE utf8mb4_unicode_ci DEFAULT NULL,
  `phone` varchar(255) CHARACTER SET utf8mb4 COLLATE utf8mb4_unicode_ci NOT NULL,
  `email` varchar(255) CHARACTER SET utf8mb4 COLLATE utf8mb4_unicode_ci DEFAULT NULL,
  `dob` date DEFAULT NULL,
  `account_verified_at` timestamp NULL DEFAULT NULL,
  `email_verified_at` timestamp NULL DEFAULT NULL,
  `password` varchar(255) CHARACTER SET utf8mb4 COLLATE utf8mb4_unicode_ci NOT NULL,
  `applicant_number` varchar(255) CHARACTER SET utf8mb4 COLLATE utf8mb4_unicode_ci DEFAULT NULL,
  `two_factor_secret` text CHARACTER SET utf8mb4 COLLATE utf8mb4_unicode_ci,
  `two_factor_recovery_codes` text CHARACTER SET utf8mb4 COLLATE utf8mb4_unicode_ci,
  `remember_token` varchar(100) CHARACTER SET utf8mb4 COLLATE utf8mb4_unicode_ci DEFAULT NULL,
  `current_team_id` bigint unsigned DEFAULT NULL,
  `profile_photo_path` varchar(2048) CHARACTER SET utf8mb4 COLLATE utf8mb4_unicode_ci DEFAULT NULL,
  `username` varchar(255) CHARACTER SET utf8mb4 COLLATE utf8mb4_unicode_ci DEFAULT NULL,
  `gender` bigint unsigned DEFAULT NULL,
  `verification_code` char(4) CHARACTER SET utf8mb4 COLLATE utf8mb4_unicode_ci DEFAULT NULL,
  `api_token` varchar(100) CHARACTER SET utf8mb4 COLLATE utf8mb4_unicode_ci DEFAULT NULL,
  `role_id` int DEFAULT NULL,
  `is_admin` tinyint(1) DEFAULT '0',
  `last_login` datetime DEFAULT NULL,
  `pending_application` char(255) CHARACTER SET utf8mb4 COLLATE utf8mb4_unicode_ci DEFAULT '0',
  `created_at` timestamp NULL DEFAULT NULL,
  `updated_at` timestamp NULL DEFAULT NULL,
  `created_by` bigint unsigned DEFAULT NULL,
  `updated_by` bigint unsigned DEFAULT NULL,
  `intro` text CHARACTER SET utf8mb4 COLLATE utf8mb4_unicode_ci,
  `office_id` int DEFAULT NULL,
  `password_expiry_days` tinyint DEFAULT NULL,
  `password_changed_at` datetime DEFAULT NULL,
  `deleted_at` datetime DEFAULT NULL,
  `deleted_by` int DEFAULT NULL,
  `deactivated_at` datetime DEFAULT NULL,
  `status` tinyint(1) DEFAULT '1',
  `force_logout` tinyint(1) DEFAULT '0',
  PRIMARY KEY (`id`),
  UNIQUE KEY `users_email_unique` (`email`),
  UNIQUE KEY `api` (`api_token`)
) ENGINE=InnoDB DEFAULT CHARSET=utf8mb4 COLLATE=utf8mb4_unicode_ci;


INSERT INTO `users` (`id`, `name`, `firstname`, `othername`, `phone`, `email`, `dob`, `account_verified_at`, `email_verified_at`, `password`, `applicant_number`, `two_factor_secret`, `two_factor_recovery_codes`, `remember_token`, `current_team_id`, `profile_photo_path`, `username`, `gender`, `verification_code`, `api_token`, `role_id`, `is_admin`, `last_login`, `pending_application`, `created_at`, `updated_at`, `created_by`, `updated_by`, `intro`, `office_id`, `password_expiry_days`, `password_changed_at`, `deleted_at`, `deleted_by`, `deactivated_at`, `status`, `force_logout`)
VALUES
	(1,'Sowa','Alfred','Adjei','0501375120','admin@bewsys.dev','1990-03-06','2022-02-01 10:43:16','2022-12-14 13:25:24','$2y$10$S/fmXfV4nk337n3pg5L28.myWTqnjIdOHtXSmxExHpkXCdeFoRVd.',NULL,NULL,NULL,'poQ20UurQ8jnrkbRqlkzStOqUuGzH03FW3oFZaAkxxKb9YFjIFDv1SDNbIIs',1,NULL,'blackman',1,NULL,'38yaoi9sm27CSn48TMUYdkTsfO7XIX90M8QekUUi',2,1,'2023-04-17 10:09:10','0','2021-11-21 22:37:10','2023-04-17 10:09:10',NULL,1,'Lorem ipsum dolor sit amet consectetur adipisicing elit. Quidem, vero ipsam nam dolorem reiciendis dolore ratione quas optio explicabo veniam sequi dicta expedita veritatis beatae asperiores, sunt sint minima recusandae?',9,NULL,'2022-02-09 12:20:43',NULL,NULL,NULL,1,1),
	(2,'Doe','Johnny',NULL,'0501375100','user@bewsys.dev','1989-12-28','2022-02-01 10:43:30',NULL,'$2y$10$zEqg1BfSqDqJrEpk0HbXru/ch8uSQWp.It3n1eDwVqT/Nyo2KWQRW',NULL,NULL,NULL,NULL,1,NULL,'onejon',1,NULL,NULL,3,1,NULL,'0','2021-12-01 18:35:50','2023-01-26 23:09:31',NULL,1,'Hi There!',10,90,'2022-02-02 18:24:46',NULL,NULL,NULL,1,0),
	(20,'Doe','John','Taylor','0501375125','rockyboy@mail.com','1989-12-28','2023-03-21 17:40:30','2023-03-21 17:40:30','$2y$10$XALHIvRoE6sPiMsSS6rlauUyBM2OHJl.HS5I5J5wEviLUWikMYLJa',NULL,NULL,NULL,NULL,NULL,NULL,'rockjoe',1,NULL,NULL,NULL,1,'2023-03-21 17:40:30','0','2022-09-22 14:20:06','2023-03-21 17:40:30',1,1,'Testing',NULL,NULL,NULL,NULL,NULL,NULL,1,0),
	(21,'Hanson','David',NULL,'0557205684','handav@mail.com','1971-07-22','2022-12-12 12:40:07',NULL,'$2y$10$QMjs1wfA3UI.LnFI9i2toeAmzHfDQGDPljIbR3UD/du.VzPBZ.wUW','MANG-19930616-1-007',NULL,NULL,'6WBgG0nwwYVanKhCmcwDYekhZwNHmyHHZ8kupvJb04XougSU6EJC5hnujuu2',NULL,NULL,NULL,1,NULL,NULL,7,0,NULL,NULL,'2022-12-12 11:42:51','2023-02-01 08:10:34',NULL,1,'I am free to join',NULL,NULL,NULL,NULL,NULL,NULL,1,0),
	(22,'Arthur','Phidelia',NULL,'+233501375120','phil@gmail.com',NULL,NULL,NULL,'$2y$10$iMLP6gaJ2.IHr4pmZiStWuw4B9jFrh6/qap.4cxw510sdKhFhDhnW',NULL,NULL,NULL,NULL,NULL,NULL,NULL,NULL,'KWEC',NULL,NULL,0,NULL,'0','2022-12-14 14:03:56','2023-01-27 09:25:16',NULL,NULL,NULL,NULL,NULL,NULL,NULL,NULL,NULL,1,0),
	(23,'Jackson','Michael',NULL,'0501375129','mkj@mail.com','1971-07-22','2023-01-19 08:50:27',NULL,'$2y$10$k8pbAFqIbwlXIfYypovtQeHNK4pBLSfyTVeVdoqtI.IEYOSHlTzVy',NULL,NULL,NULL,NULL,NULL,NULL,NULL,1,NULL,'KR86Ovps8o8GKTUIgFHOHiqGcjhjYLpVZ65lthA4SHeT1RCzGiP76cdutZRh',NULL,0,NULL,'0','2023-01-11 16:35:01','2023-03-21 18:12:07',NULL,1,'Hello',NULL,NULL,NULL,NULL,NULL,NULL,1,0),
	(24,'Aaron Hayden','Kessie','Ivan Bishop','02427433133','wetegovin@mailinator.com','2015-10-18',NULL,NULL,'$2y$10$cbZOLN.t5n1ajUXnO1YzYuUOkKGFf44urvtDcFaIg6d.CL6.8I8aC',NULL,NULL,NULL,'4EgT89k0brXEhD9vcRBVW1jDYXsYBzGpThwJJF4pjXfzGX2Z6LJbEUgmjoaL',NULL,NULL,'sohicaweq',1,NULL,NULL,NULL,0,NULL,'0','2023-04-12 08:32:36','2023-04-12 08:53:08',1,NULL,'Tempor ut doloremque',NULL,NULL,NULL,NULL,NULL,NULL,1,0),
	(25,'House','Uriah','Jemima Barnes','0501375100','jafe@mailinator.com','2015-11-20',NULL,NULL,'$2y$10$BRgnImlUfo4H5dYjVV4efOa3/dFZqtWEBE00MIuLt1.oY/i0MQG3m',NULL,NULL,NULL,NULL,NULL,NULL,'safuzyk',2,NULL,NULL,NULL,1,NULL,'0','2023-04-12 11:18:38','2023-04-12 11:18:38',1,NULL,'Elit aliqua Nihil',NULL,NULL,NULL,NULL,NULL,NULL,1,0),
	(26,'Mack','Jareda','Isadora','08238986767','joruweto@mailinator.com','1995-11-06',NULL,NULL,'$2y$10$6YzLo7dLzlXB1zlOzBqIhOLSgoKEce287xfMYh1Bd0id7usGU/qpe',NULL,NULL,NULL,NULL,NULL,NULL,'mack',2,NULL,NULL,NULL,0,NULL,'0','2023-04-12 11:23:25','2023-04-12 11:23:25',1,NULL,'Sunt irure rerum lab',NULL,NULL,NULL,NULL,NULL,NULL,1,0),
	(27,'Norton','Kathleen','Roary','+15631024305','fitubipek@mailinator.com','2006-10-24','2023-04-12 11:56:33',NULL,'$2y$10$2dzx49XMmmLe0Ugy6DDxe.MllF7LAKzgcRJWPf/vIGqg95K.Nk./K',NULL,NULL,NULL,NULL,NULL,NULL,'hywosybyp',2,NULL,NULL,NULL,0,NULL,'0','2023-04-12 11:56:33','2023-04-12 11:56:33',1,NULL,'Ab autem aliquid ut',NULL,NULL,NULL,NULL,NULL,NULL,1,0),
	(28,'Mann','Summer',NULL,'+2335013751299','niqaxaruce@mailinator.com',NULL,NULL,NULL,'$2y$10$pglBIBVRVxQzQfySiCOJnupN8HbwNe0oriPDKCidKbDyLVU3qWaVW',NULL,NULL,NULL,NULL,NULL,NULL,NULL,NULL,'VQI8','dXn8vGwVeI2dYTPjwQkzIpyFTc5wYXsxj5qcGkvuxSPzVyLWF13grTFQXWfK',NULL,0,NULL,'0','2023-04-12 12:00:25','2023-04-12 12:00:25',NULL,NULL,NULL,NULL,NULL,NULL,NULL,NULL,NULL,1,0),
	(29,'Sutton','Wang',NULL,'+233501375124','dibibuxyko@mailinator.com',NULL,NULL,NULL,'$2y$10$TgJF0zR/Fu.vGaX4tIv7Zu04/GAVvFd4Gt8viWgwiLcCuuMJ4XzKm',NULL,NULL,NULL,NULL,NULL,NULL,NULL,NULL,'F8XC','nYIZL3lCDkGSBuWdKQeisdlx2DGCADK6lpbhNMeiBdfpuP2dCTxEmNtGOxRE',NULL,0,NULL,'0','2023-04-12 12:07:29','2023-04-12 12:07:29',NULL,NULL,NULL,NULL,NULL,NULL,NULL,NULL,NULL,1,0);




